Sid Gifari From Gifari Industries - BD Cyber Security Team
Home
/
usr
/
local
/
apache
/
domlogs
/
saugatde
/
✏️
Editing: betterchitwan.com.saugatdevkota.com-ssl_log
79.127.154.77 - - [15/Mar/2026:17:56:13 +0545] "POST /xmlrpc.php HTTP/1.1" 200 3100 "-" "Mozilla/5.0 (Macintosh; Intel Mac OS X 10_15_7) AppleWebKit/537.36 (KHTML, like Gecko) Chrome/131.0.0.0 Safari/537.36"
152.233.20.55 - - [15/Mar/2026:17:56:21 +0545] "POST /xmlrpc.php HTTP/1.1" 200 109 "-" "Mozilla/5.0 (X11; Linux x86_64) AppleWebKit/537.36 (KHTML, like Gecko) Chrome/81.0.4044.129 Safari/537.36"
170.246.53.139 - - [15/Mar/2026:17:56:51 +0545] "GET / HTTP/1.1" 301 0 "-" "python-requests/2.32.3"
2a01:4f9:5a:1745::2 - - [15/Mar/2026:17:58:07 +0545] "POST /wp-cron.php?doing_wp_cron=1773576787.4332199096679687500000 HTTP/1.1" 200 0 "-" "WordPress/6.9.4; https://www.betterchitwan.com"
51.92.52.146 - - [15/Mar/2026:17:58:06 +0545] "POST /xmlrpc.php HTTP/1.1" 200 106 "-" "Mozilla/5.0 (Windows NT 6.1; Win64; x64) AppleWebKit/537.36 (KHTML, like Gecko) Chrome/80.0.3987.149 Safari/537.36"
161.153.112.65 - - [15/Mar/2026:17:58:12 +0545] "GET /wp-login.php?redirect_to=https%3A%2F%2Fbetterchitwan.com%2Fwp-admin%2F&reauth=1 HTTP/1.1" 200 1049 "-" "Mozilla/5.0 (Macintosh; Intel Mac OS X 13_6_1) AppleWebKit/537.36 (KHTML, like Gecko) Chrome/121.0.0.0 Safari/537.36"
161.153.112.65 - - [15/Mar/2026:17:58:27 +0545] "GET /wp-admin/ HTTP/1.1" 200 12421 "https://duckduckgo.com/" "Mozilla/5.0 (Windows NT 11.0; Win64; x64; rv:119.0) Gecko/20100101 Firefox/119.0"
2a01:4f9:5a:1745::2 - - [15/Mar/2026:17:59:01 +0545] "POST /wp-admin/admin-ajax.php?action=async_litespeed&nonce=661b1bd860&litespeed_type=imgoptm HTTP/1.1" 200 5 "-" "WordPress/6.9.4; https://www.betterchitwan.com"
114.119.128.196 - - [15/Mar/2026:17:59:12 +0545] "GET /upahaar-nyano-maya-2023-2/418937370_692878539635981_462420192061987071_n HTTP/1.1" 404 796 "-" "Mozilla/5.0 (Linux; Android 7.0;) AppleWebKit/537.36 (KHTML, like Gecko) Mobile Safari/537.36 (compatible; PetalBot;+https://webmaster.petalsearch.com/site/petalbot)"
161.153.112.65 - - [15/Mar/2026:17:59:30 +0545] "GET /wp-admin/ HTTP/1.1" 200 12424 "https://www.google.com/" "Mozilla/5.0 (Macintosh; Intel Mac OS X 13_6_1; rv:121.0) Gecko/20100101 Firefox/121.0"
114.119.154.89 - - [15/Mar/2026:18:00:13 +0545] "GET /?sitemap665.xml HTTP/1.1" 301 0 "-" "Mozilla/5.0 (Linux; Android 7.0;) AppleWebKit/537.36 (KHTML, like Gecko) Mobile Safari/537.36 (compatible; PetalBot;+https://webmaster.petalsearch.com/site/petalbot)"
114.119.154.89 - - [15/Mar/2026:18:00:17 +0545] "GET /?sitemap665_xml HTTP/1.1" 200 23086 "-" "Mozilla/5.0 (Linux; Android 7.0;) AppleWebKit/537.36 (KHTML, like Gecko) Mobile Safari/537.36 (compatible; PetalBot;+https://webmaster.petalsearch.com/site/petalbot)"
114.119.146.77 - - [15/Mar/2026:18:00:38 +0545] "GET /pin-up-casino-azrbaycan-470/ HTTP/1.1" 404 796 "http://www.betterchitwan.com/" "Mozilla/5.0 (Linux; Android 7.0;) AppleWebKit/537.36 (KHTML, like Gecko) Mobile Safari/537.36 (compatible; PetalBot;+https://webmaster.petalsearch.com/site/petalbot)"
45.156.248.112 - - [15/Mar/2026:18:04:51 +0545] "POST /xmlrpc.php HTTP/1.1" 200 108 "-" "Mozilla/5.0 (Windows NT 10.0; Win64; x64) AppleWebKit/537.36 (KHTML, like Gecko) Chrome/70.0.3538.102 Safari/537.36 Edge/18.18362"
2a01:4f9:5a:1745::2 - - [15/Mar/2026:18:05:38 +0545] "POST /wp-admin/admin-ajax.php?action=async_litespeed&nonce=661b1bd860&litespeed_type=imgoptm HTTP/1.1" 200 5 "-" "WordPress/6.9.4; https://www.betterchitwan.com"
192.178.6.68 - - [15/Mar/2026:18:09:58 +0545] "GET /events/tag/youthwan2022/list/?tribe-bar-date=2022-12-08&eventDisplay=past HTTP/1.1" 404 796 "-" "Mozilla/5.0 (Linux; Android 6.0.1; Nexus 5X Build/MMB29P) AppleWebKit/537.36 (KHTML, like Gecko) Chrome/145.0.7632.116 Mobile Safari/537.36 (compatible; Googlebot/2.1; +http://www.google.com/bot.html)"
146.70.184.93 - - [15/Mar/2026:18:12:23 +0545] "GET /wp-admin/ HTTP/1.1" 302 0 "https://www.google.com" "Mozilla/5.0 (Windows NT 10.0; Win64; x64) AppleWebKit/537.36 (KHTML, like Gecko) Chrome/90.0.4430.85 Safari/537.36"
148.116.72.171 - - [15/Mar/2026:17:54:59 +0545] "GET /administrator/ HTTP/1.1" 200 12423 "http://cpanel.betterchitwan.com/administrator/" "Mozilla/5.0 (iPad; CPU OS 17_4 like Mac OS X) AppleWebKit/605.1.15 Mobile/15E148"
148.116.72.171 - - [15/Mar/2026:17:54:59 +0545] "GET /admin HTTP/1.1" 200 12424 "http://cpanel.betterchitwan.com/admin" "Mozilla/5.0 (Macintosh; Intel Mac OS X 13_5_1) AppleWebKit/605.1.15 Safari/605.1.15"
148.116.72.171 - - [15/Mar/2026:17:55:00 +0545] "GET /login HTTP/1.1" 401 12417 "http://cpanel.betterchitwan.com/login" "Mozilla/5.0 (Windows NT 10.0; Win64; x64) AppleWebKit/537.36 Chrome/116.0 Safari/537.36"
148.116.72.171 - - [15/Mar/2026:17:55:00 +0545] "GET /admin HTTP/1.1" 200 12428 "http://cpanel.betterchitwan.com/admin" "Mozilla/5.0 (iPad; CPU OS 17_4 like Mac OS X) AppleWebKit/605.1.15 Mobile/15E148"
161.153.112.65 - - [15/Mar/2026:17:59:00 +0545] "GET /wp-admin/ HTTP/1.1" 302 0 "https://www.facebook.com/" "Mozilla/5.0 (X11; Ubuntu; Linux x86_64) AppleWebKit/537.36 (KHTML, like Gecko) Chrome/121.0.0.0 Safari/537.36"
114.119.133.34 - - [15/Mar/2026:17:59:03 +0545] "GET /?sitemap459_xml HTTP/1.1" 200 23086 "-" "Mozilla/5.0 (Linux; Android 7.0;) AppleWebKit/537.36 (KHTML, like Gecko) Mobile Safari/537.36 (compatible; PetalBot;+https://webmaster.petalsearch.com/site/petalbot)"
161.153.112.65 - - [15/Mar/2026:17:59:20 +0545] "GET /wp-login.php HTTP/1.1" 200 974 "-" "Mozilla/5.0 (Windows NT 11.0; Win64; x64) AppleWebKit/537.36 (KHTML, like Gecko) Chrome/120.0.0.0 Safari/537.36"
2a01:4f9:5a:1745::2 - - [15/Mar/2026:17:59:52 +0545] "POST /wp-cron.php?doing_wp_cron=1773576892.1054639816284179687500 HTTP/1.1" 200 0 "-" "WordPress/6.9.4; https://www.betterchitwan.com"
114.119.152.60 - - [15/Mar/2026:18:02:40 +0545] "GET /lander?tribe-bar-date=2023-12-27 HTTP/1.1" 404 796 "-" "Mozilla/5.0 (Linux; Android 7.0;) AppleWebKit/537.36 (KHTML, like Gecko) Mobile Safari/537.36 (compatible; PetalBot;+https://webmaster.petalsearch.com/site/petalbot)"
192.178.6.68 - - [15/Mar/2026:18:03:58 +0545] "GET /events/list/?tribe-bar-date=2024-12-22&eventDisplay=past HTTP/1.1" 404 796 "-" "Mozilla/5.0 (Linux; Android 6.0.1; Nexus 5X Build/MMB29P) AppleWebKit/537.36 (KHTML, like Gecko) Chrome/145.0.7632.116 Mobile Safari/537.36 (compatible; Googlebot/2.1; +http://www.google.com/bot.html)"
129.226.174.80 - - [15/Mar/2026:18:05:38 +0545] "GET / HTTP/1.1" 200 22902 "https://betterchitwan.com/" "Mozilla/5.0 (iPhone; CPU iPhone OS 13_2_3 like Mac OS X) AppleWebKit/605.1.15 (KHTML, like Gecko) Version/13.0.3 Mobile/15E148 Safari/604.1"
114.119.146.77 - - [15/Mar/2026:18:10:55 +0545] "GET /events/tag/wow-women-2023/day/2023-08-09/ HTTP/1.1" 404 796 "https://www.betterchitwan.com/events/tag/wow-women-2023/day/2023-08-09" "Mozilla/5.0 (Linux; Android 7.0;) AppleWebKit/537.36 (KHTML, like Gecko) Mobile Safari/537.36 (compatible; PetalBot;+https://webmaster.petalsearch.com/site/petalbot)"
2a01:4f9:5a:1745::2 - - [15/Mar/2026:18:13:15 +0545] "POST /wp-cron.php?doing_wp_cron=1773577695.5428938865661621093750 HTTP/1.1" 200 0 "-" "WordPress/6.9.4; https://www.betterchitwan.com"
155.212.39.172 - - [15/Mar/2026:18:13:13 +0545] "POST /xmlrpc.php HTTP/1.1" 200 109 "-" "WordPress/XMLRPC Client"
5.62.20.8 - - [15/Mar/2026:18:15:29 +0545] "POST /xmlrpc.php HTTP/1.1" 200 2892 "-" "Mozilla/5.0 (Macintosh; Intel Mac OS X 12_5) AppleWebKit/537.36 (KHTML, like Gecko) Chrome/114.0.0.0 Safari/537.36 Edg/114.0.1264.71"
191.5.154.30 - - [15/Mar/2026:18:18:02 +0545] "GET /wp-login.php HTTP/1.1" 200 974 "-" "Mozilla/5.0 (Windows NT 10.0; Win64; x64) AppleWebKit/537.36 (KHTML, like Gecko) Chrome/145.0.0.0 Safari/537.36"
2a01:4f9:5a:1745::2 - - [15/Mar/2026:18:18:05 +0545] "POST /wp-cron.php?doing_wp_cron=1773577985.6706039905548095703125 HTTP/1.1" 200 0 "-" "WordPress/6.9.4; https://www.betterchitwan.com"
148.116.72.171 - - [15/Mar/2026:17:54:59 +0545] "GET /user/login HTTP/1.1" 200 12429 "http://cpanel.betterchitwan.com/user/login" "Mozilla/5.0 (Windows NT 10.0; Win64; x64) AppleWebKit/537.36 Chrome/116.0 Safari/537.36"
152.233.20.55 - - [15/Mar/2026:17:56:20 +0545] "POST /xmlrpc.php HTTP/1.1" 200 3098 "-" "Mozilla/5.0 (X11; Linux x86_64) AppleWebKit/537.36 (KHTML, like Gecko) Chrome/81.0.4044.129 Safari/537.36"
170.246.53.139 - better.sdtech [15/Mar/2026:17:57:19 +0545] "GET /wp-json/wp/v2/settings HTTP/1.1" 404 796 "-" "python-requests/2.32.3"
161.153.112.65 - - [15/Mar/2026:17:57:56 +0545] "GET /wp-login.php HTTP/1.1" 200 974 "https://t.co/" "Mozilla/5.0 (Macintosh; Intel Mac OS X 10_15_7; rv:118.0) Gecko/20100101 Firefox/118.0"
161.153.112.65 - - [15/Mar/2026:17:58:37 +0545] "GET /wp-admin/ HTTP/1.1" 401 53 "-" "Mozilla/5.0 (X11; Linux x86_64) AppleWebKit/537.36 (KHTML, like Gecko) Chrome/118.0.0.0 Safari/537.36"
161.153.112.65 - - [15/Mar/2026:17:58:27 +0545] "GET /wp-login.php HTTP/1.1" 200 974 "-" "Mozilla/5.0 (Windows NT 11.0; Win64; x64; rv:120.0) Gecko/20100101 Firefox/120.0"
114.119.133.34 - - [15/Mar/2026:17:58:59 +0545] "GET /?sitemap459.xml HTTP/1.1" 301 0 "-" "Mozilla/5.0 (Linux; Android 7.0;) AppleWebKit/537.36 (KHTML, like Gecko) Mobile Safari/537.36 (compatible; PetalBot;+https://webmaster.petalsearch.com/site/petalbot)"
161.153.112.65 - - [15/Mar/2026:17:59:16 +0545] "GET /wp-admin/ HTTP/1.1" 401 53 "https://wordpress.org/" "Mozilla/5.0 (Macintosh; Intel Mac OS X 10_15_7; rv:118.0) Gecko/20100101 Firefox/118.0"
161.153.112.65 - - [15/Mar/2026:17:59:40 +0545] "GET /wp-login.php HTTP/1.1" 200 974 "https://www.bing.com/" "Mozilla/5.0 (X11; Ubuntu; Linux x86_64) AppleWebKit/537.36 (KHTML, like Gecko) Chrome/120.0.0.0 Safari/537.36"
2a01:4f9:5a:1745::2 - - [15/Mar/2026:18:00:14 +0545] "POST /wp-cron.php?doing_wp_cron=1773576913.9642009735107421875000 HTTP/1.1" 200 0 "-" "WordPress/6.9.4; https://www.betterchitwan.com"
161.153.112.65 - - [15/Mar/2026:17:58:38 +0545] "GET /wp-login.php HTTP/1.1" 200 974 "-" "Mozilla/5.0 (Windows NT 11.0; Win64; x64; rv:119.0) Gecko/20100101 Firefox/119.0"
114.119.131.235 - - [15/Mar/2026:18:09:35 +0545] "GET /events/tag/youth-motivators-club-ymc/day/2024-06-04/?outlook-ical=1 HTTP/1.1" 404 796 "https://www.betterchitwan.com/events/tag/youth-motivators-club-ymc/day/2024-06-04/" "Mozilla/5.0 (Linux; Android 7.0;) AppleWebKit/537.36 (KHTML, like Gecko) Mobile Safari/537.36 (compatible; PetalBot;+https://webmaster.petalsearch.com/site/petalbot)"
146.70.184.93 - - [15/Mar/2026:18:12:24 +0545] "GET /wp-login.php?redirect_to=https%3A%2F%2Fwww.betterchitwan.com%2Fwp-admin%2F&reauth=1 HTTP/1.1" 200 1052 "https://www.google.com" "Mozilla/5.0 (Windows NT 10.0; Win64; x64) AppleWebKit/537.36 (KHTML, like Gecko) Chrome/90.0.4430.85 Safari/537.36"
155.212.39.172 - - [15/Mar/2026:18:13:15 +0545] "GET /?p=9662 HTTP/1.1" 301 0 "-" "Mozilla/5.0 (Windows NT 10.0; Win64; x64) AppleWebKit/537.36 (KHTML, like Gecko) Chrome/120.0.0.0 Safari/537.36"
216.244.66.231 - - [15/Mar/2026:18:14:08 +0545] "GET /robots.txt HTTP/1.1" 200 109 "-" "Mozilla/5.0 (compatible; DotBot/1.2; +https://opensiteexplorer.org/dotbot; help@moz.com)"
2a01:4f9:5a:1745::2 - - [15/Mar/2026:18:15:27 +0545] "POST /wp-cron.php?doing_wp_cron=1773577827.0345289707183837890625 HTTP/1.1" 200 0 "-" "WordPress/6.9.4; https://www.betterchitwan.com"
103.170.158.234 - - [15/Mar/2026:18:17:27 +0545] "GET /wp-login.php?redirect_to=https%3A%2F%2Fwww.betterchitwan.com%2Fwp-admin%2F&reauth=1 HTTP/1.1" 200 1052 "https://www.betterchitwan.com/wp-admin/" "Mozilla/5.0 (Windows NT 10.0; Win64; x64) AppleWebKit/537.36 (KHTML, like Gecko) Chrome/145.0.0.0 Safari/537.36"
191.5.154.30 - - [15/Mar/2026:18:18:05 +0545] "GET /wp-admin/ HTTP/1.1" 302 0 "-" "Mozilla/5.0 (Windows NT 10.0; Win64; x64) AppleWebKit/537.36 (KHTML, like Gecko) Chrome/145.0.0.0 Safari/537.36"
148.116.72.171 - - [15/Mar/2026:17:54:58 +0545] "GET / HTTP/1.1" 200 12419 "http://cpanel.betterchitwan.com" "Mozilla/5.0 (iPad; CPU OS 17_4 like Mac OS X) AppleWebKit/605.1.15 Mobile/15E148"
148.116.72.171 - - [15/Mar/2026:17:54:58 +0545] "GET / HTTP/1.1" 200 12427 "http://cpanel.betterchitwan.com" "Go-http-client/2.0"
148.116.72.171 - - [15/Mar/2026:17:54:59 +0545] "GET /wp-login.php HTTP/1.1" 200 974 "http://cpanel.betterchitwan.com/wp-login.php" "Mozilla/5.0 (Windows NT 10.0; Win64; x64) AppleWebKit/537.36 Chrome/116.0 Safari/537.36"
148.116.72.171 - - [15/Mar/2026:17:54:59 +0545] "GET /wp-admin/ HTTP/1.1" 200 12423 "http://cpanel.betterchitwan.com/wp-admin/" "Mozilla/5.0 (Android 13; Mobile; rv:117.0) Gecko/117.0 Firefox/117.0"
14.165.219.239 - - [15/Mar/2026:17:54:59 +0545] "GET /sl2-2025/ HTTP/1.1" 404 796 "-" "Opera/9.49.(Windows 95; fr-LU) Presto/2.9.163 Version/12.00"
2a01:4f9:5a:1745::2 - - [15/Mar/2026:17:56:14 +0545] "POST /wp-cron.php?doing_wp_cron=1773576674.4358859062194824218750 HTTP/1.1" 200 0 "-" "WordPress/6.9.4; https://www.betterchitwan.com"
79.127.154.77 - - [15/Mar/2026:17:56:15 +0545] "POST /xmlrpc.php HTTP/1.1" 200 106 "-" "Mozilla/5.0 (Macintosh; Intel Mac OS X 10_15_7) AppleWebKit/537.36 (KHTML, like Gecko) Chrome/131.0.0.0 Safari/537.36"
2a01:4f9:5a:1745::2 - - [15/Mar/2026:17:56:55 +0545] "GET /wp-content/uploads/2019/11/divider.svg HTTP/1.1" 404 796 "-" "-"
170.246.53.139 - - [15/Mar/2026:17:56:53 +0545] "GET / HTTP/1.1" 200 26899 "-" "python-requests/2.32.3"
170.246.53.139 - better.sdtech [15/Mar/2026:17:56:57 +0545] "GET /wp-json/wp/v2/themes?status=active HTTP/1.1" 404 796 "-" "python-requests/2.32.3"
161.153.112.65 - - [15/Mar/2026:17:58:10 +0545] "GET /wp-admin/ HTTP/1.1" 302 0 "-" "Mozilla/5.0 (Macintosh; Intel Mac OS X 13_6_1) AppleWebKit/537.36 (KHTML, like Gecko) Chrome/121.0.0.0 Safari/537.36"
161.153.112.65 - - [15/Mar/2026:17:58:48 +0545] "GET /wp-login.php HTTP/1.1" 200 974 "https://t.co/" "Mozilla/5.0 (Macintosh; Intel Mac OS X 13_6_1) AppleWebKit/605.1.15 (KHTML, like Gecko) Version/17.1 Safari/605.1.15"
161.153.112.65 - - [15/Mar/2026:17:59:52 +0545] "GET /wp-login.php?redirect_to=https%3A%2F%2Fwww.betterchitwan.com%2Fwp-admin%2F&reauth=1 HTTP/1.1" 200 1052 "https://duckduckgo.com/" "Mozilla/5.0 (Macintosh; Intel Mac OS X 10_15_7) AppleWebKit/605.1.15 (KHTML, like Gecko) Version/17.0 Safari/605.1.15"
2a01:4f9:5a:1745::2 - - [15/Mar/2026:18:00:15 +0545] "POST /wp-admin/admin-ajax.php?action=async_litespeed&nonce=661b1bd860&litespeed_type=imgoptm HTTP/1.1" 200 5 "-" "WordPress/6.9.4; https://www.betterchitwan.com"
2a01:4f9:5a:1745::2 - - [15/Mar/2026:18:04:48 +0545] "POST /wp-admin/admin-ajax.php?action=async_litespeed&nonce=661b1bd860&litespeed_type=imgoptm HTTP/1.1" 200 5 "-" "WordPress/6.9.4; https://www.betterchitwan.com"
129.226.174.80 - - [15/Mar/2026:18:05:36 +0545] "GET / HTTP/1.1" 301 0 "http://betterchitwan.com" "Mozilla/5.0 (iPhone; CPU iPhone OS 13_2_3 like Mac OS X) AppleWebKit/605.1.15 (KHTML, like Gecko) Version/13.0.3 Mobile/15E148 Safari/604.1"
2a01:4f9:5a:1745::2 - - [15/Mar/2026:18:15:30 +0545] "POST /wp-cron.php?doing_wp_cron=1773577830.0291199684143066406250 HTTP/1.1" 200 0 "-" "WordPress/6.9.4; https://www.betterchitwan.com"
2a01:4f9:5a:1745::2 - - [15/Mar/2026:18:17:25 +0545] "POST /wp-cron.php?doing_wp_cron=1773577945.3603799343109130859375 HTTP/1.1" 200 0 "-" "WordPress/6.9.4; https://www.betterchitwan.com"
103.170.158.234 - - [15/Mar/2026:18:17:24 +0545] "GET /wp-admin/ HTTP/1.1" 302 0 "-" "Mozilla/5.0 (Windows NT 10.0; Win64; x64) AppleWebKit/537.36 (KHTML, like Gecko) Chrome/145.0.0.0 Safari/537.36"
191.5.154.30 - - [15/Mar/2026:18:17:55 +0545] "GET /wp-admin/ HTTP/1.1" 302 0 "-" "Mozilla/5.0 (Windows NT 10.0; Win64; x64) AppleWebKit/537.36 (KHTML, like Gecko) Chrome/145.0.0.0 Safari/537.36"
2a01:4f9:5a:1745::2 - - [15/Mar/2026:18:18:06 +0545] "POST /wp-admin/admin-ajax.php?action=async_litespeed&nonce=661b1bd860&litespeed_type=imgoptm HTTP/1.1" 200 5 "-" "WordPress/6.9.4; https://www.betterchitwan.com"
2a01:4f9:5a:1745::2 - - [15/Mar/2026:17:56:18 +0545] "POST /wp-cron.php?doing_wp_cron=1773576678.7319231033325195312500 HTTP/1.1" 200 0 "-" "WordPress/6.9.4; https://www.betterchitwan.com"
79.127.154.77 - - [15/Mar/2026:17:56:17 +0545] "POST /xmlrpc.php HTTP/1.1" 200 5442 "-" "Mozilla/5.0 (Macintosh; Intel Mac OS X 10_15_7) AppleWebKit/537.36 (KHTML, like Gecko) Chrome/131.0.0.0 Safari/537.36"
2a01:4f9:5a:1745::2 - - [15/Mar/2026:17:56:22 +0545] "POST /wp-cron.php?doing_wp_cron=1773576682.5548670291900634765625 HTTP/1.1" 200 0 "-" "WordPress/6.9.4; https://www.betterchitwan.com"
170.246.53.139 - - [15/Mar/2026:17:56:48 +0545] "POST /wp-login.php HTTP/1.1" 200 974 "-" "Mozilla/5.0 (Windows NT 10.0; Win64; x64) AppleWebKit/537.36 (KHTML, like Gecko) Chrome/91.0.4472.124 Safari/537.36"
170.246.53.139 - better.sdtech [15/Mar/2026:17:56:58 +0545] "GET /wp-json/wp/v2/themes HTTP/1.1" 404 796 "-" "python-requests/2.32.3"
170.246.53.139 - better.sdtech [15/Mar/2026:17:57:21 +0545] "GET /wp-json/wp/v2/posts?sticky=true&per_page=1 HTTP/1.1" 404 796 "-" "python-requests/2.32.3"
92.222.108.110 - - [15/Mar/2026:17:57:33 +0545] "GET /.lsrecap/recaptcha?post_type=tribe_events&eventDisplay=day&eventDate=2024-01-23 HTTP/1.1" 404 796 "-" "Mozilla/5.0 (compatible; AhrefsBot/7.0; +http://ahrefs.com/robot/)"
192.178.6.68 - - [15/Mar/2026:17:57:59 +0545] "GET /?p=9245 HTTP/1.1" 404 10641 "-" "Mozilla/5.0 (Linux; Android 6.0.1; Nexus 5X Build/MMB29P) AppleWebKit/537.36 (KHTML, like Gecko) Chrome/145.0.7632.116 Mobile Safari/537.36 (compatible; Googlebot/2.1; +http://www.google.com/bot.html)"
51.92.52.146 - - [15/Mar/2026:17:58:04 +0545] "POST /xmlrpc.php HTTP/1.1" 200 3100 "-" "Mozilla/5.0 (Windows NT 6.1; Win64; x64) AppleWebKit/537.36 (KHTML, like Gecko) Chrome/80.0.3987.149 Safari/537.36"
51.92.52.146 - - [15/Mar/2026:17:58:08 +0545] "POST /xmlrpc.php HTTP/1.1" 200 2864 "-" "Mozilla/5.0 (Windows NT 6.1; Win64; x64) AppleWebKit/537.36 (KHTML, like Gecko) Chrome/80.0.3987.149 Safari/537.36"
161.153.112.65 - - [15/Mar/2026:17:58:48 +0545] "GET /wp-admin/ HTTP/1.1" 401 53 "-" "Mozilla/5.0 (Windows NT 10.0; Win64; x64; rv:118.0) Gecko/20100101 Firefox/118.0"
2a01:4f9:5a:1745::2 - - [15/Mar/2026:17:59:00 +0545] "POST /wp-cron.php?doing_wp_cron=1773576840.5539178848266601562500 HTTP/1.1" 200 0 "-" "WordPress/6.9.4; https://www.betterchitwan.com"
45.156.248.112 - - [15/Mar/2026:18:04:46 +0545] "POST /xmlrpc.php HTTP/1.1" 200 3100 "-" "Mozilla/5.0 (Windows NT 10.0; Win64; x64) AppleWebKit/537.36 (KHTML, like Gecko) Chrome/70.0.3538.102 Safari/537.36 Edge/18.18362"
2a01:4f9:5a:1745::2 - - [15/Mar/2026:18:13:16 +0545] "POST /wp-admin/admin-ajax.php?action=async_litespeed&nonce=661b1bd860&litespeed_type=imgoptm HTTP/1.1" 200 5 "-" "WordPress/6.9.4; https://www.betterchitwan.com"
114.119.129.33 - - [15/Mar/2026:18:16:34 +0545] "GET /events/tag/earth-hour/list/?tribe-bar-date=2025-04-02&ical=1 HTTP/1.1" 404 796 "https://www.betterchitwan.com/events/tag/earth-hour/list/?tribe-bar-date=2025-04-02" "Mozilla/5.0 (Linux; Android 7.0;) AppleWebKit/537.36 (KHTML, like Gecko) Mobile Safari/537.36 (compatible; PetalBot;+https://webmaster.petalsearch.com/site/petalbot)"
103.170.158.234 - - [15/Mar/2026:18:17:22 +0545] "GET /wp-login.php HTTP/1.1" 200 974 "-" "Mozilla/5.0 (Windows NT 10.0; Win64; x64) AppleWebKit/537.36 (KHTML, like Gecko) Chrome/145.0.0.0 Safari/537.36"
103.170.158.234 - - [15/Mar/2026:18:17:45 +0545] "GET /wp-login.php?redirect_to=https%3A%2F%2Fwww.betterchitwan.com%2Fwp-admin%2F&reauth=1 HTTP/1.1" 200 1052 "https://www.betterchitwan.com/wp-admin/" "Mozilla/5.0 (Windows NT 10.0; Win64; x64) AppleWebKit/537.36 (KHTML, like Gecko) Chrome/145.0.0.0 Safari/537.36"
179.62.53.224 - - [15/Mar/2026:18:18:07 +0545] "GET /wp-admin/ HTTP/1.1" 302 0 "-" "Mozilla/5.0 (Windows NT 10.0; Win64; x64) AppleWebKit/537.36 (KHTML, like Gecko) Chrome/145.0.0.0 Safari/537.36"
148.116.72.171 - - [15/Mar/2026:17:55:00 +0545] "GET /login HTTP/1.1" 401 12412 "http://cpanel.betterchitwan.com/login" "Mozilla/5.0 (iPhone; CPU iPhone OS 17_4_1 like Mac OS X) AppleWebKit/605.1.15 Mobile/15E148"
152.233.20.55 - - [15/Mar/2026:17:56:23 +0545] "POST /xmlrpc.php HTTP/1.1" 200 2864 "-" "Mozilla/5.0 (X11; Linux x86_64) AppleWebKit/537.36 (KHTML, like Gecko) Chrome/81.0.4044.129 Safari/537.36"
161.153.112.65 - - [15/Mar/2026:17:57:49 +0545] "GET /wp-login.php HTTP/1.1" 200 974 "https://wordpress.org/" "Mozilla/5.0 (Windows NT 11.0; Win64; x64; rv:118.0) Gecko/20100101 Firefox/118.0"
161.153.112.65 - - [15/Mar/2026:17:57:49 +0545] "GET /wp-login.php HTTP/1.1" 200 974 "https://wordpress.org/" "Mozilla/5.0 (Windows NT 10.0; Win64; x64; rv:119.0) Gecko/20100101 Firefox/119.0"
2a01:4f9:5a:1745::2 - - [15/Mar/2026:17:58:02 +0545] "POST /wp-admin/admin-ajax.php?action=async_litespeed&nonce=661b1bd860&litespeed_type=imgoptm HTTP/1.1" 200 5 "-" "WordPress/6.9.4; https://www.betterchitwan.com"
161.153.112.65 - - [15/Mar/2026:17:58:00 +0545] "GET /wp-login.php HTTP/1.1" 200 974 "https://www.google.com/" "Mozilla/5.0 (X11; Linux x86_64) AppleWebKit/537.36 (KHTML, like Gecko) Chrome/120.0.0.0 Safari/537.36"
161.153.112.65 - - [15/Mar/2026:17:58:51 +0545] "GET /wp-login.php HTTP/1.1" 200 974 "https://www.google.com/" "Mozilla/5.0 (Macintosh; Intel Mac OS X 13_6_1; rv:120.0) Gecko/20100101 Firefox/120.0"
161.153.112.65 - - [15/Mar/2026:17:59:06 +0545] "GET /wp-login.php HTTP/1.1" 200 974 "https://www.bing.com/" "Mozilla/5.0 (Macintosh; Intel Mac OS X 13_6_1) AppleWebKit/605.1.15 (KHTML, like Gecko) Version/16.6 Safari/605.1.15"
2a01:4f9:5a:1745::2 - - [15/Mar/2026:18:04:52 +0545] "POST /wp-cron.php?doing_wp_cron=1773577192.8267219066619873046875 HTTP/1.1" 200 0 "-" "WordPress/6.9.4; https://www.betterchitwan.com"
2a01:4f9:5a:1745::2 - - [15/Mar/2026:18:05:37 +0545] "POST /wp-cron.php?doing_wp_cron=1773577237.5029799938201904296875 HTTP/1.1" 200 0 "-" "WordPress/6.9.4; https://www.betterchitwan.com"
114.119.152.60 - - [15/Mar/2026:18:06:30 +0545] "GET /lander?eventDisplay=past&tribe-bar-date=2025-04-19 HTTP/1.1" 404 796 "-" "Mozilla/5.0 (Linux; Android 7.0;) AppleWebKit/537.36 (KHTML, like Gecko) Mobile Safari/537.36 (compatible; PetalBot;+https://webmaster.petalsearch.com/site/petalbot)"
146.70.184.93 - - [15/Mar/2026:18:12:23 +0545] "POST /wp-login.php HTTP/1.1" 200 974 "https://www.betterchitwan.com/wp-admin/" "Mozilla/5.0 (Windows NT 10.0; Win64; x64) AppleWebKit/537.36 (KHTML, like Gecko) Chrome/90.0.4430.85 Safari/537.36"
2a01:4f9:5a:1745::2 - - [15/Mar/2026:18:12:24 +0545] "POST /wp-cron.php?doing_wp_cron=1773577644.5858440399169921875000 HTTP/1.1" 200 0 "-" "WordPress/6.9.4; https://www.betterchitwan.com"
2a01:4f9:5a:1745::2 - - [15/Mar/2026:18:17:26 +0545] "POST /wp-admin/admin-ajax.php?action=async_litespeed&nonce=661b1bd860&litespeed_type=imgoptm HTTP/1.1" 200 5 "-" "WordPress/6.9.4; https://www.betterchitwan.com"
103.170.158.234 - - [15/Mar/2026:18:17:42 +0545] "GET /wp-admin/ HTTP/1.1" 302 0 "-" "Mozilla/5.0 (Windows NT 10.0; Win64; x64) AppleWebKit/537.36 (KHTML, like Gecko) Chrome/145.0.0.0 Safari/537.36"
191.5.154.30 - - [15/Mar/2026:18:17:58 +0545] "GET /wp-login.php?redirect_to=https%3A%2F%2Fwww.betterchitwan.com%2Fwp-admin%2F&reauth=1 HTTP/1.1" 200 1052 "https://www.betterchitwan.com/wp-admin/" "Mozilla/5.0 (Windows NT 10.0; Win64; x64) AppleWebKit/537.36 (KHTML, like Gecko) Chrome/145.0.0.0 Safari/537.36"
1.47.197.156 - - [15/Mar/2026:18:17:56 +0545] "GET /wp-login.php?redirect_to=https%3A%2F%2Fwww.betterchitwan.com%2Fwp-admin%2F&reauth=1 HTTP/1.1" 200 1052 "https://www.betterchitwan.com/wp-admin/" "Mozilla/5.0 (Windows NT 10.0; Win64; x64) AppleWebKit/537.36 (KHTML, like Gecko) Chrome/145.0.0.0 Safari/537.36"
179.62.53.224 - - [15/Mar/2026:18:18:15 +0545] "GET /wp-login.php HTTP/1.1" 200 974 "-" "Mozilla/5.0 (Windows NT 10.0; Win64; x64) AppleWebKit/537.36 (KHTML, like Gecko) Chrome/145.0.0.0 Safari/537.36"
148.116.72.171 - - [15/Mar/2026:17:55:00 +0545] "GET /register HTTP/1.1" 200 12423 "http://cpanel.betterchitwan.com/register" "Mozilla/5.0 (iPad; CPU OS 17_4 like Mac OS X) AppleWebKit/605.1.15 Mobile/15E148"
2a01:4f9:5a:1745::2 - - [15/Mar/2026:17:56:15 +0545] "POST /wp-admin/admin-ajax.php?action=async_litespeed&nonce=661b1bd860&litespeed_type=imgoptm HTTP/1.1" 200 5 "-" "WordPress/6.9.4; https://www.betterchitwan.com"
170.246.53.139 - - [15/Mar/2026:17:56:48 +0545] "GET /wp-login.php HTTP/1.1" 200 974 "-" "Mozilla/5.0 (Windows NT 10.0; Win64; x64) AppleWebKit/537.36 (KHTML, like Gecko) Chrome/91.0.4472.124 Safari/537.36"
2a01:4f9:5a:1745::2 - - [15/Mar/2026:17:56:52 +0545] "POST /wp-cron.php?doing_wp_cron=1773576712.4887959957122802734375 HTTP/1.1" 200 0 "-" "WordPress/6.9.4; https://www.betterchitwan.com"
161.153.112.65 - - [15/Mar/2026:17:58:17 +0545] "GET /wp-login.php HTTP/1.1" 200 974 "-" "Mozilla/5.0 (Macintosh; Intel Mac OS X 10_15_7) AppleWebKit/605.1.15 (KHTML, like Gecko) Version/16.6 Safari/605.1.15"
161.153.112.65 - - [15/Mar/2026:17:57:50 +0545] "GET /wp-admin/ HTTP/1.1" 200 974 "-" "Mozilla/5.0 (Macintosh; Intel Mac OS X 10_15_7) AppleWebKit/605.1.15 (KHTML, like Gecko) Version/17.0 Safari/605.1.15"
161.153.112.65 - - [15/Mar/2026:17:59:17 +0545] "GET /wp-login.php HTTP/1.1" 200 974 "-" "Mozilla/5.0 (Macintosh; Intel Mac OS X 13_6_1) AppleWebKit/537.36 (KHTML, like Gecko) Chrome/121.0.0.0 Safari/537.36"
161.153.112.65 - - [15/Mar/2026:17:59:31 +0545] "GET /wp-login.php HTTP/1.1" 200 974 "-" "Mozilla/5.0 (Macintosh; Intel Mac OS X 10_15_7; rv:119.0) Gecko/20100101 Firefox/119.0"
161.153.112.65 - - [15/Mar/2026:17:59:51 +0545] "GET /wp-admin/ HTTP/1.1" 302 0 "https://duckduckgo.com/" "Mozilla/5.0 (Macintosh; Intel Mac OS X 10_15_7) AppleWebKit/605.1.15 (KHTML, like Gecko) Version/17.0 Safari/605.1.15"
92.222.108.117 - - [15/Mar/2026:18:06:55 +0545] "GET /fortunes-favor-the-bold-with-luckydays-casino-8/ HTTP/1.1" 404 796 "-" "Mozilla/5.0 (compatible; AhrefsBot/7.0; +http://ahrefs.com/robot/)"
176.31.139.13 - - [15/Mar/2026:18:15:48 +0545] "GET /elvezd-a-nyeres-izgalmat-98-os-kifizetesi-arannyal-a-betmatch/ HTTP/1.1" 404 796 "-" "Mozilla/5.0 (compatible; AhrefsBot/7.0; +http://ahrefs.com/robot/)"
192.178.6.64 - - [15/Mar/2026:18:15:57 +0545] "GET /events/list/?tribe-bar-date=2024-05-17&eventDisplay=past HTTP/1.1" 404 796 "-" "Mozilla/5.0 (Linux; Android 6.0.1; Nexus 5X Build/MMB29P) AppleWebKit/537.36 (KHTML, like Gecko) Chrome/145.0.7632.116 Mobile Safari/537.36 (compatible; Googlebot/2.1; +http://www.google.com/bot.html)"
1.47.197.156 - - [15/Mar/2026:18:17:42 +0545] "GET /wp-login.php?redirect_to=https%3A%2F%2Fwww.betterchitwan.com%2Fwp-admin%2F&reauth=1 HTTP/1.1" 200 1052 "https://www.betterchitwan.com/wp-admin/" "Mozilla/5.0 (Windows NT 10.0; Win64; x64) AppleWebKit/537.36 (KHTML, like Gecko) Chrome/145.0.0.0 Safari/537.36"
1.47.197.156 - - [15/Mar/2026:18:17:45 +0545] "GET /wp-login.php HTTP/1.1" 200 974 "-" "Mozilla/5.0 (Windows NT 10.0; Win64; x64) AppleWebKit/537.36 (KHTML, like Gecko) Chrome/145.0.0.0 Safari/537.36"
1.47.197.156 - - [15/Mar/2026:18:17:52 +0545] "GET /wp-admin/ HTTP/1.1" 302 0 "-" "Mozilla/5.0 (Windows NT 10.0; Win64; x64) AppleWebKit/537.36 (KHTML, like Gecko) Chrome/145.0.0.0 Safari/537.36"
86.77.150.249 - - [15/Mar/2026:18:17:56 +0545] "GET /board-members/ HTTP/1.1" 404 796 "-" "Mozilla/5.0 (Macintosh; U; Intel Mac OS X 10_10_6; rv:1.9.3.20) Gecko/5537-10-07 14:07:17.471283 Firefox/3.6.5"
2a01:4f9:5a:1745::2 - - [15/Mar/2026:18:19:05 +0545] "POST /wp-cron.php?doing_wp_cron=1773578045.1438848972320556640625 HTTP/1.1" 200 0 "-" "WordPress/6.9.4; https://www.betterchitwan.com"
154.242.191.78 - - [15/Mar/2026:18:19:45 +0545] "GET /wp-login.php HTTP/1.1" 200 974 "http://www.betterchitwan.com/wp-login.php" "Mozilla/5.0 (Windows NT 10.0; Win64; x64) AppleWebKit/537.36 (KHTML, like Gecko) Chrome/145.0.0.0 Safari/537.36"
2a01:4f9:5a:1745::2 - - [15/Mar/2026:17:58:01 +0545] "POST /wp-cron.php?doing_wp_cron=1773576781.5053920745849609375000 HTTP/1.1" 200 0 "-" "WordPress/6.9.4; https://www.betterchitwan.com"
161.153.112.65 - - [15/Mar/2026:17:59:01 +0545] "GET /wp-login.php?redirect_to=https%3A%2F%2Fmail.betterchitwan.com%2Fwp-admin%2F&reauth=1 HTTP/1.1" 200 1052 "https://www.facebook.com/" "Mozilla/5.0 (X11; Ubuntu; Linux x86_64) AppleWebKit/537.36 (KHTML, like Gecko) Chrome/121.0.0.0 Safari/537.36"
2a01:4f9:5a:1745::2 - - [15/Mar/2026:18:04:47 +0545] "POST /wp-cron.php?doing_wp_cron=1773577187.1586859226226806640625 HTTP/1.1" 200 0 "-" "WordPress/6.9.4; https://www.betterchitwan.com"
5.62.20.8 - - [15/Mar/2026:18:15:27 +0545] "POST /xmlrpc.php HTTP/1.1" 200 109 "-" "Mozilla/5.0 (Macintosh; Intel Mac OS X 12_5) AppleWebKit/537.36 (KHTML, like Gecko) Chrome/114.0.0.0 Safari/537.36 Edg/114.0.1264.71"
103.170.158.234 - - [15/Mar/2026:18:17:32 +0545] "GET /wp-login.php HTTP/1.1" 200 974 "-" "Mozilla/5.0 (Windows NT 10.0; Win64; x64) AppleWebKit/537.36 (KHTML, like Gecko) Chrome/145.0.0.0 Safari/537.36"
2a01:4f9:5a:1745::2 - - [15/Mar/2026:18:17:42 +0545] "POST /wp-cron.php?doing_wp_cron=1773577962.7850649356842041015625 HTTP/1.1" 200 0 "-" "WordPress/6.9.4; https://www.betterchitwan.com"
191.5.154.30 - - [15/Mar/2026:18:17:52 +0545] "GET /wp-login.php HTTP/1.1" 200 974 "-" "Mozilla/5.0 (Windows NT 10.0; Win64; x64) AppleWebKit/537.36 (KHTML, like Gecko) Chrome/145.0.0.0 Safari/537.36"
179.62.53.224 - - [15/Mar/2026:18:18:04 +0545] "GET /wp-login.php HTTP/1.1" 200 974 "-" "Mozilla/5.0 (Windows NT 10.0; Win64; x64) AppleWebKit/537.36 (KHTML, like Gecko) Chrome/145.0.0.0 Safari/537.36"
175.100.79.71 - - [15/Mar/2026:18:18:20 +0545] "GET /wp-login.php?redirect_to=https%3A%2F%2Fwww.betterchitwan.com%2Fwp-admin%2F&reauth=1 HTTP/1.1" 200 1052 "https://www.betterchitwan.com/wp-admin/" "Mozilla/5.0 (Windows NT 10.0; Win64; x64) AppleWebKit/537.36 (KHTML, like Gecko) Chrome/145.0.0.0 Safari/537.36"
179.62.53.224 - - [15/Mar/2026:18:18:24 +0545] "GET /wp-admin/ HTTP/1.1" 302 0 "-" "Mozilla/5.0 (Windows NT 10.0; Win64; x64) AppleWebKit/537.36 (KHTML, like Gecko) Chrome/145.0.0.0 Safari/537.36"
2a01:4f9:5a:1745::2 - - [15/Mar/2026:18:18:45 +0545] "POST /wp-cron.php?doing_wp_cron=1773578025.4411270618438720703125 HTTP/1.1" 200 0 "-" "WordPress/6.9.4; https://www.betterchitwan.com"
196.188.253.33 - - [15/Mar/2026:18:19:04 +0545] "GET /wp-login.php?redirect_to=https%3A%2F%2Fwww.betterchitwan.com%2Fwp-admin%2F&reauth=1 HTTP/1.1" 200 1052 "https://www.betterchitwan.com/wp-admin/" "Mozilla/5.0 (Windows NT 10.0; Win64; x64) AppleWebKit/537.36 (KHTML, like Gecko) Chrome/145.0.0.0 Safari/537.36"
136.158.27.79 - - [15/Mar/2026:18:19:16 +0545] "GET /wp-admin/ HTTP/1.1" 302 0 "-" "Mozilla/5.0 (Windows NT 10.0; Win64; x64) AppleWebKit/537.36 (KHTML, like Gecko) Chrome/145.0.0.0 Safari/537.36"
114.119.138.172 - - [15/Mar/2026:18:20:15 +0545] "GET /events/month/2025-04/?outlook-ical=1 HTTP/1.1" 404 796 "https://www.betterchitwan.com/events/month/2025-04/" "Mozilla/5.0 (Linux; Android 7.0;) AppleWebKit/537.36 (KHTML, like Gecko) Mobile Safari/537.36 (compatible; PetalBot;+https://webmaster.petalsearch.com/site/petalbot)"
106.219.182.18 - - [15/Mar/2026:18:20:17 +0545] "GET /wp-login.php HTTP/1.1" 200 974 "http://www.betterchitwan.com/wp-login.php" "Mozilla/5.0 (Windows NT 10.0; Win64; x64) AppleWebKit/537.36 (KHTML, like Gecko) Chrome/145.0.0.0 Safari/537.36"
49.149.199.89 - - [15/Mar/2026:18:20:29 +0545] "GET /wp-login.php HTTP/1.1" 200 974 "http://www.betterchitwan.com/wp-login.php" "Mozilla/5.0 (Windows NT 10.0; Win64; x64) AppleWebKit/537.36 (KHTML, like Gecko) Chrome/145.0.0.0 Safari/537.36"
114.119.131.235 - - [15/Mar/2026:18:21:24 +0545] "GET /events/category/youthwan/list?tribe-bar-date=2025-04-22&eventDisplay=past HTTP/1.1" 404 796 "-" "Mozilla/5.0 (Linux; Android 7.0;) AppleWebKit/537.36 (KHTML, like Gecko) Mobile Safari/537.36 (compatible; PetalBot;+https://webmaster.petalsearch.com/site/petalbot)"
179.62.53.224 - - [15/Mar/2026:18:18:28 +0545] "GET /wp-login.php?redirect_to=https%3A%2F%2Fwww.betterchitwan.com%2Fwp-admin%2F&reauth=1 HTTP/1.1" 200 1052 "https://www.betterchitwan.com/wp-admin/" "Mozilla/5.0 (Windows NT 10.0; Win64; x64) AppleWebKit/537.36 (KHTML, like Gecko) Chrome/145.0.0.0 Safari/537.36"
175.100.79.71 - - [15/Mar/2026:18:18:22 +0545] "GET /wp-login.php HTTP/1.1" 200 974 "-" "Mozilla/5.0 (Windows NT 10.0; Win64; x64) AppleWebKit/537.36 (KHTML, like Gecko) Chrome/145.0.0.0 Safari/537.36"
175.100.79.71 - - [15/Mar/2026:18:18:33 +0545] "GET /wp-admin/ HTTP/1.1" 302 0 "-" "Mozilla/5.0 (Windows NT 10.0; Win64; x64) AppleWebKit/537.36 (KHTML, like Gecko) Chrome/145.0.0.0 Safari/537.36"
105.214.16.165 - - [15/Mar/2026:18:18:35 +0545] "GET /wp-login.php HTTP/1.1" 200 974 "-" "Mozilla/5.0 (Windows NT 10.0; Win64; x64) AppleWebKit/537.36 (KHTML, like Gecko) Chrome/145.0.0.0 Safari/537.36"
105.214.16.165 - - [15/Mar/2026:18:18:40 +0545] "GET /wp-admin/ HTTP/1.1" 302 0 "-" "Mozilla/5.0 (Windows NT 10.0; Win64; x64) AppleWebKit/537.36 (KHTML, like Gecko) Chrome/145.0.0.0 Safari/537.36"
196.188.253.33 - - [15/Mar/2026:18:18:44 +0545] "GET /wp-admin/ HTTP/1.1" 302 0 "-" "Mozilla/5.0 (Windows NT 10.0; Win64; x64) AppleWebKit/537.36 (KHTML, like Gecko) Chrome/145.0.0.0 Safari/537.36"
69.12.111.252 - - [15/Mar/2026:18:19:33 +0545] "GET /wp-login.php HTTP/1.1" 200 974 "-" "Mozilla/5.0 (Windows NT 10.0; Win64; x64) AppleWebKit/537.36 (KHTML, like Gecko) Chrome/145.0.0.0 Safari/537.36"
2a01:4f9:5a:1745::2 - - [15/Mar/2026:18:19:49 +0545] "POST /wp-cron.php?doing_wp_cron=1773578089.8109650611877441406250 HTTP/1.1" 200 0 "-" "WordPress/6.9.4; https://www.betterchitwan.com"
154.242.191.78 - - [15/Mar/2026:18:19:49 +0545] "GET /wp-admin/ HTTP/1.1" 302 0 "http://www.betterchitwan.com/wp-admin/" "Mozilla/5.0 (Windows NT 10.0; Win64; x64) AppleWebKit/537.36 (KHTML, like Gecko) Chrome/145.0.0.0 Safari/537.36"
2a01:4f9:5a:1745::2 - - [15/Mar/2026:18:20:11 +0545] "POST /wp-cron.php?doing_wp_cron=1773578110.9118130207061767578125 HTTP/1.1" 200 0 "-" "WordPress/6.9.4; https://www.betterchitwan.com"
96.0.24.240 - - [15/Mar/2026:18:21:33 +0545] "POST /xmlrpc.php HTTP/1.1" 200 3552 "-" "Mozilla/5.0 (Windows NT 6.1; Win64; x64) AppleWebKit/537.36 (KHTML, like Gecko) Chrome/80.0.3987.149 Safari/537.36"
147.185.132.90 - - [15/Mar/2026:18:23:08 +0545] "GET /.well-known/security.txt HTTP/1.1" 200 12422 "-" "Hello from Palo Alto Networks, find out more about our scans in https://docs-cortex.paloaltonetworks.com/r/1/Cortex-Xpanse/Scanning-activity"
185.217.71.89 - - [15/Mar/2026:18:27:37 +0545] "POST /xmlrpc.php HTTP/1.1" 200 3100 "-" "Mozilla/5.0 (Windows NT 10.0; Win64; x64) AppleWebKit/537.36 (KHTML, like Gecko) Chrome/114.0.0.0 Safari/537.36 Edg/114.0.1823.43"
2a01:4f9:5a:1745::2 - - [15/Mar/2026:18:27:38 +0545] "POST /wp-admin/admin-ajax.php?action=async_litespeed&nonce=661b1bd860&litespeed_type=imgoptm HTTP/1.1" 200 5 "-" "WordPress/6.9.4; https://www.betterchitwan.com"
2a01:4f9:5a:1745::2 - - [15/Mar/2026:18:27:41 +0545] "POST /wp-cron.php?doing_wp_cron=1773578560.9497890472412109375000 HTTP/1.1" 200 0 "-" "WordPress/6.9.4; https://www.betterchitwan.com"
216.244.66.231 - - [15/Mar/2026:18:32:53 +0545] "GET /events/tag/youwa-bich-yuwa/list/?tribe-bar-date=2026-11-17&eventDisplay=past&ical=1 HTTP/1.1" 404 796 "-" "Mozilla/5.0 (compatible; DotBot/1.2; +https://opensiteexplorer.org/dotbot; help@moz.com)"
91.230.225.78 - - [15/Mar/2026:18:37:14 +0545] "GET /favicon.ico HTTP/1.1" 200 41831 "https://betterchitwan.com/wp-login.php" "Mozilla/5.0 (Windows NT 10.0; WOW64) AppleWebKit/537.36 (KHTML, like Gecko) Chrome/88.0.4324.190 Safari/537.36"
2a01:4f9:5a:1745::2 - - [15/Mar/2026:18:12:25 +0545] "POST /wp-admin/admin-ajax.php?action=async_litespeed&nonce=661b1bd860&litespeed_type=imgoptm HTTP/1.1" 200 5 "-" "WordPress/6.9.4; https://www.betterchitwan.com"
5.62.20.8 - - [15/Mar/2026:18:15:26 +0545] "POST /xmlrpc.php HTTP/1.1" 200 3100 "-" "Mozilla/5.0 (Macintosh; Intel Mac OS X 12_5) AppleWebKit/537.36 (KHTML, like Gecko) Chrome/114.0.0.0 Safari/537.36 Edg/114.0.1264.71"
2a01:4f9:5a:1745::2 - - [15/Mar/2026:18:15:27 +0545] "POST /wp-admin/admin-ajax.php?action=async_litespeed&nonce=661b1bd860&litespeed_type=imgoptm HTTP/1.1" 200 5 "-" "WordPress/6.9.4; https://www.betterchitwan.com"
1.47.197.156 - - [15/Mar/2026:18:17:36 +0545] "GET /wp-login.php HTTP/1.1" 200 974 "-" "Mozilla/5.0 (Windows NT 10.0; Win64; x64) AppleWebKit/537.36 (KHTML, like Gecko) Chrome/145.0.0.0 Safari/537.36"
1.47.197.156 - - [15/Mar/2026:18:17:39 +0545] "GET /wp-admin/ HTTP/1.1" 302 0 "-" "Mozilla/5.0 (Windows NT 10.0; Win64; x64) AppleWebKit/537.36 (KHTML, like Gecko) Chrome/145.0.0.0 Safari/537.36"
179.62.53.224 - - [15/Mar/2026:18:18:11 +0545] "GET /wp-login.php?redirect_to=https%3A%2F%2Fwww.betterchitwan.com%2Fwp-admin%2F&reauth=1 HTTP/1.1" 200 1052 "https://www.betterchitwan.com/wp-admin/" "Mozilla/5.0 (Windows NT 10.0; Win64; x64) AppleWebKit/537.36 (KHTML, like Gecko) Chrome/145.0.0.0 Safari/537.36"
175.100.79.71 - - [15/Mar/2026:18:18:16 +0545] "GET /wp-admin/ HTTP/1.1" 302 0 "-" "Mozilla/5.0 (Windows NT 10.0; Win64; x64) AppleWebKit/537.36 (KHTML, like Gecko) Chrome/145.0.0.0 Safari/537.36"
175.100.79.71 - - [15/Mar/2026:18:18:37 +0545] "GET /wp-login.php?redirect_to=https%3A%2F%2Fwww.betterchitwan.com%2Fwp-admin%2F&reauth=1 HTTP/1.1" 200 1052 "https://www.betterchitwan.com/wp-admin/" "Mozilla/5.0 (Windows NT 10.0; Win64; x64) AppleWebKit/537.36 (KHTML, like Gecko) Chrome/145.0.0.0 Safari/537.36"
136.158.27.79 - - [15/Mar/2026:18:19:19 +0545] "GET /wp-login.php?redirect_to=https%3A%2F%2Fwww.betterchitwan.com%2Fwp-admin%2F&reauth=1 HTTP/1.1" 200 1052 "https://www.betterchitwan.com/wp-admin/" "Mozilla/5.0 (Windows NT 10.0; Win64; x64) AppleWebKit/537.36 (KHTML, like Gecko) Chrome/145.0.0.0 Safari/537.36"
196.190.112.233 - - [15/Mar/2026:18:19:17 +0545] "GET /wp-login.php?redirect_to=https%3A%2F%2Fwww.betterchitwan.com%2Fwp-admin%2F&reauth=1 HTTP/1.1" 200 1052 "https://www.betterchitwan.com/wp-admin/" "Mozilla/5.0 (Windows NT 10.0; Win64; x64) AppleWebKit/537.36 (KHTML, like Gecko) Chrome/145.0.0.0 Safari/537.36"
96.0.24.240 - - [15/Mar/2026:18:21:32 +0545] "POST /xmlrpc.php HTTP/1.1" 200 108 "-" "Mozilla/5.0 (Windows NT 6.1; Win64; x64) AppleWebKit/537.36 (KHTML, like Gecko) Chrome/80.0.3987.149 Safari/537.36"
192.178.6.68 - - [15/Mar/2026:18:21:56 +0545] "GET /events/list/?tribe-bar-date=2025-05-02&eventDisplay=past HTTP/1.1" 404 796 "-" "Mozilla/5.0 (Linux; Android 6.0.1; Nexus 5X Build/MMB29P) AppleWebKit/537.36 (KHTML, like Gecko) Chrome/145.0.7632.116 Mobile Safari/537.36 (compatible; Googlebot/2.1; +http://www.google.com/bot.html)"
2a01:4f9:5a:1745::2 - - [15/Mar/2026:18:27:37 +0545] "POST /wp-cron.php?doing_wp_cron=1773578557.8550100326538085937500 HTTP/1.1" 200 0 "-" "WordPress/6.9.4; https://www.betterchitwan.com"
192.178.6.73 - - [15/Mar/2026:18:33:55 +0545] "GET /events/list/?tribe-bar-date=2024-07-24&eventDisplay=past HTTP/1.1" 404 796 "-" "Mozilla/5.0 (Linux; Android 6.0.1; Nexus 5X Build/MMB29P) AppleWebKit/537.36 (KHTML, like Gecko) Chrome/145.0.7632.116 Mobile Safari/537.36 (compatible; Googlebot/2.1; +http://www.google.com/bot.html)"
52.167.144.169 - - [15/Mar/2026:18:40:14 +0545] "GET /worldwetlandsday2025/476091927_936850888572077_8093981075977569522_n/feed/ HTTP/1.1" 404 796 "-" "Mozilla/5.0 AppleWebKit/537.36 (KHTML, like Gecko; compatible; bingbot/2.0; +http://www.bing.com/bingbot.htm) Chrome/116.0.1938.76 Safari/537.36"
2a01:4f9:5a:1745::2 - - [15/Mar/2026:18:42:54 +0545] "POST /wp-cron.php?doing_wp_cron=1773579474.4032618999481201171875 HTTP/1.1" 200 0 "-" "WordPress/6.9.4; https://www.betterchitwan.com"
175.100.79.71 - - [15/Mar/2026:18:18:13 +0545] "GET /wp-login.php HTTP/1.1" 200 974 "-" "Mozilla/5.0 (Windows NT 10.0; Win64; x64) AppleWebKit/537.36 (KHTML, like Gecko) Chrome/145.0.0.0 Safari/537.36"
196.188.253.33 - - [15/Mar/2026:18:18:47 +0545] "GET /wp-login.php?redirect_to=https%3A%2F%2Fwww.betterchitwan.com%2Fwp-admin%2F&reauth=1 HTTP/1.1" 200 1052 "https://www.betterchitwan.com/wp-admin/" "Mozilla/5.0 (Windows NT 10.0; Win64; x64) AppleWebKit/537.36 (KHTML, like Gecko) Chrome/145.0.0.0 Safari/537.36"
196.188.253.33 - - [15/Mar/2026:18:19:02 +0545] "GET /wp-admin/ HTTP/1.1" 302 0 "-" "Mozilla/5.0 (Windows NT 10.0; Win64; x64) AppleWebKit/537.36 (KHTML, like Gecko) Chrome/145.0.0.0 Safari/537.36"
105.214.16.165 - - [15/Mar/2026:18:19:06 +0545] "GET /wp-login.php?redirect_to=https%3A%2F%2Fwww.betterchitwan.com%2Fwp-admin%2F&reauth=1 HTTP/1.1" 200 1052 "https://www.betterchitwan.com/wp-admin/" "Mozilla/5.0 (Windows NT 10.0; Win64; x64) AppleWebKit/537.36 (KHTML, like Gecko) Chrome/145.0.0.0 Safari/537.36"
136.158.27.79 - - [15/Mar/2026:18:19:14 +0545] "GET /wp-login.php HTTP/1.1" 200 974 "-" "Mozilla/5.0 (Windows NT 10.0; Win64; x64) AppleWebKit/537.36 (KHTML, like Gecko) Chrome/145.0.0.0 Safari/537.36"
216.244.66.231 - - [15/Mar/2026:18:22:59 +0545] "GET /events/tag/teej-for-all/list/?tribe-bar-date=2024-10-27&ical=1 HTTP/1.1" 404 796 "-" "Mozilla/5.0 (compatible; DotBot/1.2; +https://opensiteexplorer.org/dotbot; help@moz.com)"
114.119.129.33 - - [15/Mar/2026:18:26:12 +0545] "GET /events/category/youthwan/list/?tribe-bar-date=2024-08-02&eventDisplay=past&ical=1 HTTP/1.1" 404 796 "https://www.betterchitwan.com/events/category/youthwan/list/?tribe-bar-date=2024-08-02&eventDisplay=past" "Mozilla/5.0 (Linux; Android 7.0;) AppleWebKit/537.36 (KHTML, like Gecko) Mobile Safari/537.36 (compatible; PetalBot;+https://webmaster.petalsearch.com/site/petalbot)"
2a01:4f9:5a:1745::2 - - [15/Mar/2026:18:30:22 +0545] "POST /wp-admin/admin-ajax.php?action=async_litespeed&nonce=661b1bd860&litespeed_type=imgoptm HTTP/1.1" 200 5 "-" "WordPress/6.9.4; https://www.betterchitwan.com"
68.66.116.63 - - [15/Mar/2026:18:30:24 +0545] "POST /xmlrpc.php HTTP/1.1" 200 3021 "-" "Mozilla/5.0 (X11; Linux i686) AppleWebKit/537.36 (KHTML, like Gecko) Chrome/114.0.0.0 Safari/537.36 Vivaldi/5.3.2679.68"
114.119.138.172 - - [15/Mar/2026:18:30:34 +0545] "GET /events/category/youthwan/day/2025-01-12 HTTP/1.1" 404 796 "-" "Mozilla/5.0 (Linux; Android 7.0;) AppleWebKit/537.36 (KHTML, like Gecko) Mobile Safari/537.36 (compatible; PetalBot;+https://webmaster.petalsearch.com/site/petalbot)"
114.119.138.172 - - [15/Mar/2026:18:31:24 +0545] "GET /events/category/youthwan/day/2024-12-22/ HTTP/1.1" 404 796 "https://www.betterchitwan.com/events/category/youthwan/day/2024-12-22/" "Mozilla/5.0 (Linux; Android 7.0;) AppleWebKit/537.36 (KHTML, like Gecko) Mobile Safari/537.36 (compatible; PetalBot;+https://webmaster.petalsearch.com/site/petalbot)"
43.159.152.4 - - [15/Mar/2026:18:36:08 +0545] "GET /elevate-your-play-expert-insights-winning/ HTTP/1.1" 404 796 "-" "Mozilla/5.0 (iPhone; CPU iPhone OS 13_2_3 like Mac OS X) AppleWebKit/605.1.15 (KHTML, like Gecko) Version/13.0.3 Mobile/15E148 Safari/604.1"
2001:4ca0:108:42::24 - - [15/Mar/2026:18:38:43 +0545] "GET /robots.txt HTTP/1.1" 304 0 "-" "Mozilla/5.0 (Windows NT 10.0; Win64; x64) AppleWebKit/537.36 (KHTML, like Gecko) Chrome/103.0.5060.134 Safari/537.36"
2a01:4f9:5a:1745::2 - - [15/Mar/2026:18:42:57 +0545] "POST /wp-cron.php?doing_wp_cron=1773579477.6468849182128906250000 HTTP/1.1" 200 0 "-" "WordPress/6.9.4; https://www.betterchitwan.com"
114.119.128.196 - - [15/Mar/2026:18:49:55 +0545] "GET /events/category/youth-motivators-club-ymc/list/?tribe-bar-date=2025-07-26 HTTP/1.1" 404 796 "https://www.betterchitwan.com/events/category/youth-motivators-club-ymc/list/?tribe-bar-date=2025-07-26&eventDisplay=past" "Mozilla/5.0 (Linux; Android 7.0;) AppleWebKit/537.36 (KHTML, like Gecko) Mobile Safari/537.36 (compatible; PetalBot;+https://webmaster.petalsearch.com/site/petalbot)"
114.119.128.196 - - [15/Mar/2026:18:54:24 +0545] "GET /events/category/youth-motivators-club-ymc/list/?tribe-bar-date=2024-12-24 HTTP/1.1" 404 796 "https://www.betterchitwan.com/events/category/youth-motivators-club-ymc/list/?tribe-bar-date=2024-12-24&eventDisplay=past" "Mozilla/5.0 (Linux; Android 7.0;) AppleWebKit/537.36 (KHTML, like Gecko) Mobile Safari/537.36 (compatible; PetalBot;+https://webmaster.petalsearch.com/site/petalbot)"
2a01:4f9:5a:1745::2 - - [15/Mar/2026:18:57:44 +0545] "POST /wp-cron.php?doing_wp_cron=1773580364.2080240249633789062500 HTTP/1.1" 200 0 "-" "WordPress/6.9.4; https://www.betterchitwan.com"
2a01:4f9:5a:1745::2 - - [15/Mar/2026:18:57:45 +0545] "POST /wp-admin/admin-ajax.php?action=async_litespeed&nonce=661b1bd860&litespeed_type=imgoptm HTTP/1.1" 200 5 "-" "WordPress/6.9.4; https://www.betterchitwan.com"
196.188.253.33 - - [15/Mar/2026:18:18:42 +0545] "GET /wp-login.php HTTP/1.1" 200 974 "-" "Mozilla/5.0 (Windows NT 10.0; Win64; x64) AppleWebKit/537.36 (KHTML, like Gecko) Chrome/145.0.0.0 Safari/537.36"
2a01:4f9:5a:1745::2 - - [15/Mar/2026:18:19:04 +0545] "POST /wp-admin/admin-ajax.php?action=async_litespeed&nonce=661b1bd860&litespeed_type=imgoptm HTTP/1.1" 200 5 "-" "WordPress/6.9.4; https://www.betterchitwan.com"
196.190.112.233 - - [15/Mar/2026:18:19:15 +0545] "GET /wp-admin/ HTTP/1.1" 302 0 "-" "Mozilla/5.0 (Windows NT 10.0; Win64; x64) AppleWebKit/537.36 (KHTML, like Gecko) Chrome/145.0.0.0 Safari/537.36"
196.190.112.233 - - [15/Mar/2026:18:19:31 +0545] "GET /wp-admin/ HTTP/1.1" 302 0 "-" "Mozilla/5.0 (Windows NT 10.0; Win64; x64) AppleWebKit/537.36 (KHTML, like Gecko) Chrome/145.0.0.0 Safari/537.36"
2a01:4f9:5a:1745::2 - - [15/Mar/2026:18:20:11 +0545] "POST /wp-admin/admin-ajax.php?action=async_litespeed&nonce=661b1bd860&litespeed_type=imgoptm HTTP/1.1" 200 5 "-" "WordPress/6.9.4; https://www.betterchitwan.com"
37.59.204.129 - - [15/Mar/2026:18:41:43 +0545] "GET /convierte-la-calma-invernal-en-premios-epicos-el/ HTTP/1.1" 404 796 "-" "Mozilla/5.0 (compatible; AhrefsBot/7.0; +http://ahrefs.com/robot/)"
43.167.236.228 - - [15/Mar/2026:18:45:03 +0545] "GET /embarque-numa-aventura-eletrizante-multiplique/ HTTP/1.1" 404 796 "-" "Mozilla/5.0 (iPhone; CPU iPhone OS 13_2_3 like Mac OS X) AppleWebKit/605.1.15 (KHTML, like Gecko) Version/13.0.3 Mobile/15E148 Safari/604.1"
109.248.149.116 - - [15/Mar/2026:18:57:43 +0545] "POST /xmlrpc.php HTTP/1.1" 200 3100 "-" "Mozilla/5.0 (Windows NT 10.0; Win64; x64) AppleWebKit/537.36 (KHTML, like Gecko) Chrome/64.0.3282.140 Safari/537.36 Edge/18.17763"
94.187.15.29 - - [15/Mar/2026:18:20:10 +0545] "GET /wp-admin/ HTTP/1.1" 302 0 "http://www.betterchitwan.com/wp-admin/" "Mozilla/5.0 (Windows NT 10.0; Win64; x64) AppleWebKit/537.36 (KHTML, like Gecko) Chrome/145.0.0.0 Safari/537.36"
2a01:4f9:5a:1745::2 - - [15/Mar/2026:18:21:31 +0545] "POST /wp-cron.php?doing_wp_cron=1773578191.3405060768127441406250 HTTP/1.1" 200 0 "-" "WordPress/6.9.4; https://www.betterchitwan.com"
114.119.145.188 - - [15/Mar/2026:18:24:25 +0545] "GET /events/category/youthwan/list/?tribe-bar-date=2024-09-03&eventDisplay=past&ical=1 HTTP/1.1" 404 796 "https://www.betterchitwan.com/events/category/youthwan/list/?tribe-bar-date=2024-09-03&eventDisplay=past" "Mozilla/5.0 (Linux; Android 7.0;) AppleWebKit/537.36 (KHTML, like Gecko) Mobile Safari/537.36 (compatible; PetalBot;+https://webmaster.petalsearch.com/site/petalbot)"
68.66.116.63 - - [15/Mar/2026:18:30:20 +0545] "POST /xmlrpc.php HTTP/1.1" 200 3100 "-" "Mozilla/5.0 (X11; Linux i686) AppleWebKit/537.36 (KHTML, like Gecko) Chrome/114.0.0.0 Safari/537.36 Vivaldi/5.3.2679.68"
54.37.118.72 - - [15/Mar/2026:18:33:24 +0545] "GET /desata-tu-suerte-y-multiplica-tus-ganancias-2/ HTTP/1.1" 404 796 "-" "Mozilla/5.0 (compatible; AhrefsBot/7.0; +http://ahrefs.com/robot/)"
91.230.225.78 - - [15/Mar/2026:18:37:12 +0545] "GET /wp-login.php HTTP/1.1" 200 974 "-" "Mozilla/5.0 (Windows NT 10.0; WOW64) AppleWebKit/537.36 (KHTML, like Gecko) Chrome/88.0.4324.190 Safari/537.36"
15.220.168.224 - - [15/Mar/2026:18:42:57 +0545] "POST /xmlrpc.php HTTP/1.1" 200 2873 "-" "Mozilla/5.0 (Windows NT 6.1) AppleWebKit/537.36 (KHTML, like Gecko) Chrome/49.0.2623.112 Safari/537.36"
192.178.6.67 - - [15/Mar/2026:18:45:53 +0545] "GET /events/category/event/list/?tribe-bar-date=2025-04-06&eventDisplay=past HTTP/1.1" 404 796 "-" "Mozilla/5.0 (Linux; Android 6.0.1; Nexus 5X Build/MMB29P) AppleWebKit/537.36 (KHTML, like Gecko) Chrome/145.0.7632.116 Mobile Safari/537.36 (compatible; Googlebot/2.1; +http://www.google.com/bot.html)"
196.188.253.33 - - [15/Mar/2026:18:18:52 +0545] "GET /wp-login.php HTTP/1.1" 200 974 "-" "Mozilla/5.0 (Windows NT 10.0; Win64; x64) AppleWebKit/537.36 (KHTML, like Gecko) Chrome/145.0.0.0 Safari/537.36"
2a01:4f9:5a:1745::2 - - [15/Mar/2026:18:19:03 +0545] "POST /wp-cron.php?doing_wp_cron=1773578043.2076470851898193359375 HTTP/1.1" 200 0 "-" "WordPress/6.9.4; https://www.betterchitwan.com"
105.214.16.165 - - [15/Mar/2026:18:19:03 +0545] "GET /wp-admin/ HTTP/1.1" 302 0 "-" "Mozilla/5.0 (Windows NT 10.0; Win64; x64) AppleWebKit/537.36 (KHTML, like Gecko) Chrome/145.0.0.0 Safari/537.36"
196.190.112.233 - - [15/Mar/2026:18:19:13 +0545] "GET /wp-login.php HTTP/1.1" 200 974 "-" "Mozilla/5.0 (Windows NT 10.0; Win64; x64) AppleWebKit/537.36 (KHTML, like Gecko) Chrome/145.0.0.0 Safari/537.36"
196.190.112.233 - - [15/Mar/2026:18:19:22 +0545] "GET /wp-login.php HTTP/1.1" 200 974 "-" "Mozilla/5.0 (Windows NT 10.0; Win64; x64) AppleWebKit/537.36 (KHTML, like Gecko) Chrome/145.0.0.0 Safari/537.36"
94.187.15.29 - - [15/Mar/2026:18:19:56 +0545] "GET /wp-login.php HTTP/1.1" 200 974 "http://www.betterchitwan.com/wp-login.php" "Mozilla/5.0 (Windows NT 10.0; Win64; x64) AppleWebKit/537.36 (KHTML, like Gecko) Chrome/145.0.0.0 Safari/537.36"
2a01:4f9:5a:1745::2 - - [15/Mar/2026:18:21:32 +0545] "POST /wp-admin/admin-ajax.php?action=async_litespeed&nonce=661b1bd860&litespeed_type=imgoptm HTTP/1.1" 200 5 "-" "WordPress/6.9.4; https://www.betterchitwan.com"
192.178.6.66 - - [15/Mar/2026:18:21:56 +0545] "GET /robots.txt HTTP/1.1" 200 109 "-" "Mozilla/5.0 (compatible; Googlebot/2.1; +http://www.google.com/bot.html)"
92.222.108.126 - - [15/Mar/2026:18:24:35 +0545] "GET /eleva-tu-juego-spinanga-casino-espana-te-ofrece-la/ HTTP/1.1" 404 796 "-" "Mozilla/5.0 (compatible; AhrefsBot/7.0; +http://ahrefs.com/robot/)"
