51.68.247.200 - - [16/Mar/2026:06:59:03 +0545] "GET /.lsrecap/recaptcha?tribe-bar-date=2025-04-25&eventDisplay=past HTTP/1.1" 404 796 "-" "Mozilla/5.0 (compatible; AhrefsBot/7.0; +http://ahrefs.com/robot/)"
35.222.212.222 - - [16/Mar/2026:06:58:22 +0545] "POST / HTTP/1.1" 200 40021 "https://betterchitwan.com/" "Mozilla/5.0 (Windows NT 10.0; Win64; x64; rv:140.0) Gecko/20100101 Firefox/140.0"
114.119.138.172 - - [16/Mar/2026:06:58:50 +0545] "GET /events/category/wow-women/day/2024-06-04/?ical=1 HTTP/1.1" 404 796 "https://www.betterchitwan.com/events/category/wow-women/day/2024-06-04/" "Mozilla/5.0 (Linux; Android 7.0;) AppleWebKit/537.36 (KHTML, like Gecko) Mobile Safari/537.36 (compatible; PetalBot;+https://webmaster.petalsearch.com/site/petalbot)"
114.119.129.33 - - [16/Mar/2026:07:02:18 +0545] "GET /events/category/wow-women/day/2024-06-01/?outlook-ical=1 HTTP/1.1" 404 796 "https://www.betterchitwan.com/events/category/wow-women/day/2024-06-01/" "Mozilla/5.0 (Linux; Android 7.0;) AppleWebKit/537.36 (KHTML, like Gecko) Mobile Safari/537.36 (compatible; PetalBot;+https://webmaster.petalsearch.com/site/petalbot)"
114.119.138.172 - - [16/Mar/2026:07:04:46 +0545] "GET /events/category/wow-women/day/2024-02-06/ HTTP/1.1" 404 796 "https://www.betterchitwan.com/events/category/wow-women/list/?tribe-bar-date=2024-02-06" "Mozilla/5.0 (Linux; Android 7.0;) AppleWebKit/537.36 (KHTML, like Gecko) Mobile Safari/537.36 (compatible; PetalBot;+https://webmaster.petalsearch.com/site/petalbot)"
114.119.131.235 - - [16/Mar/2026:07:00:38 +0545] "GET /events/category/wow-women/day/2024-06-03/?outlook-ical=1 HTTP/1.1" 404 796 "https://www.betterchitwan.com/events/category/wow-women/day/2024-06-03/" "Mozilla/5.0 (Linux; Android 7.0;) AppleWebKit/537.36 (KHTML, like Gecko) Mobile Safari/537.36 (compatible; PetalBot;+https://webmaster.petalsearch.com/site/petalbot)"
2a03:2880:f806:20:: - - [16/Mar/2026:07:03:17 +0545] "GET /events/category/better-chitwan-mini-library/2025-03/ HTTP/1.1" 404 796 "-" "meta-externalagent/1.1 (+https://developers.facebook.com/docs/sharing/webmasters/crawler)"
94.23.188.199 - - [16/Mar/2026:07:06:24 +0545] "GET /.lsrecap/recaptcha?tribe-bar-date=2024-08-27 HTTP/1.1" 404 796 "-" "Mozilla/5.0 (compatible; AhrefsBot/7.0; +http://ahrefs.com/robot/)"
2a01:4f9:5a:1745::2 - - [16/Mar/2026:06:58:25 +0545] "POST /wp-admin/admin-ajax.php?action=async_litespeed&nonce=4ef15963e2&litespeed_type=imgoptm HTTP/1.1" 200 5 "-" "WordPress/6.9.4; https://www.betterchitwan.com"
114.119.128.196 - - [16/Mar/2026:07:03:05 +0545] "GET /events/category/wow-women/day/2024-05-02/ HTTP/1.1" 404 796 "https://www.betterchitwan.com/events/category/wow-women/list?tribe-bar-date=2024-05-02&eventDisplay=past" "Mozilla/5.0 (Linux; Android 7.0;) AppleWebKit/537.36 (KHTML, like Gecko) Mobile Safari/537.36 (compatible; PetalBot;+https://webmaster.petalsearch.com/site/petalbot)"
2a01:4f9:5a:1745::2 - - [16/Mar/2026:07:11:45 +0545] "POST /wp-cron.php?doing_wp_cron=1773624405.0083780288696289062500 HTTP/1.1" 200 0 "-" "WordPress/6.9.4; https://www.betterchitwan.com"
103.219.169.179 - - [16/Mar/2026:07:11:46 +0545] "GET /druckgluck-erfahrungen-2026-werden-gewinne-ein-umwerfender-beitrag-ausgezahlt/ HTTP/1.1" 404 796 "-" "Mozilla/5.0 (Windows NT 10.0; Win64; x64) AppleWebKit/537.36 (KHTML, like Gecko) Chrome/123.0.0.0 Safari/537.36 OPR/109.0.0.0"
198.244.242.245 - - [16/Mar/2026:07:19:37 +0545] "GET /robots.txt HTTP/1.1" 304 0 "-" "Mozilla/5.0 (compatible; AhrefsBot/7.0; +http://ahrefs.com/robot/)"
114.119.138.172 - - [16/Mar/2026:07:07:18 +0545] "GET /events/category/wow-women/day/2024-02-03/ HTTP/1.1" 404 796 "https://www.betterchitwan.com/events/category/wow-women/list/?tribe-bar-date=2024-02-03" "Mozilla/5.0 (Linux; Android 7.0;) AppleWebKit/537.36 (KHTML, like Gecko) Mobile Safari/537.36 (compatible; PetalBot;+https://webmaster.petalsearch.com/site/petalbot)"
5.39.109.161 - - [16/Mar/2026:07:11:08 +0545] "GET /.lsrecap/recaptcha?tribe-bar-date=2024-06-28 HTTP/1.1" 404 796 "-" "Mozilla/5.0 (compatible; AhrefsBot/7.0; +http://ahrefs.com/robot/)"
2a01:4f9:5a:1745::2 - - [16/Mar/2026:07:19:51 +0545] "POST /wp-cron.php?doing_wp_cron=1773624891.5553050041198730468750 HTTP/1.1" 200 0 "-" "WordPress/6.9.4; https://www.betterchitwan.com"
114.119.152.60 - - [16/Mar/2026:07:21:52 +0545] "GET /events/category/wow-women/2024-04/?outlook-ical=1 HTTP/1.1" 404 796 "https://www.betterchitwan.com/events/category/wow-women/2024-04/" "Mozilla/5.0 (Linux; Android 7.0;) AppleWebKit/537.36 (KHTML, like Gecko) Mobile Safari/537.36 (compatible; PetalBot;+https://webmaster.petalsearch.com/site/petalbot)"
103.219.169.179 - - [16/Mar/2026:07:11:36 +0545] "POST /xmlrpc.php HTTP/1.1" 200 109 "-" "Mozilla/5.0 (Windows NT 10.0; Win64; x64) AppleWebKit/537.36 (KHTML, like Gecko) Chrome/114.0.0.0 Safari/537.36"
176.31.139.19 - - [16/Mar/2026:07:19:50 +0545] "GET / HTTP/1.1" 301 0 "-" "Mozilla/5.0 (compatible; AhrefsBot/7.0; +http://ahrefs.com/robot/)"
103.219.169.179 - - [16/Mar/2026:07:11:44 +0545] "POST /xmlrpc.php HTTP/1.1" 200 5434 "-" "Mozilla/5.0 (Windows NT 10.0; Win64; x64) AppleWebKit/537.36 (KHTML, like Gecko) Chrome/114.0.0.0 Safari/537.36"
114.119.145.188 - - [16/Mar/2026:07:08:33 +0545] "GET /events/category/wow-women/day/2024-02-02/?outlook-ical=1 HTTP/1.1" 404 796 "https://www.betterchitwan.com/events/category/wow-women/day/2024-02-02/" "Mozilla/5.0 (Linux; Android 7.0;) AppleWebKit/537.36 (KHTML, like Gecko) Mobile Safari/537.36 (compatible; PetalBot;+https://webmaster.petalsearch.com/site/petalbot)"
114.119.136.5 - - [16/Mar/2026:07:13:06 +0545] "GET /events/category/wow-women/2025-07/ HTTP/1.1" 404 796 "https://www.betterchitwan.com/events/category/wow-women/list/?tribe-bar-date=2025-07-01&eventDisplay=past" "Mozilla/5.0 (Linux; Android 7.0;) AppleWebKit/537.36 (KHTML, like Gecko) Mobile Safari/537.36 (compatible; PetalBot;+https://webmaster.petalsearch.com/site/petalbot)"
103.219.169.179 - - [16/Mar/2026:07:11:48 +0545] "POST /xmlrpc.php HTTP/1.1" 200 100 "-" "Mozilla/5.0 (Windows NT 10.0; Win64; x64) AppleWebKit/537.36 (KHTML, like Gecko) Chrome/114.0.0.0 Safari/537.36"
114.119.129.33 - - [16/Mar/2026:07:20:00 +0545] "GET /events/category/wow-women/2024-07/?outlook-ical=1 HTTP/1.1" 404 796 "https://www.betterchitwan.com/events/category/wow-women/2024-07/" "Mozilla/5.0 (Linux; Android 7.0;) AppleWebKit/537.36 (KHTML, like Gecko) Mobile Safari/537.36 (compatible; PetalBot;+https://webmaster.petalsearch.com/site/petalbot)"
2a01:4f9:5a:1745::2 - - [16/Mar/2026:07:11:38 +0545] "POST /wp-admin/admin-ajax.php?action=async_litespeed&nonce=4ef15963e2&litespeed_type=imgoptm HTTP/1.1" 200 5 "-" "WordPress/6.9.4; https://www.betterchitwan.com"
37.59.204.140 - - [16/Mar/2026:07:14:55 +0545] "GET /.lsrecap/recaptcha?tribe-bar-date=2024-09-02&outlook-ical=1 HTTP/1.1" 404 796 "-" "Mozilla/5.0 (compatible; AhrefsBot/7.0; +http://ahrefs.com/robot/)"
2a03:2880:f806:12:: - - [16/Mar/2026:07:09:10 +0545] "GET /events/tag/teej-for-all/2025-07/ HTTP/1.1" 404 796 "-" "meta-externalagent/1.1 (+https://developers.facebook.com/docs/sharing/webmasters/crawler)"
2a01:4f9:5a:1745::2 - - [16/Mar/2026:07:11:37 +0545] "POST /wp-cron.php?doing_wp_cron=1773624397.2625629901885986328125 HTTP/1.1" 200 0 "-" "WordPress/6.9.4; https://www.betterchitwan.com"
114.119.131.235 - - [16/Mar/2026:07:18:41 +0545] "GET /events/category/wow-women/2024-10/?ical=1 HTTP/1.1" 404 796 "https://www.betterchitwan.com/events/category/wow-women/2024-10/" "Mozilla/5.0 (Linux; Android 7.0;) AppleWebKit/537.36 (KHTML, like Gecko) Mobile Safari/537.36 (compatible; PetalBot;+https://webmaster.petalsearch.com/site/petalbot)"
2a01:4f9:5a:1745::2 - - [16/Mar/2026:07:19:52 +0545] "POST /wp-admin/admin-ajax.php?action=async_litespeed&nonce=4ef15963e2&litespeed_type=imgoptm HTTP/1.1" 200 5 "-" "WordPress/6.9.4; https://www.betterchitwan.com"
2a01:4f9:5a:1745::2 - - [16/Mar/2026:07:24:15 +0545] "GET /wp-content/uploads/2019/11/divider.svg HTTP/1.1" 404 796 "-" "-"
37.59.204.143 - - [16/Mar/2026:07:24:14 +0545] "GET /?sitemap665_xml HTTP/1.1" 200 26880 "-" "Mozilla/5.0 (compatible; AhrefsBot/7.0; +http://ahrefs.com/robot/)"
151.244.232.91 - - [16/Mar/2026:07:28:37 +0545] "GET /.env HTTP/1.1" 404 796 "-" "Mozilla/5.0 (Linux; U; Android 4.4.2; en-US; HM NOTE 1W Build/KOT49H) AppleWebKit/534.30 (KHTML, like Gecko) Version/4.0 UCBrowser/11.0.5.850 U3/0.8.0 Mobile Safari/534.30"
2.57.122.225 - - [16/Mar/2026:07:31:39 +0545] "GET /frontend/.git/config HTTP/1.1" 403 787 "-" "Mozilla/5.0 (Windows NT 10.0; Win64; x64) AppleWebKit/537.36 (KHTML, like Gecko) Chrome/123.0.0.0 Safari/537.36"
2.57.122.225 - - [16/Mar/2026:07:31:39 +0545] "GET /web/.git/config HTTP/1.1" 401 53 "-" "Mozilla/5.0 (Windows NT 10.0; Win64; x64) AppleWebKit/537.36 (KHTML, like Gecko) Chrome/123.0.0.0 Safari/537.36"
2.57.122.225 - - [16/Mar/2026:07:31:39 +0545] "GET /api/.git/config HTTP/1.1" 401 53 "-" "Mozilla/5.0 (Windows NT 10.0; Win64; x64) AppleWebKit/537.36 (KHTML, like Gecko) Chrome/123.0.0.0 Safari/537.36"
2.57.122.225 - - [16/Mar/2026:07:31:39 +0545] "GET /v2/.git/config HTTP/1.1" 401 53 "-" "Mozilla/5.0 (Windows NT 10.0; Win64; x64) AppleWebKit/537.36 (KHTML, like Gecko) Chrome/123.0.0.0 Safari/537.36"
2.57.122.225 - - [16/Mar/2026:07:31:39 +0545] "GET /.git/config HTTP/1.1" 401 53 "-" "Mozilla/5.0 (Windows NT 10.0; Win64; x64) AppleWebKit/537.36 (KHTML, like Gecko) Chrome/123.0.0.0 Safari/537.36"
2.57.122.225 - - [16/Mar/2026:07:31:39 +0545] "GET /main/.git/config HTTP/1.1" 401 53 "-" "Mozilla/5.0 (Windows NT 10.0; Win64; x64) AppleWebKit/537.36 (KHTML, like Gecko) Chrome/123.0.0.0 Safari/537.36"
2.57.122.225 - - [16/Mar/2026:07:31:39 +0545] "GET /web/.git/config HTTP/1.1" 200 12426 "-" "Mozilla/5.0 (Windows NT 10.0; Win64; x64) AppleWebKit/537.36 (KHTML, like Gecko) Chrome/123.0.0.0 Safari/537.36"
2.57.122.225 - - [16/Mar/2026:07:31:39 +0545] "GET /backup/.git/config HTTP/1.1" 200 12425 "-" "Mozilla/5.0 (Windows NT 10.0; Win64; x64) AppleWebKit/537.36 (KHTML, like Gecko) Chrome/123.0.0.0 Safari/537.36"
2.57.122.225 - - [16/Mar/2026:07:31:39 +0545] "GET /frontend/.git/config HTTP/1.1" 200 12428 "-" "Mozilla/5.0 (Windows NT 10.0; Win64; x64) AppleWebKit/537.36 (KHTML, like Gecko) Chrome/123.0.0.0 Safari/537.36"
2.57.122.225 - - [16/Mar/2026:07:32:23 +0545] "GET /api/.git/config HTTP/1.1" 403 787 "-" "Mozilla/5.0 (Windows NT 10.0; Win64; x64) AppleWebKit/537.36 (KHTML, like Gecko) Chrome/123.0.0.0 Safari/537.36"
2.57.122.225 - - [16/Mar/2026:07:32:23 +0545] "GET /web/.git/config HTTP/1.1" 200 974 "-" "Mozilla/5.0 (Windows NT 10.0; Win64; x64) AppleWebKit/537.36 (KHTML, like Gecko) Chrome/123.0.0.0 Safari/537.36"
2.57.122.225 - - [16/Mar/2026:07:32:23 +0545] "GET /v1/.git/config HTTP/1.1" 200 974 "-" "Mozilla/5.0 (Windows NT 10.0; Win64; x64) AppleWebKit/537.36 (KHTML, like Gecko) Chrome/123.0.0.0 Safari/537.36"
2.57.122.225 - - [16/Mar/2026:07:32:23 +0545] "GET /frontend/.git/config HTTP/1.1" 200 974 "-" "Mozilla/5.0 (Windows NT 10.0; Win64; x64) AppleWebKit/537.36 (KHTML, like Gecko) Chrome/123.0.0.0 Safari/537.36"
2a01:4f9:5a:1745::2 - - [16/Mar/2026:07:33:13 +0545] "POST /wp-cron.php?doing_wp_cron=1773625693.3144769668579101562500 HTTP/1.1" 200 0 "-" "WordPress/6.9.4; https://www.betterchitwan.com"
114.119.145.188 - - [16/Mar/2026:07:35:45 +0545] "GET /events/category/save-narayani-movement/list/?ical=1 HTTP/1.1" 404 796 "https://www.betterchitwan.com/events/category/save-narayani-movement/" "Mozilla/5.0 (Linux; Android 7.0;) AppleWebKit/537.36 (KHTML, like Gecko) Mobile Safari/537.36 (compatible; PetalBot;+https://webmaster.petalsearch.com/site/petalbot)"
149.104.77.190 - - [16/Mar/2026:07:36:14 +0545] "POST /wp-login.php HTTP/1.1" 200 974 "https://www.betterchitwan.com/wp-admin/" "Mozilla/5.0 (Windows NT 10.0; Win64; x64) AppleWebKit/537.36 (KHTML, like Gecko) Chrome/90.0.4430.85 Safari/537.36"
2a01:4f9:5a:1745::2 - - [16/Mar/2026:07:27:32 +0545] "GET /wp-content/uploads/2019/11/divider.svg HTTP/1.1" 404 796 "-" "-"
151.244.232.91 - - [16/Mar/2026:07:28:49 +0545] "POST / HTTP/1.1" 403 787 "-" "Mozilla/5.0 (Linux; U; Android 4.4.2; en-US; HM NOTE 1W Build/KOT49H) AppleWebKit/534.30 (KHTML, like Gecko) Version/4.0 UCBrowser/11.0.5.850 U3/0.8.0 Mobile Safari/534.30"
2.57.122.225 - - [16/Mar/2026:07:31:39 +0545] "GET /v1/.git/config HTTP/1.1" 403 787 "-" "Mozilla/5.0 (Windows NT 10.0; Win64; x64) AppleWebKit/537.36 (KHTML, like Gecko) Chrome/123.0.0.0 Safari/537.36"
2.57.122.225 - - [16/Mar/2026:07:31:39 +0545] "GET /app/.git/config HTTP/1.1" 403 787 "-" "Mozilla/5.0 (Windows NT 10.0; Win64; x64) AppleWebKit/537.36 (KHTML, like Gecko) Chrome/123.0.0.0 Safari/537.36"
2.57.122.225 - - [16/Mar/2026:07:31:39 +0545] "GET /v2/.git/config HTTP/1.1" 401 53 "-" "Mozilla/5.0 (Windows NT 10.0; Win64; x64) AppleWebKit/537.36 (KHTML, like Gecko) Chrome/123.0.0.0 Safari/537.36"
2.57.122.225 - - [16/Mar/2026:07:31:39 +0545] "GET /main/.git/config HTTP/1.1" 401 53 "-" "Mozilla/5.0 (Windows NT 10.0; Win64; x64) AppleWebKit/537.36 (KHTML, like Gecko) Chrome/123.0.0.0 Safari/537.36"
2.57.122.225 - - [16/Mar/2026:07:31:39 +0545] "GET /.git/config HTTP/1.1" 401 53 "-" "Mozilla/5.0 (Windows NT 10.0; Win64; x64) AppleWebKit/537.36 (KHTML, like Gecko) Chrome/123.0.0.0 Safari/537.36"
2.57.122.225 - - [16/Mar/2026:07:31:39 +0545] "GET /api/.git/config HTTP/1.1" 401 53 "-" "Mozilla/5.0 (Windows NT 10.0; Win64; x64) AppleWebKit/537.36 (KHTML, like Gecko) Chrome/123.0.0.0 Safari/537.36"
2.57.122.225 - - [16/Mar/2026:07:31:39 +0545] "GET /backend/.git/config HTTP/1.1" 200 12424 "-" "Mozilla/5.0 (Windows NT 10.0; Win64; x64) AppleWebKit/537.36 (KHTML, like Gecko) Chrome/123.0.0.0 Safari/537.36"
2.57.122.225 - - [16/Mar/2026:07:31:39 +0545] "GET /api/.git/config HTTP/1.1" 200 12425 "-" "Mozilla/5.0 (Windows NT 10.0; Win64; x64) AppleWebKit/537.36 (KHTML, like Gecko) Chrome/123.0.0.0 Safari/537.36"
2.57.122.225 - - [16/Mar/2026:07:31:39 +0545] "GET /.git/config HTTP/1.1" 200 12424 "-" "Mozilla/5.0 (Windows NT 10.0; Win64; x64) AppleWebKit/537.36 (KHTML, like Gecko) Chrome/123.0.0.0 Safari/537.36"
2.57.122.225 - - [16/Mar/2026:07:31:39 +0545] "GET /backend/.git/config HTTP/1.1" 200 12425 "-" "Mozilla/5.0 (Windows NT 10.0; Win64; x64) AppleWebKit/537.36 (KHTML, like Gecko) Chrome/123.0.0.0 Safari/537.36"
2.57.122.225 - - [16/Mar/2026:07:31:39 +0545] "GET /backup/.git/config HTTP/1.1" 200 12427 "-" "Mozilla/5.0 (Windows NT 10.0; Win64; x64) AppleWebKit/537.36 (KHTML, like Gecko) Chrome/123.0.0.0 Safari/537.36"
2.57.122.225 - - [16/Mar/2026:07:31:39 +0545] "GET /v1/.git/config HTTP/1.1" 200 12424 "-" "Mozilla/5.0 (Windows NT 10.0; Win64; x64) AppleWebKit/537.36 (KHTML, like Gecko) Chrome/123.0.0.0 Safari/537.36"
2.57.122.225 - - [16/Mar/2026:07:32:23 +0545] "GET /backup/.git/config HTTP/1.1" 403 787 "-" "Mozilla/5.0 (Windows NT 10.0; Win64; x64) AppleWebKit/537.36 (KHTML, like Gecko) Chrome/123.0.0.0 Safari/537.36"
2.57.122.225 - - [16/Mar/2026:07:32:23 +0545] "GET /v1/.git/config HTTP/1.1" 403 787 "-" "Mozilla/5.0 (Windows NT 10.0; Win64; x64) AppleWebKit/537.36 (KHTML, like Gecko) Chrome/123.0.0.0 Safari/537.36"
2.57.122.225 - - [16/Mar/2026:07:32:23 +0545] "GET /web/.git/config HTTP/1.1" 401 53 "-" "Mozilla/5.0 (Windows NT 10.0; Win64; x64) AppleWebKit/537.36 (KHTML, like Gecko) Chrome/123.0.0.0 Safari/537.36"
2.57.122.225 - - [16/Mar/2026:07:32:23 +0545] "GET /backend/.git/config HTTP/1.1" 401 53 "-" "Mozilla/5.0 (Windows NT 10.0; Win64; x64) AppleWebKit/537.36 (KHTML, like Gecko) Chrome/123.0.0.0 Safari/537.36"
51.68.247.208 - - [16/Mar/2026:07:34:13 +0545] "GET /.lsrecap/recaptcha?tribe-bar-date=2025-01-31&eventDisplay=past HTTP/1.1" 404 796 "-" "Mozilla/5.0 (compatible; AhrefsBot/7.0; +http://ahrefs.com/robot/)"
192.178.6.64 - - [16/Mar/2026:07:38:26 +0545] "GET /robots.txt HTTP/1.1" 304 0 "-" "Mozilla/5.0 (compatible; Googlebot/2.1; +http://www.google.com/bot.html)"
2a01:4f9:5a:1745::2 - - [16/Mar/2026:07:24:13 +0545] "POST /wp-cron.php?doing_wp_cron=1773625153.4707739353179931640625 HTTP/1.1" 200 0 "-" "WordPress/6.9.4; https://www.betterchitwan.com"
2a01:4f9:5a:1745::2 - - [16/Mar/2026:07:27:30 +0545] "POST /wp-cron.php?doing_wp_cron=1773625350.4836568832397460937500 HTTP/1.1" 200 0 "-" "WordPress/6.9.4; https://www.betterchitwan.com"
92.222.108.120 - - [16/Mar/2026:07:27:31 +0545] "GET /?sitemap36_xml HTTP/1.1" 200 26872 "-" "Mozilla/5.0 (compatible; AhrefsBot/7.0; +http://ahrefs.com/robot/)"
2.57.122.225 - - [16/Mar/2026:07:31:39 +0545] "GET /backend/.git/config HTTP/1.1" 403 787 "-" "Mozilla/5.0 (Windows NT 10.0; Win64; x64) AppleWebKit/537.36 (KHTML, like Gecko) Chrome/123.0.0.0 Safari/537.36"
2.57.122.225 - - [16/Mar/2026:07:31:39 +0545] "GET /web/.git/config HTTP/1.1" 401 53 "-" "Mozilla/5.0 (Windows NT 10.0; Win64; x64) AppleWebKit/537.36 (KHTML, like Gecko) Chrome/123.0.0.0 Safari/537.36"
2.57.122.225 - - [16/Mar/2026:07:31:39 +0545] "GET /backup/.git/config HTTP/1.1" 401 53 "-" "Mozilla/5.0 (Windows NT 10.0; Win64; x64) AppleWebKit/537.36 (KHTML, like Gecko) Chrome/123.0.0.0 Safari/537.36"
2.57.122.225 - - [16/Mar/2026:07:31:39 +0545] "GET /v1/.git/config HTTP/1.1" 200 12420 "-" "Mozilla/5.0 (Windows NT 10.0; Win64; x64) AppleWebKit/537.36 (KHTML, like Gecko) Chrome/123.0.0.0 Safari/537.36"
2.57.122.225 - - [16/Mar/2026:07:32:23 +0545] "GET /.git/config HTTP/1.1" 403 4936 "-" "Mozilla/5.0 (Windows NT 10.0; Win64; x64) AppleWebKit/537.36 (KHTML, like Gecko) Chrome/123.0.0.0 Safari/537.36"
2.57.122.225 - - [16/Mar/2026:07:32:23 +0545] "GET /main/.git/config HTTP/1.1" 401 53 "-" "Mozilla/5.0 (Windows NT 10.0; Win64; x64) AppleWebKit/537.36 (KHTML, like Gecko) Chrome/123.0.0.0 Safari/537.36"
2.57.122.225 - - [16/Mar/2026:07:32:23 +0545] "GET /api/.git/config HTTP/1.1" 401 53 "-" "Mozilla/5.0 (Windows NT 10.0; Win64; x64) AppleWebKit/537.36 (KHTML, like Gecko) Chrome/123.0.0.0 Safari/537.36"
2.57.122.225 - - [16/Mar/2026:07:32:23 +0545] "GET /v2/.git/config HTTP/1.1" 200 974 "-" "Mozilla/5.0 (Windows NT 10.0; Win64; x64) AppleWebKit/537.36 (KHTML, like Gecko) Chrome/123.0.0.0 Safari/537.36"
151.237.187.135 - - [16/Mar/2026:07:33:03 +0545] "GET /wp-login.php HTTP/1.1" 200 974 "https://www.linkedin.com/" "Mozilla/5.0 (X11; Linux x86_64) AppleWebKit/537.36 (KHTML, like Gecko) Chrome/121.0.6167.85 Safari/537.36"
151.237.187.135 - - [16/Mar/2026:07:33:03 +0545] "GET /wp-login.php HTTP/1.1" 200 974 "https://wordpress.org/" "Mozilla/5.0 (Windows NT 10.0; Win64; x64) AppleWebKit/537.36 (KHTML, like Gecko) Chrome/121.0.0.0 Safari/537.36 Edg/121.0.2277.83"
2.57.122.225 - - [16/Mar/2026:07:31:39 +0545] "GET /.git/config HTTP/1.1" 403 787 "-" "Mozilla/5.0 (Windows NT 10.0; Win64; x64) AppleWebKit/537.36 (KHTML, like Gecko) Chrome/123.0.0.0 Safari/537.36"
2.57.122.225 - - [16/Mar/2026:07:31:39 +0545] "GET /v1/.git/config HTTP/1.1" 403 787 "-" "Mozilla/5.0 (Windows NT 10.0; Win64; x64) AppleWebKit/537.36 (KHTML, like Gecko) Chrome/123.0.0.0 Safari/537.36"
2.57.122.225 - - [16/Mar/2026:07:31:39 +0545] "GET /backup/.git/config HTTP/1.1" 403 787 "-" "Mozilla/5.0 (Windows NT 10.0; Win64; x64) AppleWebKit/537.36 (KHTML, like Gecko) Chrome/123.0.0.0 Safari/537.36"
2.57.122.225 - - [16/Mar/2026:07:31:39 +0545] "GET /api/.git/config HTTP/1.1" 403 787 "-" "Mozilla/5.0 (Windows NT 10.0; Win64; x64) AppleWebKit/537.36 (KHTML, like Gecko) Chrome/123.0.0.0 Safari/537.36"
2.57.122.225 - - [16/Mar/2026:07:31:39 +0545] "GET /web/.git/config HTTP/1.1" 403 787 "-" "Mozilla/5.0 (Windows NT 10.0; Win64; x64) AppleWebKit/537.36 (KHTML, like Gecko) Chrome/123.0.0.0 Safari/537.36"
2.57.122.225 - - [16/Mar/2026:07:31:39 +0545] "GET /.git/config HTTP/1.1" 403 787 "-" "Mozilla/5.0 (Windows NT 10.0; Win64; x64) AppleWebKit/537.36 (KHTML, like Gecko) Chrome/123.0.0.0 Safari/537.36"
2.57.122.225 - - [16/Mar/2026:07:32:23 +0545] "GET /v1/.git/config HTTP/1.1" 401 53 "-" "Mozilla/5.0 (Windows NT 10.0; Win64; x64) AppleWebKit/537.36 (KHTML, like Gecko) Chrome/123.0.0.0 Safari/537.36"
2.57.122.225 - - [16/Mar/2026:07:32:23 +0545] "GET /backend/.git/config HTTP/1.1" 200 974 "-" "Mozilla/5.0 (Windows NT 10.0; Win64; x64) AppleWebKit/537.36 (KHTML, like Gecko) Chrome/123.0.0.0 Safari/537.36"
151.237.187.135 - - [16/Mar/2026:07:33:11 +0545] "GET /wp-login.php?redirect_to=https%3A%2F%2Fbetterchitwan.com%2Fwp-admin%2F&reauth=1 HTTP/1.1" 200 1049 "-" "Mozilla/5.0 (X11; Linux x86_64) Gecko/20100101 Firefox/122.0"
114.119.129.33 - - [16/Mar/2026:07:34:01 +0545] "GET /events/category/save-narayani-movement/list/?tribe-bar-date=2025-04-01 HTTP/1.1" 404 796 "https://www.betterchitwan.com/events/category/save-narayani-movement/2025-04/" "Mozilla/5.0 (Linux; Android 7.0;) AppleWebKit/537.36 (KHTML, like Gecko) Mobile Safari/537.36 (compatible; PetalBot;+https://webmaster.petalsearch.com/site/petalbot)"
149.104.77.190 - - [16/Mar/2026:07:36:15 +0545] "GET /wp-login.php?redirect_to=https%3A%2F%2Fwww.betterchitwan.com%2Fwp-admin%2F&reauth=1 HTTP/1.1" 200 1052 "www.google.com" "Mozilla/5.0 (Windows NT 10.0; Win64; x64) AppleWebKit/537.36 (KHTML, like Gecko) Chrome/90.0.4430.85 Safari/537.36"
149.104.77.190 - - [16/Mar/2026:07:36:21 +0545] "POST /wp-login.php HTTP/1.1" 200 974 "https://www.betterchitwan.com/wp-admin/" "Mozilla/5.0 (Windows NT 10.0; Win64; x64) AppleWebKit/537.36 (KHTML, like Gecko) Chrome/90.0.4430.85 Safari/537.36"
37.59.204.143 - - [16/Mar/2026:07:24:12 +0545] "GET /?sitemap665.xml HTTP/1.1" 301 0 "-" "Mozilla/5.0 (compatible; AhrefsBot/7.0; +http://ahrefs.com/robot/)"
2a01:4f9:5a:1745::2 - - [16/Mar/2026:07:27:31 +0545] "POST /wp-admin/admin-ajax.php?action=async_litespeed&nonce=4ef15963e2&litespeed_type=imgoptm HTTP/1.1" 200 5 "-" "WordPress/6.9.4; https://www.betterchitwan.com"
2.57.122.225 - - [16/Mar/2026:07:31:39 +0545] "GET /main/.git/config HTTP/1.1" 403 787 "-" "Mozilla/5.0 (Windows NT 10.0; Win64; x64) AppleWebKit/537.36 (KHTML, like Gecko) Chrome/123.0.0.0 Safari/537.36"
2.57.122.225 - - [16/Mar/2026:07:31:39 +0545] "GET /v2/.git/config HTTP/1.1" 403 787 "-" "Mozilla/5.0 (Windows NT 10.0; Win64; x64) AppleWebKit/537.36 (KHTML, like Gecko) Chrome/123.0.0.0 Safari/537.36"
2.57.122.225 - - [16/Mar/2026:07:31:39 +0545] "GET /app/.git/config HTTP/1.1" 401 53 "-" "Mozilla/5.0 (Windows NT 10.0; Win64; x64) AppleWebKit/537.36 (KHTML, like Gecko) Chrome/123.0.0.0 Safari/537.36"
2.57.122.225 - - [16/Mar/2026:07:31:39 +0545] "GET /v1/.git/config HTTP/1.1" 401 53 "-" "Mozilla/5.0 (Windows NT 10.0; Win64; x64) AppleWebKit/537.36 (KHTML, like Gecko) Chrome/123.0.0.0 Safari/537.36"
2.57.122.225 - - [16/Mar/2026:07:31:39 +0545] "GET /frontend/.git/config HTTP/1.1" 200 12420 "-" "Mozilla/5.0 (Windows NT 10.0; Win64; x64) AppleWebKit/537.36 (KHTML, like Gecko) Chrome/123.0.0.0 Safari/537.36"
2.57.122.225 - - [16/Mar/2026:07:31:39 +0545] "GET /web/.git/config HTTP/1.1" 200 12419 "-" "Mozilla/5.0 (Windows NT 10.0; Win64; x64) AppleWebKit/537.36 (KHTML, like Gecko) Chrome/123.0.0.0 Safari/537.36"
2.57.122.225 - - [16/Mar/2026:07:31:39 +0545] "GET /main/.git/config HTTP/1.1" 200 12426 "-" "Mozilla/5.0 (Windows NT 10.0; Win64; x64) AppleWebKit/537.36 (KHTML, like Gecko) Chrome/123.0.0.0 Safari/537.36"
2.57.122.225 - - [16/Mar/2026:07:31:39 +0545] "GET /.git/config HTTP/1.1" 200 12424 "-" "Mozilla/5.0 (Windows NT 10.0; Win64; x64) AppleWebKit/537.36 (KHTML, like Gecko) Chrome/123.0.0.0 Safari/537.36"
2.57.122.225 - - [16/Mar/2026:07:31:39 +0545] "GET /v2/.git/config HTTP/1.1" 200 12426 "-" "Mozilla/5.0 (Windows NT 10.0; Win64; x64) AppleWebKit/537.36 (KHTML, like Gecko) Chrome/123.0.0.0 Safari/537.36"
2.57.122.225 - - [16/Mar/2026:07:32:23 +0545] "GET /backend/.git/config HTTP/1.1" 403 787 "-" "Mozilla/5.0 (Windows NT 10.0; Win64; x64) AppleWebKit/537.36 (KHTML, like Gecko) Chrome/123.0.0.0 Safari/537.36"
2.57.122.225 - - [16/Mar/2026:07:32:23 +0545] "GET /frontend/.git/config HTTP/1.1" 403 787 "-" "Mozilla/5.0 (Windows NT 10.0; Win64; x64) AppleWebKit/537.36 (KHTML, like Gecko) Chrome/123.0.0.0 Safari/537.36"
2.57.122.225 - - [16/Mar/2026:07:32:23 +0545] "GET /backup/.git/config HTTP/1.1" 403 4936 "-" "Mozilla/5.0 (Windows NT 10.0; Win64; x64) AppleWebKit/537.36 (KHTML, like Gecko) Chrome/123.0.0.0 Safari/537.36"
2.57.122.225 - - [16/Mar/2026:07:32:23 +0545] "GET /frontend/.git/config HTTP/1.1" 401 53 "-" "Mozilla/5.0 (Windows NT 10.0; Win64; x64) AppleWebKit/537.36 (KHTML, like Gecko) Chrome/123.0.0.0 Safari/537.36"
2.57.122.225 - - [16/Mar/2026:07:32:23 +0545] "GET /api/.git/config HTTP/1.1" 200 974 "-" "Mozilla/5.0 (Windows NT 10.0; Win64; x64) AppleWebKit/537.36 (KHTML, like Gecko) Chrome/123.0.0.0 Safari/537.36"
43.132.141.175 - - [16/Mar/2026:07:33:03 +0545] "GET /wp-content/uploads/2024/01/IMG_1502-1024x769.jpg HTTP/1.1" 200 167392 "-" "Mozilla/5.0 (Windows NT 10.0; Win64; x64) AppleWebKit/537.36"
2a01:4f9:5a:1745::2 - - [16/Mar/2026:07:36:16 +0545] "POST /wp-admin/admin-ajax.php?action=async_litespeed&nonce=4ef15963e2&litespeed_type=imgoptm HTTP/1.1" 200 5 "-" "WordPress/6.9.4; https://www.betterchitwan.com"
149.104.77.190 - - [16/Mar/2026:07:36:14 +0545] "GET /wp-admin/ HTTP/1.1" 302 0 "www.google.com" "Mozilla/5.0 (Windows NT 10.0; Win64; x64) AppleWebKit/537.36 (KHTML, like Gecko) Chrome/90.0.4430.85 Safari/537.36"
2a01:4f9:5a:1745::2 - - [16/Mar/2026:07:24:14 +0545] "POST /wp-admin/admin-ajax.php?action=async_litespeed&nonce=4ef15963e2&litespeed_type=imgoptm HTTP/1.1" 200 5 "-" "WordPress/6.9.4; https://www.betterchitwan.com"
151.244.232.91 - - [16/Mar/2026:07:29:17 +0545] "GET /vendor/phpunit/phpunit/src/Util/PHP/eval-stdin.php HTTP/1.1" 404 796 "-" "python-requests/2.25.1"
2.57.122.225 - - [16/Mar/2026:07:31:39 +0545] "GET /backup/.git/config HTTP/1.1" 403 787 "-" "Mozilla/5.0 (Windows NT 10.0; Win64; x64) AppleWebKit/537.36 (KHTML, like Gecko) Chrome/123.0.0.0 Safari/537.36"
2.57.122.225 - - [16/Mar/2026:07:31:39 +0545] "GET /app/.git/config HTTP/1.1" 403 787 "-" "Mozilla/5.0 (Windows NT 10.0; Win64; x64) AppleWebKit/537.36 (KHTML, like Gecko) Chrome/123.0.0.0 Safari/537.36"
2.57.122.225 - - [16/Mar/2026:07:31:39 +0545] "GET /backend/.git/config HTTP/1.1" 403 787 "-" "Mozilla/5.0 (Windows NT 10.0; Win64; x64) AppleWebKit/537.36 (KHTML, like Gecko) Chrome/123.0.0.0 Safari/537.36"
2.57.122.225 - - [16/Mar/2026:07:31:39 +0545] "GET /frontend/.git/config HTTP/1.1" 401 53 "-" "Mozilla/5.0 (Windows NT 10.0; Win64; x64) AppleWebKit/537.36 (KHTML, like Gecko) Chrome/123.0.0.0 Safari/537.36"
2.57.122.225 - - [16/Mar/2026:07:31:39 +0545] "GET /v1/.git/config HTTP/1.1" 401 53 "-" "Mozilla/5.0 (Windows NT 10.0; Win64; x64) AppleWebKit/537.36 (KHTML, like Gecko) Chrome/123.0.0.0 Safari/537.36"
2.57.122.225 - - [16/Mar/2026:07:31:39 +0545] "GET /backend/.git/config HTTP/1.1" 401 53 "-" "Mozilla/5.0 (Windows NT 10.0; Win64; x64) AppleWebKit/537.36 (KHTML, like Gecko) Chrome/123.0.0.0 Safari/537.36"
2.57.122.225 - - [16/Mar/2026:07:31:39 +0545] "GET /backup/.git/config HTTP/1.1" 401 53 "-" "Mozilla/5.0 (Windows NT 10.0; Win64; x64) AppleWebKit/537.36 (KHTML, like Gecko) Chrome/123.0.0.0 Safari/537.36"
2.57.122.225 - - [16/Mar/2026:07:31:39 +0545] "GET /api/.git/config HTTP/1.1" 200 12425 "-" "Mozilla/5.0 (Windows NT 10.0; Win64; x64) AppleWebKit/537.36 (KHTML, like Gecko) Chrome/123.0.0.0 Safari/537.36"
2.57.122.225 - - [16/Mar/2026:07:32:23 +0545] "GET /main/.git/config HTTP/1.1" 403 787 "-" "Mozilla/5.0 (Windows NT 10.0; Win64; x64) AppleWebKit/537.36 (KHTML, like Gecko) Chrome/123.0.0.0 Safari/537.36"
2.57.122.225 - - [16/Mar/2026:07:32:23 +0545] "GET /.git/config HTTP/1.1" 401 53 "-" "Mozilla/5.0 (Windows NT 10.0; Win64; x64) AppleWebKit/537.36 (KHTML, like Gecko) Chrome/123.0.0.0 Safari/537.36"
2.57.122.225 - - [16/Mar/2026:07:32:23 +0545] "GET /app/.git/config HTTP/1.1" 401 53 "-" "Mozilla/5.0 (Windows NT 10.0; Win64; x64) AppleWebKit/537.36 (KHTML, like Gecko) Chrome/123.0.0.0 Safari/537.36"
151.237.187.135 - - [16/Mar/2026:07:33:10 +0545] "GET /wp-admin/ HTTP/1.1" 302 0 "-" "Mozilla/5.0 (X11; Linux x86_64) Gecko/20100101 Firefox/122.0"
149.104.77.190 - - [16/Mar/2026:07:36:30 +0545] "GET /wp-admin/ HTTP/1.1" 302 0 "www.google.com" "Mozilla/5.0 (Windows NT 10.0; Win64; x64) AppleWebKit/537.36 (KHTML, like Gecko) Chrome/90.0.4430.85 Safari/537.36"
149.104.77.190 - - [16/Mar/2026:07:36:31 +0545] "GET /wp-login.php?redirect_to=https%3A%2F%2Fwww.betterchitwan.com%2Fwp-admin%2F&reauth=1 HTTP/1.1" 200 1052 "www.google.com" "Mozilla/5.0 (Windows NT 10.0; Win64; x64) AppleWebKit/537.36 (KHTML, like Gecko) Chrome/90.0.4430.85 Safari/537.36"
192.178.6.65 - - [16/Mar/2026:07:38:27 +0545] "GET /events/list/?tribe-bar-date=2025-07-24&eventDisplay=past HTTP/1.1" 404 796 "-" "Mozilla/5.0 (Linux; Android 6.0.1; Nexus 5X Build/MMB29P) AppleWebKit/537.36 (KHTML, like Gecko) Chrome/145.0.7632.116 Mobile Safari/537.36 (compatible; Googlebot/2.1; +http://www.google.com/bot.html)"
3.151.194.164 - - [16/Mar/2026:07:25:14 +0545] "GET / HTTP/1.1" 401 53 "http://cpcalendars.betterchitwan.com/" "visionheight.com/scan Mozilla/5.0 (Macintosh; Intel Mac OS X 10_15_7) Chrome/126.0.0.0 Safari/537.36"
114.119.146.77 - - [16/Mar/2026:07:28:39 +0545] "GET /events/category/sl2/list/?tribe-bar-date=2025-03-01 HTTP/1.1" 404 796 "https://www.betterchitwan.com/events/category/sl2/2025-03/" "Mozilla/5.0 (Linux; Android 7.0;) AppleWebKit/537.36 (KHTML, like Gecko) Mobile Safari/537.36 (compatible; PetalBot;+https://webmaster.petalsearch.com/site/petalbot)"
114.119.152.60 - - [16/Mar/2026:07:29:40 +0545] "GET /events/category/sl2/2025-04/?outlook-ical=1 HTTP/1.1" 404 796 "https://www.betterchitwan.com/events/category/sl2/2025-04/" "Mozilla/5.0 (Linux; Android 7.0;) AppleWebKit/537.36 (KHTML, like Gecko) Mobile Safari/537.36 (compatible; PetalBot;+https://webmaster.petalsearch.com/site/petalbot)"
2.57.122.225 - - [16/Mar/2026:07:31:39 +0545] "GET /backend/.git/config HTTP/1.1" 401 53 "-" "Mozilla/5.0 (Windows NT 10.0; Win64; x64) AppleWebKit/537.36 (KHTML, like Gecko) Chrome/123.0.0.0 Safari/537.36"
2.57.122.225 - - [16/Mar/2026:07:31:39 +0545] "GET /app/.git/config HTTP/1.1" 200 12429 "-" "Mozilla/5.0 (Windows NT 10.0; Win64; x64) AppleWebKit/537.36 (KHTML, like Gecko) Chrome/123.0.0.0 Safari/537.36"
2.57.122.225 - - [16/Mar/2026:07:31:39 +0545] "GET /v2/.git/config HTTP/1.1" 200 12426 "-" "Mozilla/5.0 (Windows NT 10.0; Win64; x64) AppleWebKit/537.36 (KHTML, like Gecko) Chrome/123.0.0.0 Safari/537.36"
2.57.122.225 - - [16/Mar/2026:07:32:23 +0545] "GET /v2/.git/config HTTP/1.1" 403 787 "-" "Mozilla/5.0 (Windows NT 10.0; Win64; x64) AppleWebKit/537.36 (KHTML, like Gecko) Chrome/123.0.0.0 Safari/537.36"
2.57.122.225 - - [16/Mar/2026:07:32:23 +0545] "GET /app/.git/config HTTP/1.1" 403 787 "-" "Mozilla/5.0 (Windows NT 10.0; Win64; x64) AppleWebKit/537.36 (KHTML, like Gecko) Chrome/123.0.0.0 Safari/537.36"
2.57.122.225 - - [16/Mar/2026:07:32:23 +0545] "GET /app/.git/config HTTP/1.1" 403 4936 "-" "Mozilla/5.0 (Windows NT 10.0; Win64; x64) AppleWebKit/537.36 (KHTML, like Gecko) Chrome/123.0.0.0 Safari/537.36"
2.57.122.225 - - [16/Mar/2026:07:32:23 +0545] "GET /main/.git/config HTTP/1.1" 403 4936 "-" "Mozilla/5.0 (Windows NT 10.0; Win64; x64) AppleWebKit/537.36 (KHTML, like Gecko) Chrome/123.0.0.0 Safari/537.36"
2.57.122.225 - - [16/Mar/2026:07:32:23 +0545] "GET /v2/.git/config HTTP/1.1" 401 53 "-" "Mozilla/5.0 (Windows NT 10.0; Win64; x64) AppleWebKit/537.36 (KHTML, like Gecko) Chrome/123.0.0.0 Safari/537.36"
2a01:4f9:5a:1745::2 - - [16/Mar/2026:07:33:12 +0545] "POST /wp-admin/admin-ajax.php?action=async_litespeed&nonce=4ef15963e2&litespeed_type=imgoptm HTTP/1.1" 200 5 "-" "WordPress/6.9.4; https://www.betterchitwan.com"
2a01:4f9:5a:1745::2 - - [16/Mar/2026:07:36:15 +0545] "POST /wp-cron.php?doing_wp_cron=1773625875.1941869258880615234375 HTTP/1.1" 200 0 "-" "WordPress/6.9.4; https://www.betterchitwan.com"
114.119.131.235 - - [16/Mar/2026:07:39:14 +0545] "GET /events/category/plant-a-tree/list?tribe-bar-date=2025-04-11&ical=1 HTTP/1.1" 404 796 "-" "Mozilla/5.0 (Linux; Android 7.0;) AppleWebKit/537.36 (KHTML, like Gecko) Mobile Safari/537.36 (compatible; PetalBot;+https://webmaster.petalsearch.com/site/petalbot)"
92.222.108.120 - - [16/Mar/2026:07:27:29 +0545] "GET /?sitemap36.xml HTTP/1.1" 301 0 "-" "Mozilla/5.0 (compatible; AhrefsBot/7.0; +http://ahrefs.com/robot/)"
92.222.104.214 - - [16/Mar/2026:07:31:23 +0545] "GET /.lsrecap/recaptcha?tribe-bar-date=2023-07-15&outlook-ical=1 HTTP/1.1" 404 796 "-" "Mozilla/5.0 (compatible; AhrefsBot/7.0; +http://ahrefs.com/robot/)"
2.57.122.225 - - [16/Mar/2026:07:31:39 +0545] "GET /frontend/.git/config HTTP/1.1" 403 787 "-" "Mozilla/5.0 (Windows NT 10.0; Win64; x64) AppleWebKit/537.36 (KHTML, like Gecko) Chrome/123.0.0.0 Safari/537.36"
2.57.122.225 - - [16/Mar/2026:07:31:39 +0545] "GET /v2/.git/config HTTP/1.1" 403 787 "-" "Mozilla/5.0 (Windows NT 10.0; Win64; x64) AppleWebKit/537.36 (KHTML, like Gecko) Chrome/123.0.0.0 Safari/537.36"
2.57.122.225 - - [16/Mar/2026:07:31:39 +0545] "GET /main/.git/config HTTP/1.1" 403 787 "-" "Mozilla/5.0 (Windows NT 10.0; Win64; x64) AppleWebKit/537.36 (KHTML, like Gecko) Chrome/123.0.0.0 Safari/537.36"
2.57.122.225 - - [16/Mar/2026:07:31:39 +0545] "GET /web/.git/config HTTP/1.1" 403 787 "-" "Mozilla/5.0 (Windows NT 10.0; Win64; x64) AppleWebKit/537.36 (KHTML, like Gecko) Chrome/123.0.0.0 Safari/537.36"
2.57.122.225 - - [16/Mar/2026:07:31:39 +0545] "GET /api/.git/config HTTP/1.1" 403 787 "-" "Mozilla/5.0 (Windows NT 10.0; Win64; x64) AppleWebKit/537.36 (KHTML, like Gecko) Chrome/123.0.0.0 Safari/537.36"
2.57.122.225 - - [16/Mar/2026:07:31:39 +0545] "GET /app/.git/config HTTP/1.1" 401 53 "-" "Mozilla/5.0 (Windows NT 10.0; Win64; x64) AppleWebKit/537.36 (KHTML, like Gecko) Chrome/123.0.0.0 Safari/537.36"
2.57.122.225 - - [16/Mar/2026:07:31:39 +0545] "GET /frontend/.git/config HTTP/1.1" 401 53 "-" "Mozilla/5.0 (Windows NT 10.0; Win64; x64) AppleWebKit/537.36 (KHTML, like Gecko) Chrome/123.0.0.0 Safari/537.36"
2.57.122.225 - - [16/Mar/2026:07:31:39 +0545] "GET /main/.git/config HTTP/1.1" 200 12426 "-" "Mozilla/5.0 (Windows NT 10.0; Win64; x64) AppleWebKit/537.36 (KHTML, like Gecko) Chrome/123.0.0.0 Safari/537.36"
2.57.122.225 - - [16/Mar/2026:07:31:39 +0545] "GET /app/.git/config HTTP/1.1" 200 12419 "-" "Mozilla/5.0 (Windows NT 10.0; Win64; x64) AppleWebKit/537.36 (KHTML, like Gecko) Chrome/123.0.0.0 Safari/537.36"
2.57.122.225 - - [16/Mar/2026:07:32:23 +0545] "GET /.git/config HTTP/1.1" 403 787 "-" "Mozilla/5.0 (Windows NT 10.0; Win64; x64) AppleWebKit/537.36 (KHTML, like Gecko) Chrome/123.0.0.0 Safari/537.36"
2.57.122.225 - - [16/Mar/2026:07:32:23 +0545] "GET /web/.git/config HTTP/1.1" 403 787 "-" "Mozilla/5.0 (Windows NT 10.0; Win64; x64) AppleWebKit/537.36 (KHTML, like Gecko) Chrome/123.0.0.0 Safari/537.36"
2.57.122.225 - - [16/Mar/2026:07:32:23 +0545] "GET /backup/.git/config HTTP/1.1" 401 53 "-" "Mozilla/5.0 (Windows NT 10.0; Win64; x64) AppleWebKit/537.36 (KHTML, like Gecko) Chrome/123.0.0.0 Safari/537.36"
2a01:4f9:5a:1745::2 - - [16/Mar/2026:07:33:11 +0545] "POST /wp-cron.php?doing_wp_cron=1773625691.3300631046295166015625 HTTP/1.1" 200 0 "-" "WordPress/6.9.4; https://www.betterchitwan.com"
5.39.1.242 - - [16/Mar/2026:07:37:44 +0545] "GET /.lsrecap/recaptcha?tribe-bar-date=2024-01-01&outlook-ical=1 HTTP/1.1" 404 796 "-" "Mozilla/5.0 (compatible; AhrefsBot/7.0; +http://ahrefs.com/robot/)"
5.39.1.255 - - [16/Mar/2026:07:43:45 +0545] "GET /.lsrecap/recaptcha?tribe-bar-date=2023-01-19&outlook-ical=1 HTTP/1.1" 404 796 "-" "Mozilla/5.0 (compatible; AhrefsBot/7.0; +http://ahrefs.com/robot/)"
2a01:4f9:5a:1745::2 - - [16/Mar/2026:07:44:45 +0545] "POST /wp-admin/admin-ajax.php?action=async_litespeed&nonce=4ef15963e2&litespeed_type=imgoptm HTTP/1.1" 200 5 "-" "WordPress/6.9.4; https://www.betterchitwan.com"
2a09:bac6:d69f:1d0f::2e5:5c - - [16/Mar/2026:07:44:57 +0545] "POST /xmlrpc.php HTTP/1.1" 200 186 "https://www.google.com/" "Mozilla/5.0 (Macintosh; Intel Mac OS X 10_15_7) AppleWebKit/537.36 (KHTML, like Gecko) Chrome/91.0.4472.124 Safari/537.36"
149.104.77.190 - - [16/Mar/2026:07:44:57 +0545] "GET /wp-login.php?redirect_to=https%3A%2F%2Fwww.betterchitwan.com%2Fwp-admin%2F&reauth=1 HTTP/1.1" 200 1052 "www.google.com" "Mozilla/5.0 (Windows NT 10.0; Win64; x64) AppleWebKit/537.36 (KHTML, like Gecko) Chrome/90.0.4430.85 Safari/537.36"
2a09:bac6:d69f:1d0f::2e5:5c - - [16/Mar/2026:07:45:55 +0545] "POST /xmlrpc.php HTTP/1.1" 200 974 "https://www.google.com/" "MyXMLRPCClient/1.0"
2a01:4f9:5a:1745::2 - - [16/Mar/2026:07:46:04 +0545] "POST /wp-admin/admin-ajax.php?action=async_litespeed&nonce=4ef15963e2&litespeed_type=imgoptm HTTP/1.1" 200 5 "-" "WordPress/6.9.4; https://www.betterchitwan.com"
2a09:bac6:d69f:1d0f::2e5:5c - - [16/Mar/2026:07:46:16 +0545] "POST /xmlrpc.php HTTP/1.1" 200 186 "https://www.google.com/" "Mozilla/5.0 (Linux; Android 10; Pixel 4) AppleWebKit/537.36 (KHTML, like Gecko) Chrome/91.0.4472.124 Mobile Safari/537.36"
2a09:bac6:d69f:1d0f::2e5:5c - - [16/Mar/2026:07:46:17 +0545] "POST /xmlrpc.php HTTP/1.1" 200 186 "https://www.google.com/" "Mozilla/5.0 (Macintosh; Intel Mac OS X 10_15_7) AppleWebKit/605.1.15 (KHTML, like Gecko) Version/16.5 Safari/605.1.15"
2a09:bac5:55fe:1d0f::2e5:5c - - [16/Mar/2026:07:47:01 +0545] "POST /xmlrpc.php HTTP/1.1" 200 186 "https://www.google.com/" "Mozilla/5.0 (Windows NT 10.0; Win64; x64) AppleWebKit/537.36 (KHTML, like Gecko) Chrome/91.0.4472.124 Safari/537.36"
2a09:bac5:55fe:1d0f::2e5:5c - - [16/Mar/2026:07:47:49 +0545] "POST /xmlrpc.php HTTP/1.1" 200 245 "https://www.google.com/" "Mozilla/5.0 (Macintosh; Intel Mac OS X 10_15_7) AppleWebKit/605.1.15 (KHTML, like Gecko) Version/16.5 Safari/605.1.15"
2a09:bac5:55fe:1d0f::2e5:5c - - [16/Mar/2026:07:48:09 +0545] "POST /xmlrpc.php HTTP/1.1" 200 186 "https://www.google.com/" "Mozilla/5.0 (Macintosh; Intel Mac OS X 10_15_7) AppleWebKit/605.1.15 (KHTML, like Gecko) Version/16.5 Safari/605.1.15"
2a09:bac5:55fe:1d0f::2e5:5c - - [16/Mar/2026:07:48:11 +0545] "POST /xmlrpc.php HTTP/1.1" 200 186 "https://www.google.com/" "Mozilla/5.0 (Macintosh; Intel Mac OS X 10_15_7) AppleWebKit/537.36 (KHTML, like Gecko) Chrome/91.0.4472.124 Safari/537.36"
2a09:bac5:55fe:1d0f::2e5:5c - - [16/Mar/2026:07:48:25 +0545] "POST /xmlrpc.php HTTP/1.1" 200 974 "https://www.google.com/" "Mozilla/5.0 (X11; Linux x86_64) AppleWebKit/537.36 (KHTML, like Gecko) Chrome/114.0.0.0 Safari/537.36"
2a09:bac5:55fe:1d0f::2e5:5c - - [16/Mar/2026:07:48:39 +0545] "POST /xmlrpc.php HTTP/1.1" 200 186 "https://www.google.com/" "Mozilla/5.0 (Macintosh; Intel Mac OS X 10_15_7) AppleWebKit/605.1.15 (KHTML, like Gecko) Version/16.5 Safari/605.1.15"
2a09:bac5:55fe:1d0f::2e5:5c - - [16/Mar/2026:07:49:32 +0545] "POST /xmlrpc.php HTTP/1.1" 200 186 "https://www.google.com/" "Mozilla/5.0 (Windows NT 10.0; Win64; x64) AppleWebKit/537.36 (KHTML, like Gecko) Chrome/91.0.4472.124 Safari/537.36"
2a01:4f9:5a:1745::2 - - [16/Mar/2026:07:49:47 +0545] "POST /wp-cron.php?doing_wp_cron=1773626687.7751290798187255859375 HTTP/1.1" 200 0 "-" "WordPress/6.9.4; https://www.betterchitwan.com"
216.244.66.231 - - [16/Mar/2026:07:49:50 +0545] "GET /robots.txt HTTP/1.1" 304 0 "-" "Mozilla/5.0 (compatible; DotBot/1.2; +https://opensiteexplorer.org/dotbot; help@moz.com)"
2a01:4f9:5a:1745::2 - - [16/Mar/2026:07:50:46 +0545] "POST /wp-cron.php?doing_wp_cron=1773626746.3859519958496093750000 HTTP/1.1" 200 0 "-" "WordPress/6.9.4; https://www.betterchitwan.com"
2a01:4f9:5a:1745::2 - - [16/Mar/2026:07:45:10 +0545] "POST /wp-cron.php?doing_wp_cron=1773626410.2471640110015869140625 HTTP/1.1" 200 0 "-" "WordPress/6.9.4; https://www.betterchitwan.com"
2a09:bac6:d69f:1d0f::2e5:5c - - [16/Mar/2026:07:45:52 +0545] "POST /xmlrpc.php HTTP/1.1" 200 974 "https://www.google.com/" "Mozilla/5.0 (Windows NT 10.0; Win64; x64) AppleWebKit/537.36 (KHTML, like Gecko) Chrome/114.0.0.0 Safari/537.36"
2a01:4f9:5a:1745::2 - - [16/Mar/2026:07:46:57 +0545] "POST /wp-cron.php?doing_wp_cron=1773626517.2801530361175537109375 HTTP/1.1" 200 0 "-" "WordPress/6.9.4; https://www.betterchitwan.com"
2a01:4f9:5a:1745::2 - - [16/Mar/2026:07:47:49 +0545] "POST /wp-cron.php?doing_wp_cron=1773626569.4186940193176269531250 HTTP/1.1" 200 0 "-" "WordPress/6.9.4; https://www.betterchitwan.com"
2a01:4f9:5a:1745::2 - - [16/Mar/2026:07:48:04 +0545] "POST /wp-cron.php?doing_wp_cron=1773626584.7060849666595458984375 HTTP/1.1" 200 0 "-" "WordPress/6.9.4; https://www.betterchitwan.com"
2a01:4f9:5a:1745::2 - - [16/Mar/2026:07:48:05 +0545] "POST /wp-admin/admin-ajax.php?action=async_litespeed&nonce=4ef15963e2&litespeed_type=imgoptm HTTP/1.1" 200 5 "-" "WordPress/6.9.4; https://www.betterchitwan.com"
2a09:bac5:55fe:1d0f::2e5:5c - - [16/Mar/2026:07:48:26 +0545] "POST /xmlrpc.php HTTP/1.1" 200 974 "https://www.google.com/" "Mozilla/5.0 (Macintosh; Intel Mac OS X 10_15_7) AppleWebKit/537.36 (KHTML, like Gecko) Chrome/91.0.4472.124 Safari/537.36"
2a01:4f9:5a:1745::2 - - [16/Mar/2026:07:48:54 +0545] "POST /wp-cron.php?doing_wp_cron=1773626634.6301510334014892578125 HTTP/1.1" 200 0 "-" "WordPress/6.9.4; https://www.betterchitwan.com"
2a09:bac5:55fe:1d0f::2e5:5c - - [16/Mar/2026:07:48:53 +0545] "POST /xmlrpc.php HTTP/1.1" 200 186 "https://www.google.com/" "MyXMLRPCClient/1.0"
2a01:4f9:5a:1745::2 - - [16/Mar/2026:07:50:27 +0545] "POST /wp-cron.php?doing_wp_cron=1773626727.8239760398864746093750 HTTP/1.1" 200 0 "-" "WordPress/6.9.4; https://www.betterchitwan.com"
2a09:bac5:55fe:1d0f::2e5:5c - - [16/Mar/2026:07:50:51 +0545] "POST /xmlrpc.php HTTP/1.1" 200 974 "https://www.google.com/" "Mozilla/5.0 (Windows NT 10.0; Win64; x64; rv:109.0) Gecko/20100101 Firefox/115.0"
149.104.77.190 - - [16/Mar/2026:07:55:25 +0545] "GET /wp-admin/ HTTP/1.1" 302 0 "www.google.com" "Mozilla/5.0 (Windows NT 10.0; Win64; x64) AppleWebKit/537.36 (KHTML, like Gecko) Chrome/90.0.4430.85 Safari/537.36"
2a09:bac6:d69f:1d0f::2e5:5c - - [16/Mar/2026:07:44:51 +0545] "POST /xmlrpc.php HTTP/1.1" 200 186 "https://www.google.com/" "Mozilla/5.0 (Macintosh; Intel Mac OS X 10_15_7) AppleWebKit/537.36 (KHTML, like Gecko) Chrome/91.0.4472.124 Safari/537.36"
2a09:bac6:d69f:1d0f::2e5:5c - - [16/Mar/2026:07:44:54 +0545] "POST /xmlrpc.php HTTP/1.1" 200 186 "https://www.google.com/" "Mozilla/5.0 (Windows NT 10.0; Win64; x64) AppleWebKit/537.36 (KHTML, like Gecko) Chrome/114.0.0.0 Safari/537.36"
2a01:4f9:5a:1745::2 - - [16/Mar/2026:07:45:44 +0545] "POST /wp-cron.php?doing_wp_cron=1773626444.1345160007476806640625 HTTP/1.1" 200 0 "-" "WordPress/6.9.4; https://www.betterchitwan.com"
2a09:bac5:55fe:1d0f::2e5:5c - - [16/Mar/2026:07:46:57 +0545] "POST /xmlrpc.php HTTP/1.1" 200 186 "https://www.google.com/" "Mozilla/5.0 (Macintosh; Intel Mac OS X 10_15_7) AppleWebKit/605.1.15 (KHTML, like Gecko) Version/16.5 Safari/605.1.15"
2a01:4f9:5a:1745::2 - - [16/Mar/2026:07:47:02 +0545] "POST /wp-admin/admin-ajax.php?action=async_litespeed&nonce=4ef15963e2&litespeed_type=imgoptm HTTP/1.1" 200 5 "-" "WordPress/6.9.4; https://www.betterchitwan.com"
183.171.64.234 - - [16/Mar/2026:07:47:19 +0545] "GET /better-chitwan-mini-library/ HTTP/1.1" 404 796 "-" "Mozilla/5.0 (Windows NT 10.0; Win64; x64) AppleWebKit/537.36 (KHTML, like Gecko) Chrome/133.0.0.0 Safari/537.36"
54.37.118.93 - - [16/Mar/2026:07:47:35 +0545] "GET /.lsrecap/recaptcha?tribe-bar-date=2023-02-16&outlook-ical=1 HTTP/1.1" 404 796 "-" "Mozilla/5.0 (compatible; AhrefsBot/7.0; +http://ahrefs.com/robot/)"
2a09:bac5:55fe:1d0f::2e5:5c - - [16/Mar/2026:07:48:05 +0545] "POST /xmlrpc.php HTTP/1.1" 200 186 "https://www.google.com/" "Mozilla/5.0 (Linux; Android 10; Pixel 4) AppleWebKit/537.36 (KHTML, like Gecko) Chrome/91.0.4472.124 Mobile Safari/537.36"
2a09:bac5:55fe:1d0f::2e5:5c - - [16/Mar/2026:07:49:08 +0545] "POST /xmlrpc.php HTTP/1.1" 200 186 "https://www.google.com/" "Mozilla/5.0 (Windows NT 10.0; Win64; x64) AppleWebKit/537.36 (KHTML, like Gecko) Chrome/91.0.4472.124 Safari/537.36"
2a09:bac5:55fe:1d0f::2e5:5c - - [16/Mar/2026:07:49:36 +0545] "POST /xmlrpc.php HTTP/1.1" 200 186 "https://www.google.com/" "Mozilla/5.0 (Windows NT 10.0; Win64; x64; rv:109.0) Gecko/20100101 Firefox/115.0"
114.119.146.77 - - [16/Mar/2026:07:54:58 +0545] "GET /lander?outlook-ical=1&tribe-bar-date=2024-11-26 HTTP/1.1" 404 796 "-" "Mozilla/5.0 (Linux; Android 7.0;) AppleWebKit/537.36 (KHTML, like Gecko) Mobile Safari/537.36 (compatible; PetalBot;+https://webmaster.petalsearch.com/site/petalbot)"
2a09:bac6:d69e:1d0f::2e5:5c - - [16/Mar/2026:07:44:47 +0545] "HEAD / HTTP/1.1" 200 0 "https://www.google.com/" "Mozilla/5.0 (Windows NT 10.0; Win64; x64; rv:109.0) Gecko/20100101 Firefox/115.0"
2a09:bac6:d69f:1d0f::2e5:5c - - [16/Mar/2026:07:45:39 +0545] "POST /xmlrpc.php HTTP/1.1" 200 186 "https://www.google.com/" "MyXMLRPCClient/1.0"
2a09:bac6:d69f:1d0f::2e5:5c - - [16/Mar/2026:07:46:02 +0545] "POST /xmlrpc.php HTTP/1.1" 200 186 "https://www.google.com/" "Mozilla/5.0 (Windows NT 10.0; Win64; x64) AppleWebKit/537.36 (KHTML, like Gecko) Chrome/91.0.4472.124 Safari/537.36"
2a09:bac5:55fe:1d0f::2e5:5c - - [16/Mar/2026:07:46:56 +0545] "POST /xmlrpc.php HTTP/1.1" 200 186 "https://www.google.com/" "Mozilla/5.0 (Macintosh; Intel Mac OS X 10_15_7) AppleWebKit/605.1.15 (KHTML, like Gecko) Version/16.5 Safari/605.1.15"
2a09:bac5:55fe:1d0f::2e5:5c - - [16/Mar/2026:07:46:58 +0545] "POST /xmlrpc.php HTTP/1.1" 200 186 "https://www.google.com/" "MyXMLRPCClient/1.0"
2a01:4f9:5a:1745::2 - - [16/Mar/2026:07:47:01 +0545] "POST /wp-cron.php?doing_wp_cron=1773626521.1800279617309570312500 HTTP/1.1" 200 0 "-" "WordPress/6.9.4; https://www.betterchitwan.com"
2a09:bac5:55fe:1d0f::2e5:5c - - [16/Mar/2026:07:47:02 +0545] "POST /xmlrpc.php HTTP/1.1" 200 186 "https://www.google.com/" "Mozilla/5.0 (Macintosh; Intel Mac OS X 10_15_7) AppleWebKit/605.1.15 (KHTML, like Gecko) Version/16.5 Safari/605.1.15"
2a09:bac5:55fe:1d0f::2e5:5c - - [16/Mar/2026:07:47:03 +0545] "POST /xmlrpc.php HTTP/1.1" 200 186 "https://www.google.com/" "Mozilla/5.0 (X11; Linux x86_64) AppleWebKit/537.36 (KHTML, like Gecko) Chrome/114.0.0.0 Safari/537.36"
2a09:bac5:55fe:1d0f::2e5:5c - - [16/Mar/2026:07:47:05 +0545] "POST /xmlrpc.php HTTP/1.1" 200 974 "https://www.google.com/" "Mozilla/5.0 (Windows NT 10.0; Win64; x64; rv:109.0) Gecko/20100101 Firefox/115.0"
114.119.129.33 - - [16/Mar/2026:07:47:53 +0545] "GET /events/category/plant-a-tree/list/?tribe-bar-date=2025-04-26&eventDisplay=past HTTP/1.1" 404 796 "https://www.betterchitwan.com/events/category/plant-a-tree/list/?tribe-bar-date=2025-04-26" "Mozilla/5.0 (Linux; Android 7.0;) AppleWebKit/537.36 (KHTML, like Gecko) Mobile Safari/537.36 (compatible; PetalBot;+https://webmaster.petalsearch.com/site/petalbot)"
2a09:bac5:55fe:1d0f::2e5:5c - - [16/Mar/2026:07:48:16 +0545] "POST /xmlrpc.php HTTP/1.1" 200 974 "https://www.google.com/" "Mozilla/5.0 (Windows NT 10.0; Win64; x64; rv:109.0) Gecko/20100101 Firefox/115.0"
2a09:bac5:55fe:1d0f::2e5:5c - - [16/Mar/2026:07:48:36 +0545] "POST /xmlrpc.php HTTP/1.1" 200 186 "https://www.google.com/" "Mozilla/5.0 (Linux; Android 10; Pixel 4) AppleWebKit/537.36 (KHTML, like Gecko) Chrome/91.0.4472.124 Mobile Safari/537.36"
2a09:bac5:55fe:1d0f::2e5:5c - - [16/Mar/2026:07:49:41 +0545] "POST /xmlrpc.php HTTP/1.1" 200 186 "https://www.google.com/" "Mozilla/5.0 (Windows NT 10.0; Win64; x64; rv:109.0) Gecko/20100101 Firefox/115.0"
2a09:bac5:55fe:1d0f::2e5:5c - - [16/Mar/2026:07:49:46 +0545] "POST /xmlrpc.php HTTP/1.1" 200 186 "https://www.google.com/" "Mozilla/5.0 (Windows NT 10.0; Win64; x64) AppleWebKit/537.36 (KHTML, like Gecko) Chrome/91.0.4472.124 Safari/537.36"
2a09:bac5:55fe:1d0f::2e5:5c - - [16/Mar/2026:07:49:53 +0545] "POST /xmlrpc.php HTTP/1.1" 200 974 "https://www.google.com/" "Mozilla/5.0 (Linux; Android 10; Pixel 4) AppleWebKit/537.36 (KHTML, like Gecko) Chrome/91.0.4472.124 Mobile Safari/537.36"
37.59.204.134 - - [16/Mar/2026:07:50:34 +0545] "GET /.lsrecap/recaptcha?tribe-bar-date=2023-03-18&outlook-ical=1 HTTP/1.1" 404 796 "-" "Mozilla/5.0 (compatible; AhrefsBot/7.0; +http://ahrefs.com/robot/)"
2a09:bac5:55fe:1d0f::2e5:5c - - [16/Mar/2026:07:50:44 +0545] "POST /xmlrpc.php HTTP/1.1" 200 186 "https://www.google.com/" "Mozilla/5.0 (Windows NT 10.0; Win64; x64) AppleWebKit/537.36 (KHTML, like Gecko) Chrome/114.0.0.0 Safari/537.36"
2a01:4f9:5a:1745::2 - - [16/Mar/2026:07:55:26 +0545] "POST /wp-cron.php?doing_wp_cron=1773627026.3595530986785888671875 HTTP/1.1" 200 0 "-" "WordPress/6.9.4; https://www.betterchitwan.com"
2a01:4f9:5a:1745::2 - - [16/Mar/2026:07:44:44 +0545] "POST /wp-cron.php?doing_wp_cron=1773626383.8758270740509033203125 HTTP/1.1" 200 0 "-" "WordPress/6.9.4; https://www.betterchitwan.com"
149.104.77.190 - - [16/Mar/2026:07:44:57 +0545] "GET /wp-admin/ HTTP/1.1" 302 0 "www.google.com" "Mozilla/5.0 (Windows NT 10.0; Win64; x64) AppleWebKit/537.36 (KHTML, like Gecko) Chrome/90.0.4430.85 Safari/537.36"
2a01:4f9:5a:1745::2 - - [16/Mar/2026:07:45:11 +0545] "POST /wp-admin/admin-ajax.php?action=async_litespeed&nonce=4ef15963e2&litespeed_type=imgoptm HTTP/1.1" 200 5 "-" "WordPress/6.9.4; https://www.betterchitwan.com"
2a09:bac6:d69f:1d0f::2e5:5c - - [16/Mar/2026:07:46:07 +0545] "POST /xmlrpc.php HTTP/1.1" 200 186 "https://www.google.com/" "Mozilla/5.0 (X11; Linux x86_64) AppleWebKit/537.36 (KHTML, like Gecko) Chrome/114.0.0.0 Safari/537.36"
2a09:bac5:55fe:1d0f::2e5:5c - - [16/Mar/2026:07:47:07 +0545] "POST /xmlrpc.php HTTP/1.1" 200 974 "https://www.google.com/" "Mozilla/5.0 (X11; Linux x86_64) AppleWebKit/537.36 (KHTML, like Gecko) Chrome/114.0.0.0 Safari/537.36"
2a09:bac5:55fe:1d0f::2e5:5c - - [16/Mar/2026:07:47:10 +0545] "POST /xmlrpc.php HTTP/1.1" 200 974 "https://www.google.com/" "Mozilla/5.0 (X11; Linux x86_64) AppleWebKit/537.36 (KHTML, like Gecko) Chrome/114.0.0.0 Safari/537.36"
2a09:bac5:55fe:1d0f::2e5:5c - - [16/Mar/2026:07:47:32 +0545] "POST /xmlrpc.php HTTP/1.1" 200 186 "https://www.google.com/" "Mozilla/5.0 (Windows NT 10.0; Win64; x64) AppleWebKit/537.36 (KHTML, like Gecko) Chrome/114.0.0.0 Safari/537.36"
