114.119.138.172 - - [15/Mar/2026:20:52:41 +0545] "GET /events/category/wow-women/list/?tribe-bar-date=2024-11-03&ical=1 HTTP/1.1" 404 796 "https://www.betterchitwan.com/events/category/wow-women/list/?tribe-bar-date=2024-11-03" "Mozilla/5.0 (Linux; Android 7.0;) AppleWebKit/537.36 (KHTML, like Gecko) Mobile Safari/537.36 (compatible; PetalBot;+https://webmaster.petalsearch.com/site/petalbot)"
2a01:4f9:5a:1745::2 - - [15/Mar/2026:20:55:48 +0545] "POST /wp-admin/admin-ajax.php?action=async_litespeed&nonce=661b1bd860&litespeed_type=imgoptm HTTP/1.1" 200 5 "-" "WordPress/6.9.4; https://www.betterchitwan.com"
192.178.6.67 - - [15/Mar/2026:20:19:23 +0545] "GET /events/list/?tribe-bar-date=2025-08-09&eventDisplay=past HTTP/1.1" 404 796 "-" "Mozilla/5.0 (Linux; Android 6.0.1; Nexus 5X Build/MMB29P) AppleWebKit/537.36 (KHTML, like Gecko) Chrome/145.0.7632.116 Mobile Safari/537.36 (compatible; Googlebot/2.1; +http://www.google.com/bot.html)"
152.233.16.33 - - [15/Mar/2026:20:19:33 +0545] "POST /xmlrpc.php HTTP/1.1" 200 108 "-" "Mozilla/5.0 (Macintosh; Intel Mac OS X 12_5) AppleWebKit/537.36 (KHTML, like Gecko) Chrome/114.0.0.0 Safari/537.36 OPR/89.0.4447.51"
192.178.6.64 - - [15/Mar/2026:20:27:58 +0545] "GET /events/tag/futsal/list/?tribe-bar-date=2023-05-11 HTTP/1.1" 404 796 "-" "Mozilla/5.0 (Linux; Android 6.0.1; Nexus 5X Build/MMB29P) AppleWebKit/537.36 (KHTML, like Gecko) Chrome/145.0.7632.116 Mobile Safari/537.36 (compatible; Googlebot/2.1; +http://www.google.com/bot.html)"
192.178.6.65 - - [15/Mar/2026:20:41:17 +0545] "GET /events/tag/teej-for-all/list/?tribe-bar-date=2022-11-27 HTTP/1.1" 404 796 "-" "Mozilla/5.0 (Linux; Android 6.0.1; Nexus 5X Build/MMB29P) AppleWebKit/537.36 (KHTML, like Gecko) Chrome/145.0.7632.116 Mobile Safari/537.36 (compatible; Googlebot/2.1; +http://www.google.com/bot.html)"
2a01:4f9:5a:1745::2 - - [15/Mar/2026:20:43:39 +0545] "POST /wp-cron.php?doing_wp_cron=1773586719.2687799930572509765625 HTTP/1.1" 200 0 "-" "WordPress/6.9.4; https://www.betterchitwan.com"
46.224.140.177 - - [15/Mar/2026:20:43:40 +0545] "POST /xmlrpc.php HTTP/1.1" 200 3129 "-" "Mozilla/5.0 (Windows NT 10.0; Win64; x64) AppleWebKit/537.36 (KHTML, like Gecko) Chrome/108.0.0.0 Safari/537.36"
46.224.140.177 - - [15/Mar/2026:20:43:44 +0545] "GET /start-dubbel-zo-luid/ HTTP/1.1" 404 796 "-" "Mozilla/5.0 (Windows NT 10.0; Win64; x64) AppleWebKit/537.36 (KHTML, like Gecko) Chrome/108.0.0.0 Safari/537.36"
2a01:4f9:5a:1745::2 - - [15/Mar/2026:20:43:46 +0545] "POST /wp-cron.php?doing_wp_cron=1773586726.3735139369964599609375 HTTP/1.1" 200 0 "-" "WordPress/6.9.4; https://www.betterchitwan.com"
5.78.159.87 - - [15/Mar/2026:20:44:45 +0545] "POST /xmlrpc.php HTTP/1.1" 200 106 "-" "Mozilla/5.0 (Windows NT 10.0; Win64; x64) AppleWebKit/537.36 (KHTML, like Gecko) Chrome/108.0.0.0 Safari/537.36"
51.75.236.153 - - [15/Mar/2026:20:52:47 +0545] "GET /events/tag/youwa-bich-yuwa/list/?tribe-bar-date=2022-08-27&eventDisplay=past&ical=1 HTTP/1.1" 404 796 "-" "Mozilla/5.0 (compatible; AhrefsBot/7.0; +http://ahrefs.com/robot/)"
34.245.174.145 - - [15/Mar/2026:20:55:46 +0545] "POST /xmlrpc.php HTTP/1.1" 200 3100 "-" "Mozilla/5.0 (Windows NT 6.1; Win64; x64) AppleWebKit/537.36 (KHTML, like Gecko) Chrome/80.0.3987.149 Safari/537.36"
2a01:4f9:5a:1745::2 - - [15/Mar/2026:20:57:23 +0545] "POST /wp-admin/admin-ajax.php?action=async_litespeed&nonce=661b1bd860&litespeed_type=imgoptm HTTP/1.1" 200 5 "-" "WordPress/6.9.4; https://www.betterchitwan.com"
114.119.129.33 - - [15/Mar/2026:20:44:25 +0545] "GET /events/category/wow-women/list/?tribe-bar-date=2024-11-25&eventDisplay=past&ical=1 HTTP/1.1" 404 796 "https://www.betterchitwan.com/events/category/wow-women/list/?tribe-bar-date=2024-11-25&eventDisplay=past" "Mozilla/5.0 (Linux; Android 7.0;) AppleWebKit/537.36 (KHTML, like Gecko) Mobile Safari/537.36 (compatible; PetalBot;+https://webmaster.petalsearch.com/site/petalbot)"
5.78.159.87 - - [15/Mar/2026:20:44:49 +0545] "POST /xmlrpc.php HTTP/1.1" 200 3568 "-" "Mozilla/5.0 (Windows NT 10.0; Win64; x64) AppleWebKit/537.36 (KHTML, like Gecko) Chrome/108.0.0.0 Safari/537.36"
192.178.6.64 - - [15/Mar/2026:20:46:18 +0545] "GET /events/tag/futsal/list/?tribe-bar-date=2025-06-25&eventDisplay=past HTTP/1.1" 404 796 "-" "Mozilla/5.0 (Linux; Android 6.0.1; Nexus 5X Build/MMB29P) AppleWebKit/537.36 (KHTML, like Gecko) Chrome/145.0.7632.116 Mobile Safari/537.36 (compatible; Googlebot/2.1; +http://www.google.com/bot.html)"
91.107.208.255 - - [15/Mar/2026:20:47:49 +0545] "POST /xmlrpc.php HTTP/1.1" 200 100 "-" "Mozilla/5.0 (Windows NT 10.0; Win64; x64) AppleWebKit/537.36 (KHTML, like Gecko) Chrome/108.0.0.0 Safari/537.36"
2a01:4f9:5a:1745::2 - - [15/Mar/2026:20:55:51 +0545] "POST /wp-cron.php?doing_wp_cron=1773587451.0214920043945312500000 HTTP/1.1" 200 0 "-" "WordPress/6.9.4; https://www.betterchitwan.com"
34.245.174.145 - - [15/Mar/2026:20:55:50 +0545] "POST /xmlrpc.php HTTP/1.1" 200 2987 "-" "Mozilla/5.0 (Windows NT 6.1; Win64; x64) AppleWebKit/537.36 (KHTML, like Gecko) Chrome/80.0.3987.149 Safari/537.36"
2a01:4f9:5a:1745::2 - - [15/Mar/2026:20:57:22 +0545] "POST /wp-cron.php?doing_wp_cron=1773587542.8205130100250244140625 HTTP/1.1" 200 0 "-" "WordPress/6.9.4; https://www.betterchitwan.com"
95.111.234.66 - - [15/Mar/2026:20:57:22 +0545] "GET / HTTP/1.1" 301 0 "-" "Go-http-client/1.1"
95.111.234.66 - - [15/Mar/2026:20:57:23 +0545] "GET / HTTP/1.1" 200 26879 "https://betterchitwan.com" "Go-http-client/1.1"
114.119.129.33 - - [15/Mar/2026:20:06:00 +0545] "GET /events/category/youth-motivators-club-ymc/list/?tribe-bar-date=2024-03-05&eventDisplay=past HTTP/1.1" 404 796 "https://www.betterchitwan.com/events/category/youth-motivators-club-ymc/list/?tribe-bar-date=2024-03-05" "Mozilla/5.0 (Linux; Android 7.0;) AppleWebKit/537.36 (KHTML, like Gecko) Mobile Safari/537.36 (compatible; PetalBot;+https://webmaster.petalsearch.com/site/petalbot)"
35.225.238.34 - - [15/Mar/2026:20:15:02 +0545] "GET / HTTP/1.1" 301 0 "-" "Mozilla/5.0 (Windows NT 10.0; Win64; x64) AppleWebKit/537.36 (KHTML, like Gecko) Chrome/78.0.3904.108 Safari/537.36"
170.9.247.197 - - [15/Mar/2026:20:17:51 +0545] "GET /wp-admin/ HTTP/1.1" 302 0 "https://www.google.com/" "Mozilla/5.0 (Macintosh; Intel Mac OS X 10_15_7) AppleWebKit/537.36 (KHTML, like Gecko) Chrome/118.0.0.0 Safari/537.36"
170.9.247.197 - - [15/Mar/2026:20:17:00 +0545] "GET /wp-login.php HTTP/1.1" 200 974 "https://www.google.com/" "Mozilla/5.0 (Windows NT 10.0; Win64; x64) AppleWebKit/537.36 (KHTML, like Gecko) Chrome/121.0.0.0 Safari/537.36"
114.119.131.235 - - [15/Mar/2026:20:26:56 +0545] "GET /events/category/wow-women/list?tribe-bar-date=2025-02-12&outlook-ical=1 HTTP/1.1" 404 796 "-" "Mozilla/5.0 (Linux; Android 7.0;) AppleWebKit/537.36 (KHTML, like Gecko) Mobile Safari/537.36 (compatible; PetalBot;+https://webmaster.petalsearch.com/site/petalbot)"
114.119.131.235 - - [15/Mar/2026:20:34:39 +0545] "GET /events/category/wow-women/list/?tribe-bar-date=2025-02-01&eventDisplay=past&ical=1 HTTP/1.1" 404 796 "https://www.betterchitwan.com/events/category/wow-women/list/?tribe-bar-date=2025-02-01&eventDisplay=past" "Mozilla/5.0 (Linux; Android 7.0;) AppleWebKit/537.36 (KHTML, like Gecko) Mobile Safari/537.36 (compatible; PetalBot;+https://webmaster.petalsearch.com/site/petalbot)"
5.39.1.243 - - [15/Mar/2026:20:43:29 +0545] "GET /youthwan-2024/ HTTP/1.1" 404 796 "-" "Mozilla/5.0 (compatible; AhrefsBot/7.0; +http://ahrefs.com/robot/)"
2a01:4f9:5a:1745::2 - - [15/Mar/2026:20:44:50 +0545] "POST /wp-admin/admin-ajax.php?action=async_litespeed&nonce=661b1bd860&litespeed_type=imgoptm HTTP/1.1" 200 5 "-" "WordPress/6.9.4; https://www.betterchitwan.com"
34.245.174.145 - - [15/Mar/2026:20:55:48 +0545] "POST /xmlrpc.php HTTP/1.1" 200 108 "-" "Mozilla/5.0 (Windows NT 6.1; Win64; x64) AppleWebKit/537.36 (KHTML, like Gecko) Chrome/80.0.3987.149 Safari/537.36"
2a01:4f9:5a:1745::2 - - [15/Mar/2026:20:57:25 +0545] "GET /wp-content/uploads/2019/11/divider.svg HTTP/1.1" 404 796 "-" "-"
114.119.129.33 - - [15/Mar/2026:20:08:48 +0545] "GET /events/category/youth-motivators-club-ymc/day/2025-08-28/?outlook-ical=1 HTTP/1.1" 404 796 "https://www.betterchitwan.com/events/category/youth-motivators-club-ymc/day/2025-08-28/" "Mozilla/5.0 (Linux; Android 7.0;) AppleWebKit/537.36 (KHTML, like Gecko) Mobile Safari/537.36 (compatible; PetalBot;+https://webmaster.petalsearch.com/site/petalbot)"
192.178.6.68 - - [15/Mar/2026:20:14:39 +0545] "GET /events/tag/save-narayani-movement/list/?tribe-bar-date=2022-11-05 HTTP/1.1" 404 796 "-" "Mozilla/5.0 (Linux; Android 6.0.1; Nexus 5X Build/MMB29P) AppleWebKit/537.36 (KHTML, like Gecko) Chrome/145.0.7632.116 Mobile Safari/537.36 (compatible; Googlebot/2.1; +http://www.google.com/bot.html)"
35.225.238.34 - - [15/Mar/2026:20:15:08 +0545] "POST //xmlrpc.php HTTP/1.1" 200 205 "-" "Mozilla/5.0 (Windows NT 10.0; Win64; x64) AppleWebKit/537.36 (KHTML, like Gecko) Chrome/78.0.3904.108 Safari/537.36"
35.225.238.34 - - [15/Mar/2026:20:15:10 +0545] "POST //xmlrpc.php HTTP/1.1" 200 205 "-" "Mozilla/5.0 (Windows NT 10.0; Win64; x64) AppleWebKit/537.36 (KHTML, like Gecko) Chrome/78.0.3904.108 Safari/537.36"
170.9.247.197 - - [15/Mar/2026:20:16:10 +0545] "GET /wp-admin/ HTTP/1.1" 302 0 "https://t.co/" "Mozilla/5.0 (Windows NT 10.0; Win64; x64) AppleWebKit/537.36 (KHTML, like Gecko) Chrome/118.0.0.0 Safari/537.36"
114.27.147.40 - - [15/Mar/2026:20:16:38 +0545] "POST /wp-login.php HTTP/1.1" 200 974 "-" "Mozilla/5.0 (Windows NT 10.0; Win64; x64; rv:135.0) Gecko/20100101 Firefox/135.0"
170.9.247.197 - - [15/Mar/2026:20:17:12 +0545] "GET /wp-login.php?redirect_to=https%3A%2F%2Fmail.betterchitwan.com%2Fwp-admin%2F&reauth=1 HTTP/1.1" 200 1052 "-" "Mozilla/5.0 (Macintosh; Intel Mac OS X 10_15_7) AppleWebKit/605.1.15 (KHTML, like Gecko) Version/16.6 Safari/605.1.15"
170.9.247.197 - - [15/Mar/2026:20:17:17 +0545] "GET /wp-login.php HTTP/1.1" 200 974 "-" "Mozilla/5.0 (Macintosh; Intel Mac OS X 10_15_7) AppleWebKit/605.1.15 (KHTML, like Gecko) Version/16.6 Safari/605.1.15"
170.9.247.197 - - [15/Mar/2026:20:17:37 +0545] "GET /wp-admin/ HTTP/1.1" 200 12421 "-" "Mozilla/5.0 (Macintosh; Intel Mac OS X 10_15_7; rv:120.0) Gecko/20100101 Firefox/120.0"
2a01:4f9:5a:1745::2 - - [15/Mar/2026:20:19:33 +0545] "POST /wp-cron.php?doing_wp_cron=1773585273.0782198905944824218750 HTTP/1.1" 200 0 "-" "WordPress/6.9.4; https://www.betterchitwan.com"
152.233.16.33 - - [15/Mar/2026:20:19:32 +0545] "POST /xmlrpc.php HTTP/1.1" 200 3100 "-" "Mozilla/5.0 (Macintosh; Intel Mac OS X 12_5) AppleWebKit/537.36 (KHTML, like Gecko) Chrome/114.0.0.0 Safari/537.36 OPR/89.0.4447.51"
152.233.16.33 - - [15/Mar/2026:20:19:35 +0545] "POST /xmlrpc.php HTTP/1.1" 200 4170 "-" "Mozilla/5.0 (Macintosh; Intel Mac OS X 12_5) AppleWebKit/537.36 (KHTML, like Gecko) Chrome/114.0.0.0 Safari/537.36 OPR/89.0.4447.51"
114.119.136.5 - - [15/Mar/2026:20:30:26 +0545] "GET /events/category/wow-women/list?tribe-bar-date=2024-12-23&outlook-ical=1 HTTP/1.1" 404 796 "-" "Mozilla/5.0 (Linux; Android 7.0;) AppleWebKit/537.36 (KHTML, like Gecko) Mobile Safari/537.36 (compatible; PetalBot;+https://webmaster.petalsearch.com/site/petalbot)"
15.235.236.31 - - [15/Mar/2026:20:31:44 +0545] "GET /wp-login.php HTTP/1.1" 200 974 "-" "Mozila/5.0"
2a01:4f9:5a:1745::2 - - [15/Mar/2026:20:44:49 +0545] "POST /wp-cron.php?doing_wp_cron=1773586789.0712258815765380859375 HTTP/1.1" 200 0 "-" "WordPress/6.9.4; https://www.betterchitwan.com"
91.107.208.255 - - [15/Mar/2026:20:47:42 +0545] "POST /xmlrpc.php HTTP/1.1" 200 108 "-" "Mozilla/5.0 (Windows NT 10.0; Win64; x64) AppleWebKit/537.36 (KHTML, like Gecko) Chrome/108.0.0.0 Safari/537.36"
2a01:4f9:5a:1745::2 - - [15/Mar/2026:20:15:04 +0545] "POST /wp-admin/admin-ajax.php?action=async_litespeed&nonce=661b1bd860&litespeed_type=imgoptm HTTP/1.1" 200 5 "-" "WordPress/6.9.4; https://www.betterchitwan.com"
35.225.238.34 - - [15/Mar/2026:20:15:09 +0545] "POST //xmlrpc.php HTTP/1.1" 200 205 "-" "Mozilla/5.0 (Windows NT 10.0; Win64; x64) AppleWebKit/537.36 (KHTML, like Gecko) Chrome/78.0.3904.108 Safari/537.36"
2a01:4f9:5a:1745::2 - - [15/Mar/2026:20:16:11 +0545] "POST /wp-cron.php?doing_wp_cron=1773585071.5576629638671875000000 HTTP/1.1" 200 0 "-" "WordPress/6.9.4; https://www.betterchitwan.com"
170.9.247.197 - - [15/Mar/2026:20:17:40 +0545] "GET /wp-login.php HTTP/1.1" 200 974 "https://www.facebook.com/" "Mozilla/5.0 (Macintosh; Intel Mac OS X 13_6_1; rv:118.0) Gecko/20100101 Firefox/118.0"
103.139.10.77 - - [15/Mar/2026:20:30:59 +0545] "GET /message-from-convener-2/ HTTP/1.1" 404 796 "-" "Opera/9.37.(X11; Linux i686; om-ET) Presto/2.9.182 Version/12.00"
114.119.131.235 - - [15/Mar/2026:20:33:22 +0545] "GET /events/category/wow-women/list/?tribe-bar-date=2025-03-03&eventDisplay=past&ical=1 HTTP/1.1" 404 796 "https://www.betterchitwan.com/events/category/wow-women/list/?tribe-bar-date=2025-03-03&eventDisplay=past" "Mozilla/5.0 (Linux; Android 7.0;) AppleWebKit/537.36 (KHTML, like Gecko) Mobile Safari/537.36 (compatible; PetalBot;+https://webmaster.petalsearch.com/site/petalbot)"
46.224.140.177 - - [15/Mar/2026:20:43:36 +0545] "POST /xmlrpc.php HTTP/1.1" 200 106 "-" "Mozilla/5.0 (Windows NT 10.0; Win64; x64) AppleWebKit/537.36 (KHTML, like Gecko) Chrome/108.0.0.0 Safari/537.36"
2a01:4f9:5a:1745::2 - - [15/Mar/2026:20:47:44 +0545] "POST /wp-cron.php?doing_wp_cron=1773586964.2245819568634033203125 HTTP/1.1" 200 0 "-" "WordPress/6.9.4; https://www.betterchitwan.com"
114.119.128.196 - - [15/Mar/2026:20:49:26 +0545] "GET /events/category/wow-women/list/?tribe-bar-date=2024-11-10&outlook-ical=1 HTTP/1.1" 404 796 "https://www.betterchitwan.com/events/category/wow-women/list/?tribe-bar-date=2024-11-10&eventDisplay=past" "Mozilla/5.0 (Linux; Android 7.0;) AppleWebKit/537.36 (KHTML, like Gecko) Mobile Safari/537.36 (compatible; PetalBot;+https://webmaster.petalsearch.com/site/petalbot)"
114.119.138.172 - - [15/Mar/2026:20:53:39 +0545] "GET /events/category/wow-women/list/?tribe-bar-date=2024-11-01&eventDisplay=past&ical=1 HTTP/1.1" 404 796 "https://www.betterchitwan.com/events/category/wow-women/list/?tribe-bar-date=2024-11-01&eventDisplay=past" "Mozilla/5.0 (Linux; Android 7.0;) AppleWebKit/537.36 (KHTML, like Gecko) Mobile Safari/537.36 (compatible; PetalBot;+https://webmaster.petalsearch.com/site/petalbot)"
114.119.128.196 - - [15/Mar/2026:20:55:25 +0545] "GET /events/category/wow-women/list/?tribe-bar-date=2024-10-31&ical=1 HTTP/1.1" 404 796 "https://www.betterchitwan.com/events/category/wow-women/list?tribe-bar-date=2024-10-31" "Mozilla/5.0 (Linux; Android 7.0;) AppleWebKit/537.36 (KHTML, like Gecko) Mobile Safari/537.36 (compatible; PetalBot;+https://webmaster.petalsearch.com/site/petalbot)"
2a01:4f9:5a:1745::2 - - [15/Mar/2026:20:55:47 +0545] "POST /wp-cron.php?doing_wp_cron=1773587447.4886140823364257812500 HTTP/1.1" 200 0 "-" "WordPress/6.9.4; https://www.betterchitwan.com"
2a01:4f9:5a:1745::2 - - [15/Mar/2026:20:17:51 +0545] "POST /wp-cron.php?doing_wp_cron=1773585171.8030469417572021484375 HTTP/1.1" 200 0 "-" "WordPress/6.9.4; https://www.betterchitwan.com"
170.9.247.197 - - [15/Mar/2026:20:17:52 +0545] "GET /wp-login.php?redirect_to=https%3A%2F%2Fwww.betterchitwan.com%2Fwp-admin%2F&reauth=1 HTTP/1.1" 200 1052 "https://www.google.com/" "Mozilla/5.0 (Macintosh; Intel Mac OS X 10_15_7) AppleWebKit/537.36 (KHTML, like Gecko) Chrome/118.0.0.0 Safari/537.36"
114.119.145.188 - - [15/Mar/2026:20:23:30 +0545] "GET /events/category/youth-motivators-club-ymc/2026-02/?ical=1 HTTP/1.1" 404 796 "https://www.betterchitwan.com/events/category/youth-motivators-club-ymc/2026-02/" "Mozilla/5.0 (Linux; Android 7.0;) AppleWebKit/537.36 (KHTML, like Gecko) Mobile Safari/537.36 (compatible; PetalBot;+https://webmaster.petalsearch.com/site/petalbot)"
114.119.131.235 - - [15/Mar/2026:20:24:22 +0545] "GET /events/category/youth-motivators-club-ymc/2024-11/?outlook-ical=1 HTTP/1.1" 404 796 "https://www.betterchitwan.com/events/category/youth-motivators-club-ymc/2024-11/" "Mozilla/5.0 (Linux; Android 7.0;) AppleWebKit/537.36 (KHTML, like Gecko) Mobile Safari/537.36 (compatible; PetalBot;+https://webmaster.petalsearch.com/site/petalbot)"
114.119.138.172 - - [15/Mar/2026:20:37:03 +0545] "GET /events/category/wow-women/list/?tribe-bar-date=2025-01-04&ical=1 HTTP/1.1" 404 796 "https://www.betterchitwan.com/events/category/wow-women/list/?tribe-bar-date=2025-01-04" "Mozilla/5.0 (Linux; Android 7.0;) AppleWebKit/537.36 (KHTML, like Gecko) Mobile Safari/537.36 (compatible; PetalBot;+https://webmaster.petalsearch.com/site/petalbot)"
2a01:4f9:5a:1745::2 - - [15/Mar/2026:20:43:41 +0545] "POST /wp-cron.php?doing_wp_cron=1773586721.5053930282592773437500 HTTP/1.1" 200 0 "-" "WordPress/6.9.4; https://www.betterchitwan.com"
5.78.159.87 - - [15/Mar/2026:20:44:55 +0545] "POST /xmlrpc.php HTTP/1.1" 200 100 "-" "Mozilla/5.0 (Windows NT 10.0; Win64; x64) AppleWebKit/537.36 (KHTML, like Gecko) Chrome/108.0.0.0 Safari/537.36"
2a01:4f9:5a:1745::2 - - [15/Mar/2026:21:02:51 +0545] "POST /wp-cron.php?doing_wp_cron=1773587870.9569199085235595703125 HTTP/1.1" 200 0 "-" "WordPress/6.9.4; https://www.betterchitwan.com"
178.156.215.67 - - [15/Mar/2026:21:02:55 +0545] "GET /whatsapps-hacked/ HTTP/1.1" 404 796 "-" "Mozilla/5.0 (Windows NT 10.0; Win64; x64) AppleWebKit/537.36 (KHTML, like Gecko) Chrome/108.0.0.0 Safari/537.36"
158.173.3.120 - - [15/Mar/2026:21:03:44 +0545] "GET / HTTP/1.1" 301 0 "https://betterchitwan.com/" "Mozilla/5.0 (Windows NT 10.0; Win64; x64) AppleWebKit/537.36 (KHTML, like Gecko) Chrome/129.0.0.0 Safari/537.36"
158.173.3.120 - - [15/Mar/2026:21:03:45 +0545] "GET / HTTP/1.1" 200 26881 "https://www.betterchitwan.com/" "Mozilla/5.0 (Windows NT 10.0; Win64; x64) AppleWebKit/537.36 (KHTML, like Gecko) Chrome/129.0.0.0 Safari/537.36"
158.173.3.120 - - [15/Mar/2026:21:03:49 +0545] "GET /contact/ HTTP/1.1" 404 796 "https://www.betterchitwan.com/contact/" "Mozilla/5.0 (Windows NT 10.0; Win64; x64) AppleWebKit/537.36 (KHTML, like Gecko) Chrome/129.0.0.0 Safari/537.36"
15.237.43.254 - - [15/Mar/2026:21:07:27 +0545] "POST /xmlrpc.php HTTP/1.1" 200 3100 "-" "Mozilla/5.0 (Windows NT 10.0; Win64; x64) AppleWebKit/537.36 (KHTML, like Gecko) Chrome/114.0.0.0 Safari/537.36"
152.233.4.161 - - [15/Mar/2026:21:14:52 +0545] "POST /xmlrpc.php HTTP/1.1" 200 3100 "-" "Mozilla/5.0 (Windows NT 10.0; Win64; x64) AppleWebKit/537.36 (KHTML, like Gecko) Chrome/114.0.0.0 Safari/537.36 OPR/89.0.4447.51"
152.233.4.161 - - [15/Mar/2026:21:14:54 +0545] "POST /xmlrpc.php HTTP/1.1" 200 3133 "-" "Mozilla/5.0 (Windows NT 10.0; Win64; x64) AppleWebKit/537.36 (KHTML, like Gecko) Chrome/114.0.0.0 Safari/537.36 OPR/89.0.4447.51"
2a01:4f9:5a:1745::2 - - [15/Mar/2026:21:18:40 +0545] "POST /wp-cron.php?doing_wp_cron=1773588820.5017170906066894531250 HTTP/1.1" 200 0 "-" "WordPress/6.9.4; https://www.betterchitwan.com"
185.28.254.188 - - [15/Mar/2026:21:20:13 +0545] "POST /xmlrpc.php HTTP/1.1" 200 3100 "-" "Mozilla/5.0 (Windows NT 10.0; WOW64; x64) AppleWebKit/537.36 (KHTML, like Gecko) Chrome/114.0.0.0 Safari/537.36 OPR/89.0.4447.51"
92.222.104.202 - - [15/Mar/2026:21:26:02 +0545] "GET /?sitemap36.xml HTTP/1.1" 301 0 "-" "Mozilla/5.0 (compatible; AhrefsBot/7.0; +http://ahrefs.com/robot/)"
2a01:4f9:5a:1745::2 - - [15/Mar/2026:21:26:05 +0545] "GET /wp-content/uploads/2019/11/divider.svg HTTP/1.1" 404 796 "-" "-"
2a01:4f9:5a:1745::2 - - [15/Mar/2026:21:28:25 +0545] "POST /wp-admin/admin-ajax.php?action=async_litespeed&nonce=661b1bd860&litespeed_type=imgoptm HTTP/1.1" 200 5 "-" "WordPress/6.9.4; https://www.betterchitwan.com"
114.119.128.196 - - [15/Mar/2026:21:28:34 +0545] "GET /events/category/wow-women/list/?tribe-bar-date=2024-09-18&outlook-ical=1 HTTP/1.1" 404 796 "https://www.betterchitwan.com/events/category/wow-women/list/?tribe-bar-date=2024-09-18&eventDisplay=past" "Mozilla/5.0 (Linux; Android 7.0;) AppleWebKit/537.36 (KHTML, like Gecko) Mobile Safari/537.36 (compatible; PetalBot;+https://webmaster.petalsearch.com/site/petalbot)"
79.127.171.213 - - [15/Mar/2026:21:29:20 +0545] "POST /xmlrpc.php HTTP/1.1" 200 3100 "-" "Mozilla/5.0 (Macintosh; Intel Mac OS X 10_15_7) AppleWebKit/537.36 (KHTML, like Gecko) Chrome/131.0.0.0 Safari/537.36"
79.127.171.213 - - [15/Mar/2026:21:29:22 +0545] "POST /xmlrpc.php HTTP/1.1" 200 108 "-" "Mozilla/5.0 (Macintosh; Intel Mac OS X 10_15_7) AppleWebKit/537.36 (KHTML, like Gecko) Chrome/131.0.0.0 Safari/537.36"
114.119.129.33 - - [15/Mar/2026:21:31:57 +0545] "GET /events/category/wow-women/list/?tribe-bar-date=2024-09-18 HTTP/1.1" 404 796 "https://www.betterchitwan.com/events/category/wow-women/list/?tribe-bar-date=2024-09-18&eventDisplay=past" "Mozilla/5.0 (Linux; Android 7.0;) AppleWebKit/537.36 (KHTML, like Gecko) Mobile Safari/537.36 (compatible; PetalBot;+https://webmaster.petalsearch.com/site/petalbot)"
169.150.235.119 - - [15/Mar/2026:21:33:03 +0545] "POST /xmlrpc.php HTTP/1.1" 200 108 "-" "Mozilla/5.0 (X11; Linux x86_64) AppleWebKit/537.36 (KHTML, like Gecko) Chrome/81.0.4044.129 Safari/537.36"
178.156.215.67 - - [15/Mar/2026:21:02:56 +0545] "POST /xmlrpc.php HTTP/1.1" 200 100 "-" "Mozilla/5.0 (Windows NT 10.0; Win64; x64) AppleWebKit/537.36 (KHTML, like Gecko) Chrome/108.0.0.0 Safari/537.36"
158.173.3.120 - - [15/Mar/2026:21:03:52 +0545] "GET /contact/ HTTP/1.1" 404 796 "https://www.betterchitwan.com/contact/" "Mozilla/5.0 (Windows NT 10.0; Win64; x64) AppleWebKit/537.36 (KHTML, like Gecko) Chrome/129.0.0.0 Safari/537.36"
114.119.152.60 - - [15/Mar/2026:21:09:12 +0545] "GET /events/category/wow-women/list/?tribe-bar-date=2024-10-05&eventDisplay=past HTTP/1.1" 404 796 "https://www.betterchitwan.com/events/category/wow-women/list?tribe-bar-date=2024-10-05&eventDisplay=past" "Mozilla/5.0 (Linux; Android 7.0;) AppleWebKit/537.36 (KHTML, like Gecko) Mobile Safari/537.36 (compatible; PetalBot;+https://webmaster.petalsearch.com/site/petalbot)"
2a01:4f9:5a:1745::2 - - [15/Mar/2026:21:09:16 +0545] "POST /wp-admin/admin-ajax.php?action=async_litespeed&nonce=661b1bd860&litespeed_type=imgoptm HTTP/1.1" 200 5 "-" "WordPress/6.9.4; https://www.betterchitwan.com"
15.237.43.254 - - [15/Mar/2026:21:09:19 +0545] "POST /xmlrpc.php HTTP/1.1" 200 3637 "-" "Mozilla/5.0 (Windows NT 10.0; Win64; x64) AppleWebKit/537.36 (KHTML, like Gecko) Chrome/140.0.0.0 Safari/537.36"
2a01:4f9:5a:1745::2 - - [15/Mar/2026:21:09:57 +0545] "POST /wp-cron.php?doing_wp_cron=1773588297.4812340736389160156250 HTTP/1.1" 200 0 "-" "WordPress/6.9.4; https://www.betterchitwan.com"
2a01:4f9:5a:1745::2 - - [15/Mar/2026:21:11:54 +0545] "POST /wp-admin/admin-ajax.php?action=async_litespeed&nonce=661b1bd860&litespeed_type=imgoptm HTTP/1.1" 200 5 "-" "WordPress/6.9.4; https://www.betterchitwan.com"
152.233.4.161 - - [15/Mar/2026:21:14:53 +0545] "POST /xmlrpc.php HTTP/1.1" 200 108 "-" "Mozilla/5.0 (Windows NT 10.0; Win64; x64) AppleWebKit/537.36 (KHTML, like Gecko) Chrome/114.0.0.0 Safari/537.36 OPR/89.0.4447.51"
2a01:4f9:5a:1745::2 - - [15/Mar/2026:21:18:42 +0545] "GET /wp-content/uploads/2019/11/divider.svg HTTP/1.1" 404 796 "-" "-"
2a01:4f9:5a:1745::2 - - [15/Mar/2026:21:20:14 +0545] "POST /wp-admin/admin-ajax.php?action=async_litespeed&nonce=661b1bd860&litespeed_type=imgoptm HTTP/1.1" 200 5 "-" "WordPress/6.9.4; https://www.betterchitwan.com"
54.74.235.107 - - [15/Mar/2026:21:23:35 +0545] "POST /xmlrpc.php HTTP/1.1" 200 108 "-" "Mozilla/5.0 (Windows NT 10.0; Win64; x64) AppleWebKit/537.36 (KHTML, like Gecko) Chrome/114.0.0.0 YaBrowser/22.7.0 Yowser/2.5 Safari/537.36"
2a01:4f9:5a:1745::2 - - [15/Mar/2026:21:23:37 +0545] "POST /wp-cron.php?doing_wp_cron=1773589117.2122809886932373046875 HTTP/1.1" 200 0 "-" "WordPress/6.9.4; https://www.betterchitwan.com"
2a01:4f9:5a:1745::2 - - [15/Mar/2026:21:28:25 +0545] "POST /wp-cron.php?doing_wp_cron=1773589404.9647760391235351562500 HTTP/1.1" 200 0 "-" "WordPress/6.9.4; https://www.betterchitwan.com"
2a01:4f9:5a:1745::2 - - [15/Mar/2026:21:29:21 +0545] "POST /wp-cron.php?doing_wp_cron=1773589461.3548510074615478515625 HTTP/1.1" 200 0 "-" "WordPress/6.9.4; https://www.betterchitwan.com"
47.128.36.38 - - [15/Mar/2026:21:30:52 +0545] "GET /robots.txt HTTP/1.1" 403 787 "-" "Mozilla/5.0 (Linux; Android 5.0) AppleWebKit/537.36 (KHTML, like Gecko) Mobile Safari/537.36 (compatible; Bytespider; spider-feedback@bytedance.com)"
2a01:4f9:5a:1745::2 - - [15/Mar/2026:21:33:05 +0545] "POST /wp-admin/admin-ajax.php?action=async_litespeed&nonce=661b1bd860&litespeed_type=imgoptm HTTP/1.1" 200 5 "-" "WordPress/6.9.4; https://www.betterchitwan.com"
204.12.208.18 - - [15/Mar/2026:21:36:12 +0545] "GET /wp-content/ad7f3ece/index.php HTTP/1.1" 200 0 "https://betterchitwan.com/wp-content/ad7f3ece/index.php" "Mozilla/5.0 (Macintosh; Intel Mac OS X 10_6_8) AppleWebKit/534.52.7 (KHTML, like Gecko) Version/5.1.2 Safari/534.52.7"
92.222.104.192 - - [15/Mar/2026:21:01:18 +0545] "GET /.lsrecap/recaptcha?post_type=tribe_events&eventDisplay=day&eventDate=2024-09-13 HTTP/1.1" 404 796 "-" "Mozilla/5.0 (compatible; AhrefsBot/7.0; +http://ahrefs.com/robot/)"
178.156.215.67 - - [15/Mar/2026:21:02:48 +0545] "POST /xmlrpc.php HTTP/1.1" 200 108 "-" "Mozilla/5.0 (Windows NT 10.0; Win64; x64) AppleWebKit/537.36 (KHTML, like Gecko) Chrome/108.0.0.0 Safari/537.36"
15.237.43.254 - - [15/Mar/2026:21:07:31 +0545] "POST /xmlrpc.php HTTP/1.1" 200 3604 "-" "Mozilla/5.0 (Windows NT 10.0; Win64; x64) AppleWebKit/537.36 (KHTML, like Gecko) Chrome/114.0.0.0 Safari/537.36"
2a01:4f9:5a:1745::2 - - [15/Mar/2026:21:09:55 +0545] "POST /wp-cron.php?doing_wp_cron=1773588295.3067440986633300781250 HTTP/1.1" 200 0 "-" "WordPress/6.9.4; https://www.betterchitwan.com"
54.37.118.78 - - [15/Mar/2026:21:13:08 +0545] "GET /wp-content/litespeed/css/59445e3ded1217f65a995da6d311cb53.css?ver=b92cb HTTP/1.1" 200 145390 "-" "Mozilla/5.0 (compatible; AhrefsBot/7.0; +http://ahrefs.com/robot/)"
2a01:4f9:5a:1745::2 - - [15/Mar/2026:21:14:53 +0545] "POST /wp-admin/admin-ajax.php?action=async_litespeed&nonce=661b1bd860&litespeed_type=imgoptm HTTP/1.1" 200 5 "-" "WordPress/6.9.4; https://www.betterchitwan.com"
2a01:4f9:5a:1745::2 - - [15/Mar/2026:21:23:35 +0545] "POST /wp-admin/admin-ajax.php?action=async_litespeed&nonce=661b1bd860&litespeed_type=imgoptm HTTP/1.1" 200 5 "-" "WordPress/6.9.4; https://www.betterchitwan.com"
2a01:4f9:5a:1745::2 - - [15/Mar/2026:21:26:03 +0545] "POST /wp-cron.php?doing_wp_cron=1773589263.4647960662841796875000 HTTP/1.1" 200 0 "-" "WordPress/6.9.4; https://www.betterchitwan.com"
92.222.104.202 - - [15/Mar/2026:21:26:04 +0545] "GET /?sitemap36_xml HTTP/1.1" 200 26855 "-" "Mozilla/5.0 (compatible; AhrefsBot/7.0; +http://ahrefs.com/robot/)"
114.119.129.33 - - [15/Mar/2026:21:27:46 +0545] "GET /events/category/wow-women/list/?tribe-bar-date=2024-09-20&eventDisplay=past&ical=1 HTTP/1.1" 404 796 "https://www.betterchitwan.com/events/category/wow-women/list/?tribe-bar-date=2024-09-20&eventDisplay=past" "Mozilla/5.0 (Linux; Android 7.0;) AppleWebKit/537.36 (KHTML, like Gecko) Mobile Safari/537.36 (compatible; PetalBot;+https://webmaster.petalsearch.com/site/petalbot)"
15.220.152.161 - - [15/Mar/2026:21:28:21 +0545] "POST /xmlrpc.php HTTP/1.1" 200 3100 "-" "Mozilla/5.0 (Windows NT 10.0; Win64; x64) AppleWebKit/537.36 (KHTML, like Gecko) Chrome/121.0.0.0 Safari/537.36 Edg/121.0.0.0"
2a01:4f9:5a:1745::2 - - [15/Mar/2026:21:29:24 +0545] "POST /wp-cron.php?doing_wp_cron=1773589464.1715910434722900390625 HTTP/1.1" 200 0 "-" "WordPress/6.9.4; https://www.betterchitwan.com"
2a01:4f9:5a:1745::2 - - [15/Mar/2026:21:29:25 +0545] "POST /wp-admin/admin-ajax.php?action=async_litespeed&nonce=661b1bd860&litespeed_type=imgoptm HTTP/1.1" 200 5 "-" "WordPress/6.9.4; https://www.betterchitwan.com"
74.7.175.186 - - [15/Mar/2026:21:31:28 +0545] "GET /robots.txt HTTP/1.1" 304 0 "-" "Mozilla/5.0 (Macintosh; Intel Mac OS X 10_15_7) AppleWebKit/537.36 (KHTML, like Gecko) Chrome/131.0.0.0 Safari/537.36; compatible; OAI-SearchBot/1.3; robots.txt; +https://openai.com/searchbot"
2a01:4f9:5a:1745::2 - - [15/Mar/2026:21:33:04 +0545] "POST /wp-cron.php?doing_wp_cron=1773589684.4508829116821289062500 HTTP/1.1" 200 0 "-" "WordPress/6.9.4; https://www.betterchitwan.com"
47.128.36.64 - - [15/Mar/2026:21:35:09 +0545] "GET /youth-motivators-club/ HTTP/1.1" 404 796 "-" "Mozilla/5.0 (Linux; Android 5.0) AppleWebKit/537.36 (KHTML, like Gecko) Mobile Safari/537.36 (compatible; Bytespider; spider-feedback@bytedance.com)"
2a01:4f9:5a:1745::2 - - [15/Mar/2026:21:38:59 +0545] "POST /wp-cron.php?doing_wp_cron=1773590039.3087720870971679687500 HTTP/1.1" 200 0 "-" "WordPress/6.9.4; https://www.betterchitwan.com"
2a01:4f9:5a:1745::2 - - [15/Mar/2026:21:07:28 +0545] "POST /wp-cron.php?doing_wp_cron=1773588148.0474369525909423828125 HTTP/1.1" 200 0 "-" "WordPress/6.9.4; https://www.betterchitwan.com"
15.237.43.254 - - [15/Mar/2026:21:07:29 +0545] "POST /xmlrpc.php HTTP/1.1" 200 109 "-" "Mozilla/5.0 (Windows NT 10.0; Win64; x64) AppleWebKit/537.36 (KHTML, like Gecko) Chrome/114.0.0.0 Safari/537.36"
2a01:4f9:5a:1745::2 - - [15/Mar/2026:21:07:32 +0545] "POST /wp-cron.php?doing_wp_cron=1773588151.8909900188446044921875 HTTP/1.1" 200 0 "-" "WordPress/6.9.4; https://www.betterchitwan.com"
2a01:4f9:5a:1745::2 - - [15/Mar/2026:21:09:16 +0545] "POST /wp-cron.php?doing_wp_cron=1773588255.9725298881530761718750 HTTP/1.1" 200 0 "-" "WordPress/6.9.4; https://www.betterchitwan.com"
2a01:4f9:5a:1745::2 - - [15/Mar/2026:21:09:20 +0545] "POST /wp-cron.php?doing_wp_cron=1773588260.1228768825531005859375 HTTP/1.1" 200 0 "-" "WordPress/6.9.4; https://www.betterchitwan.com"
152.233.16.12 - - [15/Mar/2026:21:09:54 +0545] "POST /xmlrpc.php HTTP/1.1" 200 3100 "-" "Mozilla/5.0 (X11; Linux i686) AppleWebKit/537.36 (KHTML, like Gecko) Chrome/114.0.0.0 Safari/537.36 Vivaldi/5.3.2679.68"
2a03:2880:f806:34:: - - [15/Mar/2026:21:11:21 +0545] "GET /events/tag/youth-motivators-club-ymc/day/2025-02-16/ HTTP/1.1" 404 796 "-" "meta-externalagent/1.1 (+https://developers.facebook.com/docs/sharing/webmasters/crawler)"
114.119.128.196 - - [15/Mar/2026:21:18:46 +0545] "GET /events/category/wow-women/list/?tribe-bar-date=2024-09-26&ical=1 HTTP/1.1" 404 796 "https://www.betterchitwan.com/events/category/wow-women/list/?tribe-bar-date=2024-09-26" "Mozilla/5.0 (Linux; Android 7.0;) AppleWebKit/537.36 (KHTML, like Gecko) Mobile Safari/537.36 (compatible; PetalBot;+https://webmaster.petalsearch.com/site/petalbot)"
2a01:4f9:5a:1745::2 - - [15/Mar/2026:21:20:14 +0545] "POST /wp-cron.php?doing_wp_cron=1773588913.8982980251312255859375 HTTP/1.1" 200 0 "-" "WordPress/6.9.4; https://www.betterchitwan.com"
2a01:4f9:5a:1745::2 - - [15/Mar/2026:21:20:17 +0545] "POST /wp-cron.php?doing_wp_cron=1773588917.1173720359802246093750 HTTP/1.1" 200 0 "-" "WordPress/6.9.4; https://www.betterchitwan.com"
15.220.152.161 - - [15/Mar/2026:21:28:23 +0545] "POST /xmlrpc.php HTTP/1.1" 200 109 "-" "Mozilla/5.0 (Windows NT 10.0; Win64; x64) AppleWebKit/537.36 (KHTML, like Gecko) Chrome/121.0.0.0 Safari/537.36 Edg/121.0.0.0"
15.220.152.161 - - [15/Mar/2026:21:28:24 +0545] "POST /xmlrpc.php HTTP/1.1" 200 2916 "-" "Mozilla/5.0 (Windows NT 10.0; Win64; x64) AppleWebKit/537.36 (KHTML, like Gecko) Chrome/121.0.0.0 Safari/537.36 Edg/121.0.0.0"
74.7.227.42 - - [15/Mar/2026:21:31:28 +0545] "GET /sitemap_index.xml HTTP/1.1" 404 796 "-" "Mozilla/5.0 AppleWebKit/537.36 (KHTML, like Gecko; compatible; GPTBot/1.3; +https://openai.com/gptbot)"
92.222.104.220 - - [15/Mar/2026:21:32:45 +0545] "GET /events/list/?tribe-bar-date=2024-08-16&eventDisplay=past HTTP/1.1" 404 796 "-" "Mozilla/5.0 (compatible; AhrefsBot/7.0; +http://ahrefs.com/robot/)"
114.119.131.235 - - [15/Mar/2026:21:39:00 +0545] "GET /events/category/wow-women/list/?tribe-bar-date=2024-09-03&ical=1 HTTP/1.1" 404 796 "https://www.betterchitwan.com/events/category/wow-women/list/?tribe-bar-date=2024-09-03" "Mozilla/5.0 (Linux; Android 7.0;) AppleWebKit/537.36 (KHTML, like Gecko) Mobile Safari/537.36 (compatible; PetalBot;+https://webmaster.petalsearch.com/site/petalbot)"
51.75.236.153 - - [15/Mar/2026:21:39:15 +0545] "GET /events/tag/youwa-bich-yuwa/list/?tribe-bar-date=2025-04-22 HTTP/1.1" 404 796 "-" "Mozilla/5.0 (compatible; AhrefsBot/7.0; +http://ahrefs.com/robot/)"
47.128.36.7 - - [15/Mar/2026:21:42:05 +0545] "GET /robots.txt HTTP/1.1" 403 787 "-" "Mozilla/5.0 (Linux; Android 5.0) AppleWebKit/537.36 (KHTML, like Gecko) Mobile Safari/537.36 (compatible; Bytespider; spider-feedback@bytedance.com)"
2a01:4f9:5a:1745::2 - - [15/Mar/2026:21:50:09 +0545] "POST /wp-cron.php?doing_wp_cron=1773590709.6386990547180175781250 HTTP/1.1" 200 0 "-" "WordPress/6.9.4; https://www.betterchitwan.com"
178.156.215.67 - - [15/Mar/2026:21:02:51 +0545] "POST /xmlrpc.php HTTP/1.1" 200 2288 "-" "Mozilla/5.0 (Windows NT 10.0; Win64; x64) AppleWebKit/537.36 (KHTML, like Gecko) Chrome/108.0.0.0 Safari/537.36"
2a01:4f9:5a:1745::2 - - [15/Mar/2026:21:03:50 +0545] "GET /wp-content/uploads/2019/11/divider.svg HTTP/1.1" 404 796 "-" "-"
114.119.145.188 - - [15/Mar/2026:21:03:52 +0545] "GET /events/category/wow-women/list/?tribe-bar-date=2024-10-12&outlook-ical=1 HTTP/1.1" 404 796 "https://www.betterchitwan.com/events/category/wow-women/list/?tribe-bar-date=2024-10-12&eventDisplay=past" "Mozilla/5.0 (Linux; Android 7.0;) AppleWebKit/537.36 (KHTML, like Gecko) Mobile Safari/537.36 (compatible; PetalBot;+https://webmaster.petalsearch.com/site/petalbot)"
114.119.145.188 - - [15/Mar/2026:21:04:54 +0545] "GET /events/category/wow-women/list/?tribe-bar-date=2024-10-12 HTTP/1.1" 404 796 "https://www.betterchitwan.com/events/category/wow-women/list/?tribe-bar-date=2024-10-12&eventDisplay=past" "Mozilla/5.0 (Linux; Android 7.0;) AppleWebKit/537.36 (KHTML, like Gecko) Mobile Safari/537.36 (compatible; PetalBot;+https://webmaster.petalsearch.com/site/petalbot)"
152.233.16.12 - - [15/Mar/2026:21:09:56 +0545] "POST /xmlrpc.php HTTP/1.1" 200 108 "-" "Mozilla/5.0 (X11; Linux i686) AppleWebKit/537.36 (KHTML, like Gecko) Chrome/114.0.0.0 Safari/537.36 Vivaldi/5.3.2679.68"
176.31.139.31 - - [15/Mar/2026:21:18:39 +0545] "GET /?sitemap665.xml HTTP/1.1" 301 0 "-" "Mozilla/5.0 (compatible; AhrefsBot/7.0; +http://ahrefs.com/robot/)"
2a01:4f9:5a:1745::2 - - [15/Mar/2026:21:18:41 +0545] "POST /wp-admin/admin-ajax.php?action=async_litespeed&nonce=661b1bd860&litespeed_type=imgoptm HTTP/1.1" 200 5 "-" "WordPress/6.9.4; https://www.betterchitwan.com"
176.31.139.31 - - [15/Mar/2026:21:18:40 +0545] "GET /?sitemap665_xml HTTP/1.1" 200 26867 "-" "Mozilla/5.0 (compatible; AhrefsBot/7.0; +http://ahrefs.com/robot/)"
185.28.254.188 - - [15/Mar/2026:21:20:16 +0545] "POST /xmlrpc.php HTTP/1.1" 200 2123 "-" "Mozilla/5.0 (Windows NT 10.0; WOW64; x64) AppleWebKit/537.36 (KHTML, like Gecko) Chrome/114.0.0.0 Safari/537.36 OPR/89.0.4447.51"
114.119.152.60 - - [15/Mar/2026:21:25:54 +0545] "GET /events/category/wow-women/list/?tribe-bar-date=2024-09-20&outlook-ical=1 HTTP/1.1" 404 796 "https://www.betterchitwan.com/events/category/wow-women/list/?tribe-bar-date=2024-09-20&eventDisplay=past" "Mozilla/5.0 (Linux; Android 7.0;) AppleWebKit/537.36 (KHTML, like Gecko) Mobile Safari/537.36 (compatible; PetalBot;+https://webmaster.petalsearch.com/site/petalbot)"
114.119.136.5 - - [15/Mar/2026:21:32:33 +0545] "GET /events/category/wow-women/list/?tribe-bar-date=2024-09-07&eventDisplay=past&ical=1 HTTP/1.1" 404 796 "https://www.betterchitwan.com/events/category/wow-women/list/?tribe-bar-date=2024-09-07&eventDisplay=past" "Mozilla/5.0 (Linux; Android 7.0;) AppleWebKit/537.36 (KHTML, like Gecko) Mobile Safari/537.36 (compatible; PetalBot;+https://webmaster.petalsearch.com/site/petalbot)"
51.92.52.146 - - [15/Mar/2026:21:38:55 +0545] "POST /xmlrpc.php HTTP/1.1" 200 3100 "-" "Mozilla/5.0 (Windows NT 10.0; Win64; x64) AppleWebKit/537.36 (KHTML, like Gecko) Chrome/114.0.0.0 Safari/537.36 OPR/89.0.4447.51"
114.119.152.60 - - [15/Mar/2026:21:46:03 +0545] "GET /events/category/wow-women/list/?tribe-bar-date=2024-08-28&eventDisplay=past&ical=1 HTTP/1.1" 404 796 "https://www.betterchitwan.com/events/category/wow-women/list/?tribe-bar-date=2024-08-28&eventDisplay=past" "Mozilla/5.0 (Linux; Android 7.0;) AppleWebKit/537.36 (KHTML, like Gecko) Mobile Safari/537.36 (compatible; PetalBot;+https://webmaster.petalsearch.com/site/petalbot)"
114.119.145.188 - - [15/Mar/2026:21:48:14 +0545] "GET /events/category/wow-women/list/?tribe-bar-date=2024-08-18 HTTP/1.1" 404 796 "https://www.betterchitwan.com/events/category/wow-women/list/?tribe-bar-date=2024-08-18" "Mozilla/5.0 (Linux; Android 7.0;) AppleWebKit/537.36 (KHTML, like Gecko) Mobile Safari/537.36 (compatible; PetalBot;+https://webmaster.petalsearch.com/site/petalbot)"
2a01:4f9:5a:1745::2 - - [15/Mar/2026:21:03:45 +0545] "POST /wp-cron.php?doing_wp_cron=1773587925.2722909450531005859375 HTTP/1.1" 200 0 "-" "WordPress/6.9.4; https://www.betterchitwan.com"
2a01:4f9:5a:1745::2 - - [15/Mar/2026:21:03:47 +0545] "GET /wp-content/uploads/2019/11/divider.svg HTTP/1.1" 404 796 "-" "-"
2a01:4f9:5a:1745::2 - - [15/Mar/2026:21:07:28 +0545] "POST /wp-admin/admin-ajax.php?action=async_litespeed&nonce=661b1bd860&litespeed_type=imgoptm HTTP/1.1" 200 5 "-" "WordPress/6.9.4; https://www.betterchitwan.com"
15.237.43.254 - - [15/Mar/2026:21:09:17 +0545] "POST /xmlrpc.php HTTP/1.1" 200 109 "-" "Mozilla/5.0 (Windows NT 10.0; Win64; x64) AppleWebKit/537.36 (KHTML, like Gecko) Chrome/140.0.0.0 Safari/537.36"
114.119.145.188 - - [15/Mar/2026:21:11:36 +0545] "GET /events/category/wow-women/list/?tribe-bar-date=2024-10-01&ical=1 HTTP/1.1" 404 796 "https://www.betterchitwan.com/events/category/wow-women/list?tribe-bar-date=2024-10-01" "Mozilla/5.0 (Linux; Android 7.0;) AppleWebKit/537.36 (KHTML, like Gecko) Mobile Safari/537.36 (compatible; PetalBot;+https://webmaster.petalsearch.com/site/petalbot)"
5.39.1.242 - - [15/Mar/2026:21:11:50 +0545] "GET / HTTP/1.1" 200 26934 "-" "Mozilla/5.0 (compatible; AhrefsBot/7.0; +http://ahrefs.com/robot/)"
2a01:4f9:5a:1745::2 - - [15/Mar/2026:21:14:52 +0545] "POST /wp-cron.php?doing_wp_cron=1773588592.7980599403381347656250 HTTP/1.1" 200 0 "-" "WordPress/6.9.4; https://www.betterchitwan.com"
114.119.146.77 - - [15/Mar/2026:21:17:45 +0545] "GET /events/category/wow-women/list/?tribe-bar-date=2024-09-26&outlook-ical=1 HTTP/1.1" 404 796 "https://www.betterchitwan.com/events/category/wow-women/list/?tribe-bar-date=2024-09-26" "Mozilla/5.0 (Linux; Android 7.0;) AppleWebKit/537.36 (KHTML, like Gecko) Mobile Safari/537.36 (compatible; PetalBot;+https://webmaster.petalsearch.com/site/petalbot)"
2a01:4f9:5a:1745::2 - - [15/Mar/2026:21:23:34 +0545] "POST /wp-cron.php?doing_wp_cron=1773589114.0281898975372314453125 HTTP/1.1" 200 0 "-" "WordPress/6.9.4; https://www.betterchitwan.com"
2a01:4f9:5a:1745::2 - - [15/Mar/2026:21:28:22 +0545] "POST /wp-cron.php?doing_wp_cron=1773589402.4019780158996582031250 HTTP/1.1" 200 0 "-" "WordPress/6.9.4; https://www.betterchitwan.com"
2a01:4f9:5a:1745::2 - - [15/Mar/2026:21:28:23 +0545] "POST /wp-admin/admin-ajax.php?action=async_litespeed&nonce=661b1bd860&litespeed_type=imgoptm HTTP/1.1" 200 5 "-" "WordPress/6.9.4; https://www.betterchitwan.com"
79.127.171.213 - - [15/Mar/2026:21:29:23 +0545] "POST /xmlrpc.php HTTP/1.1" 200 3766 "-" "Mozilla/5.0 (Macintosh; Intel Mac OS X 10_15_7) AppleWebKit/537.36 (KHTML, like Gecko) Chrome/131.0.0.0 Safari/537.36"
192.178.6.66 - - [15/Mar/2026:21:31:17 +0545] "GET /events/tag/youwa-bich-yuwa/list/?tribe-bar-date=2025-01-11&eventDisplay=past HTTP/1.1" 404 796 "-" "Mozilla/5.0 (Linux; Android 6.0.1; Nexus 5X Build/MMB29P) AppleWebKit/537.36 (KHTML, like Gecko) Chrome/145.0.7632.116 Mobile Safari/537.36 (compatible; Googlebot/2.1; +http://www.google.com/bot.html)"
169.150.235.119 - - [15/Mar/2026:21:32:56 +0545] "POST /xmlrpc.php HTTP/1.1" 200 3100 "-" "Mozilla/5.0 (X11; Linux x86_64) AppleWebKit/537.36 (KHTML, like Gecko) Chrome/81.0.4044.129 Safari/537.36"
2a01:4f9:5a:1745::2 - - [15/Mar/2026:21:38:56 +0545] "POST /wp-cron.php?doing_wp_cron=1773590036.5812239646911621093750 HTTP/1.1" 200 0 "-" "WordPress/6.9.4; https://www.betterchitwan.com"
51.92.52.146 - - [15/Mar/2026:21:38:58 +0545] "POST /xmlrpc.php HTTP/1.1" 200 108 "-" "Mozilla/5.0 (Windows NT 10.0; Win64; x64) AppleWebKit/537.36 (KHTML, like Gecko) Chrome/114.0.0.0 Safari/537.36 OPR/89.0.4447.51"
51.68.247.201 - - [15/Mar/2026:21:50:35 +0545] "GET /events/month/2024-08/ HTTP/1.1" 404 796 "-" "Mozilla/5.0 (compatible; AhrefsBot/7.0; +http://ahrefs.com/robot/)"
158.173.3.120 - - [15/Mar/2026:21:03:49 +0545] "GET / HTTP/1.1" 200 26879 "https://www.betterchitwan.com/" "Mozilla/5.0 (Windows NT 10.0; Win64; x64) AppleWebKit/537.36 (KHTML, like Gecko) Chrome/129.0.0.0 Safari/537.36"
2a01:4f9:5a:1745::2 - - [15/Mar/2026:21:03:54 +0545] "GET /wp-content/uploads/2019/11/divider.svg HTTP/1.1" 404 796 "-" "-"
158.173.3.120 - - [15/Mar/2026:21:03:52 +0545] "GET / HTTP/1.1" 200 26880 "https://www.betterchitwan.com/" "Mozilla/5.0 (Windows NT 10.0; Win64; x64) AppleWebKit/537.36 (KHTML, like Gecko) Chrome/129.0.0.0 Safari/537.36"
15.237.43.254 - - [15/Mar/2026:21:09:15 +0545] "POST /xmlrpc.php HTTP/1.1" 200 3100 "-" "Mozilla/5.0 (Windows NT 10.0; Win64; x64) AppleWebKit/537.36 (KHTML, like Gecko) Chrome/140.0.0.0 Safari/537.36"
152.233.16.12 - - [15/Mar/2026:21:09:57 +0545] "POST /xmlrpc.php HTTP/1.1" 200 2476 "-" "Mozilla/5.0 (X11; Linux i686) AppleWebKit/537.36 (KHTML, like Gecko) Chrome/114.0.0.0 Safari/537.36 Vivaldi/5.3.2679.68"
114.119.138.172 - - [15/Mar/2026:21:24:41 +0545] "GET /events/category/wow-women/list/?tribe-bar-date=2024-09-21&outlook-ical=1 HTTP/1.1" 404 796 "https://www.betterchitwan.com/events/category/wow-women/list/?tribe-bar-date=2024-09-21" "Mozilla/5.0 (Linux; Android 7.0;) AppleWebKit/537.36 (KHTML, like Gecko) Mobile Safari/537.36 (compatible; PetalBot;+https://webmaster.petalsearch.com/site/petalbot)"
2a01:4f9:5a:1745::2 - - [15/Mar/2026:21:32:57 +0545] "POST /wp-cron.php?doing_wp_cron=1773589676.9787991046905517578125 HTTP/1.1" 200 0 "-" "WordPress/6.9.4; https://www.betterchitwan.com"
114.119.146.77 - - [15/Mar/2026:21:42:56 +0545] "GET /events/category/wow-women/list/?tribe-bar-date=2024-08-30&eventDisplay=past&ical=1 HTTP/1.1" 404 796 "https://www.betterchitwan.com/events/category/wow-women/list/?tribe-bar-date=2024-08-30&eventDisplay=past" "Mozilla/5.0 (Linux; Android 7.0;) AppleWebKit/537.36 (KHTML, like Gecko) Mobile Safari/537.36 (compatible; PetalBot;+https://webmaster.petalsearch.com/site/petalbot)"
114.119.152.60 - - [15/Mar/2026:21:43:57 +0545] "GET /events/category/wow-women/list/?tribe-bar-date=2024-08-29&ical=1 HTTP/1.1" 404 796 "https://www.betterchitwan.com/events/category/wow-women/list/?tribe-bar-date=2024-08-29" "Mozilla/5.0 (Linux; Android 7.0;) AppleWebKit/537.36 (KHTML, like Gecko) Mobile Safari/537.36 (compatible; PetalBot;+https://webmaster.petalsearch.com/site/petalbot)"
92.222.108.115 - - [15/Mar/2026:21:45:02 +0545] "GET /events/tag/youwa-bich-yuwa/2025-04/ HTTP/1.1" 404 796 "-" "Mozilla/5.0 (compatible; AhrefsBot/7.0; +http://ahrefs.com/robot/)"
114.119.138.172 - - [15/Mar/2026:21:50:06 +0545] "GET /events/category/wow-women/list/?tribe-bar-date=2024-08-17&eventDisplay=past&ical=1 HTTP/1.1" 404 796 "https://www.betterchitwan.com/events/category/wow-women/list/?tribe-bar-date=2024-08-17&eventDisplay=past" "Mozilla/5.0 (Linux; Android 7.0;) AppleWebKit/537.36 (KHTML, like Gecko) Mobile Safari/537.36 (compatible; PetalBot;+https://webmaster.petalsearch.com/site/petalbot)"
2a01:4f9:5a:1745::2 - - [15/Mar/2026:21:50:09 +0545] "POST /wp-cron.php?doing_wp_cron=1773590709.4389669895172119140625 HTTP/1.1" 200 0 "-" "WordPress/6.9.4; https://www.betterchitwan.com"
87.164.84.111 - - [15/Mar/2026:21:50:08 +0545] "GET / HTTP/1.1" 301 0 "-" "Mozilla/5.0 (Windows NT 10.0; Win64; x64) AppleWebKit/537.36 (KHTML, like Gecko) Chrome/120.0.0.0 Safari/537.36"
49.0.245.195 - - [15/Mar/2026:21:52:37 +0545] "GET /robots.txt HTTP/1.1" 304 0 "https://www.betterchitwan.com/robots.txt" "Mozilla/5.0 (Windows NT 10.0; Win64; x64) AppleWebKit/537.36 (KHTML, like Gecko) Chrome/116.0.0.0 Safari/537.36"
3.139.242.79 - - [15/Mar/2026:21:52:44 +0545] "GET / HTTP/1.1" 200 12429 "http://webmail.betterchitwan.com/" "visionheight.com/scan Mozilla/5.0 (Macintosh; Intel Mac OS X 10_15_7) Chrome/126.0.0.0 Safari/537.36"
130.49.77.245 - - [15/Mar/2026:21:54:25 +0545] "POST /xmlrpc.php HTTP/1.1" 200 108 "-" "WordPress/XMLRPC Client"
169.150.235.119 - - [15/Mar/2026:21:33:05 +0545] "POST /xmlrpc.php HTTP/1.1" 200 2939 "-" "Mozilla/5.0 (X11; Linux x86_64) AppleWebKit/537.36 (KHTML, like Gecko) Chrome/81.0.4044.129 Safari/537.36"
47.128.121.94 - - [15/Mar/2026:21:41:41 +0545] "GET /2023/08/06/notice-video-contest-visit-bharatpur/ HTTP/1.1" 404 796 "-" "Mozilla/5.0 (Linux; Android 5.0) AppleWebKit/537.36 (KHTML, like Gecko) Mobile Safari/537.36 (compatible; TikTokSpider; ttspider-feedback@tiktok.com)"
2a01:4f9:5a:1745::2 - - [15/Mar/2026:21:50:12 +0545] "GET /wp-content/uploads/2019/11/divider.svg HTTP/1.1" 404 796 "-" "-"
87.164.84.111 - - [15/Mar/2026:21:50:10 +0545] "GET / HTTP/1.1" 200 26883 "https://betterchitwan.com" "Mozilla/5.0 (Windows NT 10.0; Win64; x64) AppleWebKit/537.36 (KHTML, like Gecko) Chrome/120.0.0.0 Safari/537.36"
114.119.145.188 - - [15/Mar/2026:21:55:22 +0545] "GET /events/category/wow-women/list/?tribe-bar-date=2024-08-15 HTTP/1.1" 404 796 "https://www.betterchitwan.com/events/category/wow-women/list/?tribe-bar-date=2024-08-15" "Mozilla/5.0 (Linux; Android 7.0;) AppleWebKit/537.36 (KHTML, like Gecko) Mobile Safari/537.36 (compatible; PetalBot;+https://webmaster.petalsearch.com/site/petalbot)"
216.244.66.231 - - [15/Mar/2026:21:55:40 +0545] "GET /robots.txt HTTP/1.1" 304 0 "-" "Mozilla/5.0 (compatible; DotBot/1.2; +https://opensiteexplorer.org/dotbot; help@moz.com)"
114.119.129.33 - - [15/Mar/2026:21:56:38 +0545] "GET /events/category/wow-women/list/?tribe-bar-date=2024-08-12&eventDisplay=past&ical=1 HTTP/1.1" 404 796 "https://www.betterchitwan.com/events/category/wow-women/list/?tribe-bar-date=2024-08-12&eventDisplay=past" "Mozilla/5.0 (Linux; Android 7.0;) AppleWebKit/537.36 (KHTML, like Gecko) Mobile Safari/537.36 (compatible; PetalBot;+https://webmaster.petalsearch.com/site/petalbot)"
114.119.138.172 - - [15/Mar/2026:21:40:17 +0545] "GET /events/category/wow-women/list/?tribe-bar-date=2024-09-02&eventDisplay=past HTTP/1.1" 404 796 "https://www.betterchitwan.com/events/category/wow-women/list/?tribe-bar-date=2024-09-02&eventDisplay=past" "Mozilla/5.0 (Linux; Android 7.0;) AppleWebKit/537.36 (KHTML, like Gecko) Mobile Safari/537.36 (compatible; PetalBot;+https://webmaster.petalsearch.com/site/petalbot)"
87.164.84.111 - - [15/Mar/2026:21:50:14 +0545] "POST /wp-admin/admin-ajax.php?action=sm_ping HTTP/1.1" 400 5 "-" "Mozilla/5.0 (Windows NT 10.0; Win64; x64) AppleWebKit/537.36 (KHTML, like Gecko) Chrome/120.0.0.0 Safari/537.36"
114.119.152.60 - - [15/Mar/2026:21:51:38 +0545] "GET /events/category/wow-women/list/?tribe-bar-date=2024-08-16&eventDisplay=past&ical=1 HTTP/1.1" 404 796 "https://www.betterchitwan.com/events/category/wow-women/list/?tribe-bar-date=2024-08-16&eventDisplay=past" "Mozilla/5.0 (Linux; Android 7.0;) AppleWebKit/537.36 (KHTML, like Gecko) Mobile Safari/537.36 (compatible; PetalBot;+https://webmaster.petalsearch.com/site/petalbot)"
2a01:4f9:5a:1745::2 - - [15/Mar/2026:21:54:28 +0545] "POST /wp-admin/admin-ajax.php?action=async_litespeed&nonce=661b1bd860&litespeed_type=imgoptm HTTP/1.1" 200 5 "-" "WordPress/6.9.4; https://www.betterchitwan.com"
2a01:4f9:5a:1745::2 - - [15/Mar/2026:21:02:52 +0545] "POST /wp-admin/admin-ajax.php?action=async_litespeed&nonce=661b1bd860&litespeed_type=imgoptm HTTP/1.1" 200 5 "-" "WordPress/6.9.4; https://www.betterchitwan.com"
2a01:4f9:5a:1745::2 - - [15/Mar/2026:21:03:46 +0545] "POST /wp-admin/admin-ajax.php?action=async_litespeed&nonce=661b1bd860&litespeed_type=imgoptm HTTP/1.1" 200 5 "-" "WordPress/6.9.4; https://www.betterchitwan.com"
2a01:4f9:5a:1745::2 - - [15/Mar/2026:21:11:52 +0545] "GET /wp-content/uploads/2019/11/divider.svg HTTP/1.1" 404 796 "-" "-"
2a01:4f9:5a:1745::2 - - [15/Mar/2026:21:11:53 +0545] "POST /wp-cron.php?doing_wp_cron=1773588413.6714270114898681640625 HTTP/1.1" 200 0 "-" "WordPress/6.9.4; https://www.betterchitwan.com"
185.28.254.188 - - [15/Mar/2026:21:20:14 +0545] "POST /xmlrpc.php HTTP/1.1" 200 108 "-" "Mozilla/5.0 (Windows NT 10.0; WOW64; x64) AppleWebKit/537.36 (KHTML, like Gecko) Chrome/114.0.0.0 Safari/537.36 OPR/89.0.4447.51"
54.74.235.107 - - [15/Mar/2026:21:23:33 +0545] "POST /xmlrpc.php HTTP/1.1" 200 3100 "-" "Mozilla/5.0 (Windows NT 10.0; Win64; x64) AppleWebKit/537.36 (KHTML, like Gecko) Chrome/114.0.0.0 YaBrowser/22.7.0 Yowser/2.5 Safari/537.36"
54.74.235.107 - - [15/Mar/2026:21:23:36 +0545] "POST /xmlrpc.php HTTP/1.1" 200 3488 "-" "Mozilla/5.0 (Windows NT 10.0; Win64; x64) AppleWebKit/537.36 (KHTML, like Gecko) Chrome/114.0.0.0 YaBrowser/22.7.0 Yowser/2.5 Safari/537.36"
2a01:4f9:5a:1745::2 - - [15/Mar/2026:21:26:04 +0545] "POST /wp-admin/admin-ajax.php?action=async_litespeed&nonce=661b1bd860&litespeed_type=imgoptm HTTP/1.1" 200 5 "-" "WordPress/6.9.4; https://www.betterchitwan.com"
2a01:4f9:5a:1745::2 - - [15/Mar/2026:21:29:22 +0545] "POST /wp-admin/admin-ajax.php?action=async_litespeed&nonce=661b1bd860&litespeed_type=imgoptm HTTP/1.1" 200 5 "-" "WordPress/6.9.4; https://www.betterchitwan.com"
2a01:4f9:5a:1745::2 - - [15/Mar/2026:21:32:57 +0545] "POST /wp-admin/admin-ajax.php?action=async_litespeed&nonce=661b1bd860&litespeed_type=imgoptm HTTP/1.1" 200 5 "-" "WordPress/6.9.4; https://www.betterchitwan.com"
24.199.118.237 - - [15/Mar/2026:21:37:42 +0545] "GET /wp-login.php HTTP/1.1" 200 974 "-" "Mozilla/5.0"
2a01:4f9:5a:1745::2 - - [15/Mar/2026:21:38:57 +0545] "POST /wp-admin/admin-ajax.php?action=async_litespeed&nonce=661b1bd860&litespeed_type=imgoptm HTTP/1.1" 200 5 "-" "WordPress/6.9.4; https://www.betterchitwan.com"
66.78.44.142 - - [15/Mar/2026:21:40:43 +0545] "POST /wp-login.php HTTP/1.1" 200 974 "-" "Mozilla/5.0 (Windows NT 10.0; Win64; x64; rv:135.0) Gecko/20100101 Firefox/135.0"
