2001:41d0:303:875e::1 - - [16/Mar/2026:01:32:48 +0545] "GET /%E0%A4%AC%E0%A4%BE%E0%A4%97%E0%A4%AE%E0%A4%A4%E0%A5%80-%E0%A4%AA%E0%A5%8D%E0%A4%B0%E0%A4%A6%E0%A5%87%E0%A4%B6-%E0%A4%B8%E0%A5%8D%E0%A4%A4%E0%A4%B0%E0%A5%80%E0%A4%AF-%E0%A4%B8%E0%A4%82%E0%A4%B5/471227989_909190814671418_5184561532609526216_n/ HTTP/1.1" 404 796 "-" "Mozilla/5.0 (compatible; MJ12bot/v1.4.8; http://mj12bot.com/)"
2001:41d0:303:875e::1 - - [16/Mar/2026:01:32:55 +0545] "GET /%E0%A4%AC%E0%A4%BE%E0%A4%97%E0%A4%AE%E0%A4%A4%E0%A5%80-%E0%A4%AA%E0%A5%8D%E0%A4%B0%E0%A4%A6%E0%A5%87%E0%A4%B6-%E0%A4%B8%E0%A5%8D%E0%A4%A4%E0%A4%B0%E0%A5%80%E0%A4%AF-%E0%A4%B8%E0%A4%82%E0%A4%B5/471286207_909203354670164_7575534484046328611_n/ HTTP/1.1" 404 796 "-" "Mozilla/5.0 (compatible; MJ12bot/v1.4.8; http://mj12bot.com/)"
176.223.172.213 - xtw183875862 [16/Mar/2026:01:32:54 +0545] "POST /xmlrpc.php HTTP/1.1" 200 3130 "-" "Mozilla/5.0 (Macintosh; Intel Mac OS X 12_5) AppleWebKit/537.36 (KHTML, like Gecko) Chrome/114.0.0.0 Safari/537.36 OPR/89.0.4447.51"
2001:41d0:303:875e::1 - - [16/Mar/2026:01:32:59 +0545] "GET /%E0%A4%AC%E0%A4%BE%E0%A4%97%E0%A4%AE%E0%A4%A4%E0%A5%80-%E0%A4%AA%E0%A5%8D%E0%A4%B0%E0%A4%A6%E0%A5%87%E0%A4%B6-%E0%A4%B8%E0%A5%8D%E0%A4%A4%E0%A4%B0%E0%A5%80%E0%A4%AF-%E0%A4%B8%E0%A4%82%E0%A4%B5/471315358_909189714671528_8049226633979353527_n/ HTTP/1.1" 404 796 "-" "Mozilla/5.0 (compatible; MJ12bot/v1.4.8; http://mj12bot.com/)"
2001:41d0:303:875e::1 - - [16/Mar/2026:01:33:10 +0545] "GET /%E0%A4%AC%E0%A4%BE%E0%A4%97%E0%A4%AE%E0%A4%A4%E0%A5%80-%E0%A4%AA%E0%A5%8D%E0%A4%B0%E0%A4%A6%E0%A5%87%E0%A4%B6-%E0%A4%B8%E0%A5%8D%E0%A4%A4%E0%A4%B0%E0%A5%80%E0%A4%AF-%E0%A4%B8%E0%A4%82%E0%A4%B5/471516952_909189884671511_7277938527725072879_n/ HTTP/1.1" 404 796 "-" "Mozilla/5.0 (compatible; MJ12bot/v1.4.8; http://mj12bot.com/)"
2001:41d0:303:875e::1 - - [16/Mar/2026:01:33:19 +0545] "GET /%E0%A4%AE%E0%A4%B9%E0%A4%BE%E0%A4%A8%E0%A4%97%E0%A4%B0%E0%A4%AA%E0%A4%BE%E0%A4%B2%E0%A4%BF%E0%A4%95%E0%A4%BE%E0%A4%B8%E0%A4%81%E0%A4%97-%E0%A4%AC%E0%A4%BE%E0%A4%B2%E0%A4%AC%E0%A4%BE%E0%A4%B2%E0%A4%BF/ HTTP/1.1" 404 796 "-" "Mozilla/5.0 (compatible; MJ12bot/v1.4.8; http://mj12bot.com/)"
54.161.167.20 - - [16/Mar/2026:01:37:13 +0545] "GET /mailey-padheko-kitab-reading-series-2023-feb/ HTTP/1.1" 404 796 "-" "Grammarly/1.0 (http://www.grammarly.com)"
2001:41d0:303:875e::1 - - [16/Mar/2026:01:31:46 +0545] "GET /%E0%A4%97%E0%A4%BE%E0%A4%89%E0%A4%81%E0%A4%AE%E0%A4%BE-%E0%A4%96%E0%A5%87%E0%A4%A4-%E0%A4%AC%E0%A4%BE%E0%A4%9D%E0%A5%88-%E0%A4%9B-%E0%A4%B8%E0%A4%B9%E0%A4%B0%E0%A4%AE%E0%A4%BE-%E0%A4%97%E0%A4%AE/375452021_7425856980764455_5352395347753161043_n/ HTTP/1.1" 404 796 "-" "Mozilla/5.0 (compatible; MJ12bot/v1.4.8; http://mj12bot.com/)"
2001:41d0:303:875e::1 - - [16/Mar/2026:01:32:09 +0545] "GET /%E0%A4%98%E0%A4%B0%E0%A4%BE%E0%A4%AF%E0%A4%B8%E0%A5%80-%E0%A4%AB%E0%A5%8B%E0%A4%B9%E0%A5%8B%E0%A4%B0%E0%A4%95%E0%A5%8B-%E0%A4%AA%E0%A5%83%E0%A4%A5%E0%A4%95%E0%A5%80%E0%A4%95%E0%A4%B0%E0%A4%A3%E0%A4%95/445170864_771389361784898_935903355803369412_n/ HTTP/1.1" 404 796 "-" "Mozilla/5.0 (compatible; MJ12bot/v1.4.8; http://mj12bot.com/)"
2001:41d0:303:875e::1 - - [16/Mar/2026:01:32:35 +0545] "GET /%E0%A4%9C%E0%A5%80%E0%A4%B5%E0%A4%BF%E0%A4%A4-%E0%A4%AA%E0%A4%B6%E0%A5%81-%E0%A4%A2%E0%A5%81%E0%A4%B5%E0%A4%BE%E0%A4%A8%E0%A5%80-%E0%A4%AA%E0%A5%8D%E0%A4%B0%E0%A4%A4%E0%A4%BF%E0%A4%AC%E0%A4%A8/ HTTP/1.1" 404 796 "-" "Mozilla/5.0 (compatible; MJ12bot/v1.4.8; http://mj12bot.com/)"
2001:41d0:303:875e::1 - - [16/Mar/2026:01:33:13 +0545] "GET /%E0%A4%AD%E0%A4%B0%E0%A4%A4%E0%A4%AA%E0%A5%81%E0%A4%B0-%E0%A5%A8%E0%A5%AE-%E0%A4%AE%E0%A4%BE-%E0%A4%A8%E0%A4%BF%E0%A4%83%E0%A4%B6%E0%A5%81%E0%A4%B2%E0%A5%8D%E0%A4%95-%E0%A4%86%E0%A4%81%E0%A4%96/ HTTP/1.1" 404 796 "-" "Mozilla/5.0 (compatible; MJ12bot/v1.4.8; http://mj12bot.com/)"
2001:41d0:303:875e::1 - - [16/Mar/2026:01:33:15 +0545] "GET /%E0%A4%AD%E0%A4%B0%E0%A4%A4%E0%A4%AA%E0%A5%81%E0%A4%B0-%E0%A5%A8%E0%A5%AE-%E0%A4%AE%E0%A4%BE-%E0%A4%A8%E0%A4%BF%E0%A4%83%E0%A4%B6%E0%A5%81%E0%A4%B2%E0%A5%8D%E0%A4%95-%E0%A4%86%E0%A4%81%E0%A4%96/462207551_856429476614219_8969019199747566017_n/ HTTP/1.1" 404 796 "-" "Mozilla/5.0 (compatible; MJ12bot/v1.4.8; http://mj12bot.com/)"
2001:41d0:303:875e::1 - - [16/Mar/2026:01:33:33 +0545] "GET /%E0%A4%B6%E0%A5%8D%E0%A4%B0%E0%A5%80-%E0%A4%9A%E0%A4%AE%E0%A5%87%E0%A4%B2%E0%A5%80-%E0%A4%A6%E0%A5%87%E0%A4%B5%E0%A5%80-%E0%A4%AA%E0%A4%BF%E0%A4%AF-%E0%A4%AE%E0%A4%BE%E0%A4%A7%E0%A5%8D%E0%A4%AF/459428935_838492815074552_6111423129372528251_n/ HTTP/1.1" 404 796 "-" "Mozilla/5.0 (compatible; MJ12bot/v1.4.8; http://mj12bot.com/)"
2001:41d0:303:875e::1 - - [16/Mar/2026:01:33:42 +0545] "GET /celebrating-%F0%9D%97%A2%F0%9D%97%A1%F0%9D%97%98-year-without-%F0%9D%97%A6%F0%9D%97%B6%F0%9D%97%BB%F0%9D%97%B4%F0%9D%97%B9%F0%9D%97%B2-%F0%9D%97%A8%F0%9D%98%80%F0%9D%97%B2-%F0%9D%97%A3%F0%9D%97%B9/ HTTP/1.1" 404 796 "-" "Mozilla/5.0 (compatible; MJ12bot/v1.4.8; http://mj12bot.com/)"
192.178.6.68 - - [16/Mar/2026:01:34:18 +0545] "GET /events/category/event/list/?tribe-bar-date=2025-07-02&eventDisplay=past HTTP/1.1" 404 796 "-" "Mozilla/5.0 (Linux; Android 6.0.1; Nexus 5X Build/MMB29P) AppleWebKit/537.36 (KHTML, like Gecko) Chrome/145.0.7632.116 Mobile Safari/537.36 (compatible; Googlebot/2.1; +http://www.google.com/bot.html)"
2a01:4f9:5a:1745::2 - - [16/Mar/2026:01:35:30 +0545] "POST /wp-admin/admin-ajax.php?action=async_litespeed&nonce=661b1bd860&litespeed_type=imgoptm HTTP/1.1" 200 5 "-" "WordPress/6.9.4; https://www.betterchitwan.com"
176.223.172.213 - admlnlx [16/Mar/2026:01:35:31 +0545] "POST /xmlrpc.php HTTP/1.1" 200 1525 "-" "Mozilla/5.0 (Macintosh; Intel Mac OS X 10_14_6) AppleWebKit/537.36 (KHTML, like Gecko) Chrome/80.0.3987.132 Safari/537.36"
114.119.152.60 - - [16/Mar/2026:01:36:54 +0545] "GET /events/category/youthwan/day/2024-06-13/ HTTP/1.1" 404 796 "https://www.betterchitwan.com/events/category/youthwan/list/?tribe-bar-date=2024-06-13&eventDisplay=past" "Mozilla/5.0 (Linux; Android 7.0;) AppleWebKit/537.36 (KHTML, like Gecko) Mobile Safari/537.36 (compatible; PetalBot;+https://webmaster.petalsearch.com/site/petalbot)"
54.161.167.20 - - [16/Mar/2026:01:37:13 +0545] "GET /mailey-padheko-kitab-reading-series-2023-feb/ HTTP/1.1" 404 796 "-" "Grammarly/1.0 (http://www.grammarly.com)"
2a01:4f9:5a:1745::2 - - [16/Mar/2026:01:37:18 +0545] "GET /wp-content/uploads/2019/11/divider.svg HTTP/1.1" 404 796 "-" "-"
2001:41d0:303:875e::1 - - [16/Mar/2026:01:33:29 +0545] "GET /%E0%A4%B6%E0%A5%8D%E0%A4%B0%E0%A5%80-%E0%A4%9A%E0%A4%AE%E0%A5%87%E0%A4%B2%E0%A5%80-%E0%A4%A6%E0%A5%87%E0%A4%B5%E0%A5%80-%E0%A4%AA%E0%A4%BF%E0%A4%AF-%E0%A4%AE%E0%A4%BE%E0%A4%A7%E0%A5%8D%E0%A4%AF/459355173_838492571741243_1916021608699310360_n/ HTTP/1.1" 404 796 "-" "Mozilla/5.0 (compatible; MJ12bot/v1.4.8; http://mj12bot.com/)"
2001:41d0:303:875e::1 - - [16/Mar/2026:01:33:35 +0545] "GET /%E0%A4%B8%E0%A4%AA%E0%A5%8D%E0%A4%A4%E0%A4%97%E0%A4%A3%E0%A5%8D%E0%A4%A1%E0%A4%95%E0%A5%80-%E0%A4%95%E0%A4%9A%E0%A5%87%E0%A4%B9%E0%A5%87%E0%A4%B0%E0%A5%80-%E0%A5%A8%E0%A5%A6%E0%A5%A8%E0%A5%AA/ HTTP/1.1" 404 796 "-" "Mozilla/5.0 (compatible; MJ12bot/v1.4.8; http://mj12bot.com/)"
2001:41d0:303:875e::1 - - [16/Mar/2026:01:33:45 +0545] "GET /event/%E0%A4%9C%E0%A4%B2%E0%A4%B5%E0%A4%BE%E0%A4%AF%E0%A5%81-%E0%A4%95%E0%A4%BE%E0%A4%B0%E0%A5%8D%E0%A4%AF%E0%A4%95%E0%A5%8B-%E0%A4%B8%E0%A5%8D%E0%A4%A5%E0%A4%BE%E0%A4%A8%E0%A5%80%E0%A4%AF%E0%A4%95%E0%A4%B0/ HTTP/1.1" 404 796 "-" "Mozilla/5.0 (compatible; MJ12bot/v1.4.8; http://mj12bot.com/)"
2001:41d0:303:875e::1 - - [16/Mar/2026:01:33:56 +0545] "GET /event/%E0%A4%AA%E0%A4%B0%E0%A5%8D%E0%A4%AF%E0%A4%BE%E0%A4%B5%E0%A4%B0%E0%A4%A3%E0%A4%95%E0%A4%BE-%E0%A4%B2%E0%A4%BE%E0%A4%97%E0%A4%BF-%E0%A4%AF%E0%A5%81%E0%A4%B5%E0%A4%BE-%E0%A4%86%E0%A4%B5%E0%A4%BE/ HTTP/1.1" 404 796 "-" "Mozilla/5.0 (compatible; MJ12bot/v1.4.8; http://mj12bot.com/)"
2a01:4f9:5a:1745::2 - - [16/Mar/2026:01:37:16 +0545] "POST /wp-cron.php?doing_wp_cron=1773604336.2718610763549804687500 HTTP/1.1" 200 0 "-" "WordPress/6.9.4; https://www.betterchitwan.com"
2a01:4f9:5a:1745::2 - - [16/Mar/2026:01:37:17 +0545] "POST /wp-admin/admin-ajax.php?action=async_litespeed&nonce=661b1bd860&litespeed_type=imgoptm HTTP/1.1" 200 5 "-" "WordPress/6.9.4; https://www.betterchitwan.com"
176.31.139.19 - - [16/Mar/2026:01:37:16 +0545] "GET /?sitemap36_xml HTTP/1.1" 200 26937 "-" "Mozilla/5.0 (compatible; AhrefsBot/7.0; +http://ahrefs.com/robot/)"
114.119.128.196 - - [16/Mar/2026:01:44:23 +0545] "GET /events/category/youth-motivators-club-ymc/list/?tribe-bar-date=2025-10-28 HTTP/1.1" 404 796 "https://www.betterchitwan.com/events/category/youth-motivators-club-ymc/day/2025-10-28/" "Mozilla/5.0 (Linux; Android 7.0;) AppleWebKit/537.36 (KHTML, like Gecko) Mobile Safari/537.36 (compatible; PetalBot;+https://webmaster.petalsearch.com/site/petalbot)"
2001:41d0:303:875e::1 - - [16/Mar/2026:01:34:01 +0545] "GET /event/%E0%A4%B2%E0%A5%88%E0%A4%82%E0%A4%97%E0%A4%BF%E0%A4%95-%E0%A4%B9%E0%A4%BF%E0%A4%82%E0%A4%B8%E0%A4%BE-%E0%A4%B5%E0%A4%BF%E0%A4%B0%E0%A5%82%E0%A4%A6%E0%A5%8D%E0%A4%A7%E0%A4%95%E0%A4%BE%E0%A5%87/ HTTP/1.1" 404 796 "-" "Mozilla/5.0 (compatible; MJ12bot/v1.4.8; http://mj12bot.com/)"
2001:41d0:303:875e::1 - - [16/Mar/2026:01:34:02 +0545] "GET /event/%F0%9D%91%AA%F0%9D%92%8D%F0%9D%92%86%F0%9D%92%82%F0%9D%92%8F-%F0%9D%91%BC%F0%9D%92%91-%F0%9D%91%BB%F0%9D%92%93%F0%9D%92%86%F0%9D%92%82%F0%9D%92%94%F0%9D%92%96%F0%9D%92%93%F0%9D%92%86-%F0%9D%91%AF/ HTTP/1.1" 404 796 "-" "Mozilla/5.0 (compatible; MJ12bot/v1.4.8; http://mj12bot.com/)"
114.119.152.60 - - [16/Mar/2026:01:36:05 +0545] "GET /events/category/youthwan/day/2025-03-09/ HTTP/1.1" 404 796 "https://www.betterchitwan.com/events/category/youthwan/day/2025-03-10/" "Mozilla/5.0 (Linux; Android 7.0;) AppleWebKit/537.36 (KHTML, like Gecko) Mobile Safari/537.36 (compatible; PetalBot;+https://webmaster.petalsearch.com/site/petalbot)"
114.119.136.5 - - [16/Mar/2026:01:42:46 +0545] "GET /events/category/youth-motivators-club-ymc/list?tribe-bar-date=2024-09-01&ical=1 HTTP/1.1" 404 796 "-" "Mozilla/5.0 (Linux; Android 7.0;) AppleWebKit/537.36 (KHTML, like Gecko) Mobile Safari/537.36 (compatible; PetalBot;+https://webmaster.petalsearch.com/site/petalbot)"
2001:41d0:303:875e::1 - - [16/Mar/2026:01:31:57 +0545] "GET /%E0%A4%97%E0%A4%BE%E0%A4%89%E0%A4%81%E0%A4%AE%E0%A4%BE-%E0%A4%96%E0%A5%87%E0%A4%A4-%E0%A4%AC%E0%A4%BE%E0%A4%9D%E0%A5%88-%E0%A4%9B-%E0%A4%B8%E0%A4%B9%E0%A4%B0%E0%A4%AE%E0%A4%BE-%E0%A4%97%E0%A4%AE/375464069_7425857770764376_4507065868143513869_n/ HTTP/1.1" 404 796 "-" "Mozilla/5.0 (compatible; MJ12bot/v1.4.8; http://mj12bot.com/)"
2001:41d0:303:875e::1 - - [16/Mar/2026:01:32:03 +0545] "GET /%E0%A4%98%E0%A4%B0%E0%A4%BE%E0%A4%AF%E0%A4%B8%E0%A5%80-%E0%A4%AB%E0%A5%8B%E0%A4%B9%E0%A5%8B%E0%A4%B0%E0%A4%95%E0%A5%8B-%E0%A4%AA%E0%A5%83%E0%A4%A5%E0%A4%95%E0%A5%80%E0%A4%95%E0%A4%B0%E0%A4%A3%E0%A4%95/ HTTP/1.1" 404 796 "-" "Mozilla/5.0 (compatible; MJ12bot/v1.4.8; http://mj12bot.com/)"
2001:41d0:303:875e::1 - - [16/Mar/2026:01:32:11 +0545] "GET /%E0%A4%98%E0%A4%B0%E0%A4%BE%E0%A4%AF%E0%A4%B8%E0%A5%80-%E0%A4%AB%E0%A5%8B%E0%A4%B9%E0%A5%8B%E0%A4%B0%E0%A4%95%E0%A5%8B-%E0%A4%AA%E0%A5%83%E0%A4%A5%E0%A4%95%E0%A5%80%E0%A4%95%E0%A4%B0%E0%A4%A3%E0%A4%95/445423364_771389231784911_595536012921906027_n/ HTTP/1.1" 404 796 "-" "Mozilla/5.0 (compatible; MJ12bot/v1.4.8; http://mj12bot.com/)"
2001:41d0:303:875e::1 - - [16/Mar/2026:01:32:18 +0545] "GET /%E0%A4%9C%E0%A4%B2%E0%A4%B5%E0%A4%BE%E0%A4%AF%E0%A5%81-%E0%A4%AA%E0%A4%B0%E0%A4%BF%E0%A4%B5%E0%A4%B0%E0%A5%8D%E0%A4%A4%E0%A4%A8-%E0%A4%B0-%E0%A4%9C%E0%A4%B2%E0%A4%B5%E0%A4%BE%E0%A4%AF%E0%A5%81/469877798_900993455491154_5512680120295589825_n/ HTTP/1.1" 404 796 "-" "Mozilla/5.0 (compatible; MJ12bot/v1.4.8; http://mj12bot.com/)"
2a01:4f9:5a:1745::2 - - [16/Mar/2026:01:32:56 +0545] "POST /wp-admin/admin-ajax.php?action=async_litespeed&nonce=661b1bd860&litespeed_type=imgoptm HTTP/1.1" 200 5 "-" "WordPress/6.9.4; https://www.betterchitwan.com"
114.119.131.235 - - [16/Mar/2026:01:33:51 +0545] "GET /events/category/youthwan/day/2025-03-13/?outlook-ical=1 HTTP/1.1" 404 796 "https://www.betterchitwan.com/events/category/youthwan/day/2025-03-13/" "Mozilla/5.0 (Linux; Android 7.0;) AppleWebKit/537.36 (KHTML, like Gecko) Mobile Safari/537.36 (compatible; PetalBot;+https://webmaster.petalsearch.com/site/petalbot)"
2001:41d0:303:875e::1 - - [16/Mar/2026:01:33:57 +0545] "GET /event/%E0%A4%AE%E0%A4%BE%E0%A4%A8%E0%A4%B5-%E0%A4%AC%E0%A5%87%E0%A4%9A%E0%A4%AC%E0%A4%BF%E0%A4%96%E0%A4%A8-%E0%A4%A4%E0%A4%A5%E0%A4%BE-%E0%A4%93%E0%A4%B8%E0%A4%BE%E0%A4%B0%E0%A4%AA%E0%A4%B8%E0%A4%BE/ HTTP/1.1" 404 796 "-" "Mozilla/5.0 (compatible; MJ12bot/v1.4.8; http://mj12bot.com/)"
192.178.6.67 - - [16/Mar/2026:01:44:15 +0545] "GET /events/tag/save-narayani-movement/ HTTP/1.1" 404 796 "-" "Mozilla/5.0 (Linux; Android 6.0.1; Nexus 5X Build/MMB29P) AppleWebKit/537.36 (KHTML, like Gecko) Chrome/145.0.7632.116 Mobile Safari/537.36 (compatible; Googlebot/2.1; +http://www.google.com/bot.html)"
2001:41d0:303:875e::1 - - [16/Mar/2026:01:33:20 +0545] "GET /%E0%A4%AE%E0%A4%BE%E0%A4%A1%E0%A5%80-%E0%A4%A8%E0%A4%97%E0%A4%B0%E0%A4%AA%E0%A4%BE%E0%A4%B2%E0%A4%BF%E0%A4%95%E0%A4%BE-%E0%A4%95%E0%A4%BE%E0%A4%A8%E0%A5%8D%E0%A4%A4%E0%A4%BF%E0%A4%AA%E0%A5%81%E0%A4%B0/ HTTP/1.1" 404 796 "-" "Mozilla/5.0 (compatible; MJ12bot/v1.4.8; http://mj12bot.com/)"
2001:41d0:303:875e::1 - - [16/Mar/2026:01:33:22 +0545] "GET /%E0%A4%B6%E0%A5%8D%E0%A4%B0%E0%A5%80-%E0%A4%9A%E0%A4%AE%E0%A5%87%E0%A4%B2%E0%A5%80-%E0%A4%A6%E0%A5%87%E0%A4%B5%E0%A5%80-%E0%A4%AA%E0%A4%BF%E0%A4%AF-%E0%A4%AE%E0%A4%BE%E0%A4%A7%E0%A5%8D%E0%A4%AF/ HTTP/1.1" 404 796 "-" "Mozilla/5.0 (compatible; MJ12bot/v1.4.8; http://mj12bot.com/)"
2001:41d0:303:875e::1 - - [16/Mar/2026:01:33:24 +0545] "GET /%E0%A4%B6%E0%A5%8D%E0%A4%B0%E0%A5%80-%E0%A4%9A%E0%A4%AE%E0%A5%87%E0%A4%B2%E0%A5%80-%E0%A4%A6%E0%A5%87%E0%A4%B5%E0%A5%80-%E0%A4%AA%E0%A4%BF%E0%A4%AF-%E0%A4%AE%E0%A4%BE%E0%A4%A7%E0%A5%8D%E0%A4%AF/459184871_838492975074536_9119576291940588600_n/ HTTP/1.1" 404 796 "-" "Mozilla/5.0 (compatible; MJ12bot/v1.4.8; http://mj12bot.com/)"
2001:41d0:303:875e::1 - - [16/Mar/2026:01:33:52 +0545] "GET /event/%E0%A4%A8%E0%A4%BE%E0%A4%B0%E0%A4%BE%E0%A4%AF%E0%A4%A3%E0%A5%80-%E0%A4%AC%E0%A4%9A%E0%A4%BE%E0%A4%89%E0%A4%A8-%E0%A4%9A%E0%A4%BF%E0%A4%A4%E0%A5%8D%E0%A4%B0%E0%A4%95%E0%A4%B2%E0%A4%BE/ HTTP/1.1" 404 796 "-" "Mozilla/5.0 (compatible; MJ12bot/v1.4.8; http://mj12bot.com/)"
2001:41d0:303:875e::1 - - [16/Mar/2026:01:33:54 +0545] "GET /event/%E0%A4%A8%E0%A4%BE%E0%A4%B0%E0%A4%BE%E0%A4%AF%E0%A4%A3%E0%A5%80-%E0%A4%AC%E0%A4%9A%E0%A4%BE%E0%A4%94-%E0%A4%85%E0%A4%AD%E0%A4%BF%E0%A4%AF%E0%A4%BE%E0%A4%A8%E0%A4%95%E0%A4%BE%E0%A5%87-%E0%A4%95/ HTTP/1.1" 404 796 "-" "Mozilla/5.0 (compatible; MJ12bot/v1.4.8; http://mj12bot.com/)"
2a01:4f9:5a:1745::2 - - [16/Mar/2026:01:35:29 +0545] "POST /wp-cron.php?doing_wp_cron=1773604229.3456490039825439453125 HTTP/1.1" 200 0 "-" "WordPress/6.9.4; https://www.betterchitwan.com"
2001:41d0:303:875e::1 - - [16/Mar/2026:01:33:59 +0545] "GET /event/%E0%A4%AF%E0%A5%81%E0%A4%B5%E0%A4%BE-%E0%A4%AC%E0%A5%80%E0%A4%9A-%E0%A4%AF%E0%A5%81%E0%A4%B5%E0%A4%BE/ HTTP/1.1" 404 796 "-" "Mozilla/5.0 (compatible; MJ12bot/v1.4.8; http://mj12bot.com/)"
176.223.172.213 - admlnlx [16/Mar/2026:01:35:30 +0545] "POST /xmlrpc.php HTTP/1.1" 200 106 "-" "Mozilla/5.0 (Macintosh; Intel Mac OS X 10_14_6) AppleWebKit/537.36 (KHTML, like Gecko) Chrome/80.0.3987.132 Safari/537.36"
113.166.222.97 - - [16/Mar/2026:01:37:14 +0545] "GET /upcoming-events/ HTTP/1.1" 404 796 "-" "Mozilla/5.0 (Macintosh; U; Intel Mac OS X 10_12_7) AppleWebKit/532.0 (KHTML, like Gecko) Chrome/61.0.839.0 Safari/532.0"
176.31.139.19 - - [16/Mar/2026:01:37:15 +0545] "GET /?sitemap36.xml HTTP/1.1" 301 0 "-" "Mozilla/5.0 (compatible; AhrefsBot/7.0; +http://ahrefs.com/robot/)"
114.119.146.77 - - [16/Mar/2026:01:38:18 +0545] "GET /events/category/youthwan/day/2024-01-02/ HTTP/1.1" 404 796 "https://www.betterchitwan.com/events/category/youthwan/list/?tribe-bar-date=2024-01-02&eventDisplay=past" "Mozilla/5.0 (Linux; Android 7.0;) AppleWebKit/537.36 (KHTML, like Gecko) Mobile Safari/537.36 (compatible; PetalBot;+https://webmaster.petalsearch.com/site/petalbot)"
216.244.66.231 - - [16/Mar/2026:01:41:21 +0545] "GET /events/category/monthly-meeting/day/2024-09-02/?outlook-ical=1 HTTP/1.1" 404 796 "-" "Mozilla/5.0 (compatible; DotBot/1.2; +https://opensiteexplorer.org/dotbot; help@moz.com)"
114.119.138.172 - - [16/Mar/2026:01:47:59 +0545] "GET /events/category/youth-motivators-club-ymc/list/?tribe-bar-date=2025-05-27 HTTP/1.1" 404 796 "https://www.betterchitwan.com/events/category/youth-motivators-club-ymc/day/2025-05-27/" "Mozilla/5.0 (Linux; Android 7.0;) AppleWebKit/537.36 (KHTML, like Gecko) Mobile Safari/537.36 (compatible; PetalBot;+https://webmaster.petalsearch.com/site/petalbot)"
114.119.154.135 - - [16/Mar/2026:01:52:03 +0545] "GET /robots.txt HTTP/1.1" 304 0 "-" "Mozilla/5.0 (compatible;PetalBot;+https://webmaster.petalsearch.com/site/petalbot)"
114.119.131.235 - - [16/Mar/2026:01:52:06 +0545] "GET /events/category/youth-motivators-club-ymc/list/?tribe-bar-date=2024-12-27 HTTP/1.1" 404 796 "https://www.betterchitwan.com/events/category/youth-motivators-club-ymc/list/?tribe-bar-date=2024-12-27&eventDisplay=past" "Mozilla/5.0 (Linux; Android 7.0;) AppleWebKit/537.36 (KHTML, like Gecko) Mobile Safari/537.36 (compatible; PetalBot;+https://webmaster.petalsearch.com/site/petalbot)"
51.75.236.153 - - [16/Mar/2026:01:47:55 +0545] "GET /page/2/?post_type=tribe_events&eventDisplay=day&eventDate=2025-07-03 HTTP/1.1" 404 796 "-" "Mozilla/5.0 (compatible; AhrefsBot/7.0; +http://ahrefs.com/robot/)"
216.244.66.231 - - [16/Mar/2026:01:50:53 +0545] "GET /events/tag/youwa-bich-yuwa/day/2025-06-15/?outlook-ical=1 HTTP/1.1" 404 796 "-" "Mozilla/5.0 (compatible; DotBot/1.2; +https://opensiteexplorer.org/dotbot; help@moz.com)"
114.119.138.172 - - [16/Mar/2026:01:56:55 +0545] "GET /events/category/youth-motivators-club-ymc/day/2025-12-27/ HTTP/1.1" 404 796 "https://www.betterchitwan.com/events/category/youth-motivators-club-ymc/list/?tribe-bar-date=2025-12-27&eventDisplay=past" "Mozilla/5.0 (Linux; Android 7.0;) AppleWebKit/537.36 (KHTML, like Gecko) Mobile Safari/537.36 (compatible; PetalBot;+https://webmaster.petalsearch.com/site/petalbot)"
192.178.6.67 - - [16/Mar/2026:01:57:13 +0545] "GET /events/tag/international-youth-day-2023/list/?tribe-bar-date=2030-04-14&eventDisplay=past HTTP/1.1" 404 796 "-" "Mozilla/5.0 (Linux; Android 6.0.1; Nexus 5X Build/MMB29P) AppleWebKit/537.36 (KHTML, like Gecko) Chrome/145.0.7632.116 Mobile Safari/537.36 (compatible; Googlebot/2.1; +http://www.google.com/bot.html)"
114.119.136.5 - - [16/Mar/2026:01:53:34 +0545] "GET /events/category/youth-motivators-club-ymc/list/?tribe-bar-date=2024-10-27&eventDisplay=past&ical=1 HTTP/1.1" 404 796 "https://www.betterchitwan.com/events/category/youth-motivators-club-ymc/list/?tribe-bar-date=2024-10-27&eventDisplay=past" "Mozilla/5.0 (Linux; Android 7.0;) AppleWebKit/537.36 (KHTML, like Gecko) Mobile Safari/537.36 (compatible; PetalBot;+https://webmaster.petalsearch.com/site/petalbot)"
114.119.129.33 - - [16/Mar/2026:01:57:55 +0545] "GET /events/category/youth-motivators-club-ymc/day/2025-10-22/ HTTP/1.1" 404 796 "https://www.betterchitwan.com/events/category/youth-motivators-club-ymc/day/2025-10-23/" "Mozilla/5.0 (Linux; Android 7.0;) AppleWebKit/537.36 (KHTML, like Gecko) Mobile Safari/537.36 (compatible; PetalBot;+https://webmaster.petalsearch.com/site/petalbot)"
92.222.104.192 - - [16/Mar/2026:01:58:42 +0545] "GET /events/category/better-environment/month/ HTTP/1.1" 404 796 "-" "Mozilla/5.0 (compatible; AhrefsBot/7.0; +http://ahrefs.com/robot/)"
149.88.20.10 - - [16/Mar/2026:02:09:08 +0545] "POST /xmlrpc.php HTTP/1.1" 200 108 "-" "Mozilla/5.0 (Windows NT 10.0; Win64; x64) AppleWebKit/537.36 (KHTML, like Gecko) Chrome/114.0.0.0 Safari/537.36 OPR/89.0.4447.51"
149.88.20.10 - - [16/Mar/2026:02:09:09 +0545] "POST /xmlrpc.php HTTP/1.1" 200 3177 "-" "Mozilla/5.0 (Windows NT 10.0; Win64; x64) AppleWebKit/537.36 (KHTML, like Gecko) Chrome/114.0.0.0 Safari/537.36 OPR/89.0.4447.51"
13.42.33.68 - - [16/Mar/2026:02:11:41 +0545] "POST /xmlrpc.php HTTP/1.1" 200 3130 "-" "Mozilla/5.0 (Windows NT 10.0; Win64; x64) AppleWebKit/537.36 (KHTML, like Gecko) Chrome/79.0.3945.130 Safari/537.36"
149.88.20.10 - - [16/Mar/2026:02:06:19 +0545] "POST /xmlrpc.php HTTP/1.1" 200 3381 "-" "Mozilla/5.0 (Windows NT 10.0; Win64; x64) AppleWebKit/537.36 (KHTML, like Gecko) Chrome/114.0.0.0 Safari/537.36 OPR/89.0.4447.51"
114.119.146.77 - - [16/Mar/2026:02:09:11 +0545] "GET /events/category/youth-motivators-club-ymc/day/2025-02-18/?ical=1 HTTP/1.1" 404 796 "https://www.betterchitwan.com/events/category/youth-motivators-club-ymc/day/2025-02-18/" "Mozilla/5.0 (Linux; Android 7.0;) AppleWebKit/537.36 (KHTML, like Gecko) Mobile Safari/537.36 (compatible; PetalBot;+https://webmaster.petalsearch.com/site/petalbot)"
2a01:4f9:5a:1745::2 - - [16/Mar/2026:02:11:37 +0545] "POST /wp-admin/admin-ajax.php?action=async_litespeed&nonce=661b1bd860&litespeed_type=imgoptm HTTP/1.1" 200 5 "-" "WordPress/6.9.4; https://www.betterchitwan.com"
13.42.33.68 - - [16/Mar/2026:02:11:43 +0545] "POST /xmlrpc.php HTTP/1.1" 200 106 "-" "Mozilla/5.0 (Windows NT 10.0; Win64; x64) AppleWebKit/537.36 (KHTML, like Gecko) Chrome/79.0.3945.130 Safari/537.36"
114.119.138.172 - - [16/Mar/2026:02:13:40 +0545] "GET /events/category/wow-women/list?tribe-bar-date=2025-03-16&eventDisplay=past&ical=1 HTTP/1.1" 404 796 "-" "Mozilla/5.0 (Linux; Android 7.0;) AppleWebKit/537.36 (KHTML, like Gecko) Mobile Safari/537.36 (compatible; PetalBot;+https://webmaster.petalsearch.com/site/petalbot)"
2a01:4f9:5a:1745::2 - - [16/Mar/2026:02:13:49 +0545] "POST /wp-admin/admin-ajax.php?action=async_litespeed&nonce=661b1bd860&litespeed_type=imgoptm HTTP/1.1" 200 5 "-" "WordPress/6.9.4; https://www.betterchitwan.com"
13.42.33.68 - - [16/Mar/2026:02:13:49 +0545] "POST /xmlrpc.php HTTP/1.1" 200 106 "-" "Mozilla/5.0 (Windows NT 10.0; WOW64) AppleWebKit/537.36 (KHTML, like Gecko) Chrome/80.0.3987.132 Safari/537.36"
13.42.33.68 - - [16/Mar/2026:02:13:50 +0545] "POST /xmlrpc.php HTTP/1.1" 200 1739 "-" "Mozilla/5.0 (Windows NT 10.0; WOW64) AppleWebKit/537.36 (KHTML, like Gecko) Chrome/80.0.3987.132 Safari/537.36"
149.88.20.10 - - [16/Mar/2026:02:06:15 +0545] "POST /xmlrpc.php HTTP/1.1" 200 3130 "-" "Mozilla/5.0 (Windows NT 10.0; Win64; x64) AppleWebKit/537.36 (KHTML, like Gecko) Chrome/114.0.0.0 Safari/537.36 OPR/89.0.4447.51"
92.222.108.116 - - [16/Mar/2026:02:07:31 +0545] "GET /.lsrecap/recaptcha?post_type=tribe_events&eventDisplay=day&eventDate=2025-01-14 HTTP/1.1" 404 796 "-" "Mozilla/5.0 (compatible; AhrefsBot/7.0; +http://ahrefs.com/robot/)"
2a01:4f9:5a:1745::2 - - [16/Mar/2026:02:09:07 +0545] "POST /wp-cron.php?doing_wp_cron=1773606247.0951828956604003906250 HTTP/1.1" 200 0 "-" "WordPress/6.9.4; https://www.betterchitwan.com"
2a01:4f9:5a:1745::2 - - [16/Mar/2026:02:09:08 +0545] "POST /wp-admin/admin-ajax.php?action=async_litespeed&nonce=661b1bd860&litespeed_type=imgoptm HTTP/1.1" 200 5 "-" "WordPress/6.9.4; https://www.betterchitwan.com"
114.119.152.60 - - [16/Mar/2026:02:10:42 +0545] "GET /events/category/youth-motivators-club-ymc/day/2025-01-23/?ical=1 HTTP/1.1" 404 796 "https://www.betterchitwan.com/events/category/youth-motivators-club-ymc/day/2025-01-23/" "Mozilla/5.0 (Linux; Android 7.0;) AppleWebKit/537.36 (KHTML, like Gecko) Mobile Safari/537.36 (compatible; PetalBot;+https://webmaster.petalsearch.com/site/petalbot)"
13.42.33.68 - - [16/Mar/2026:02:13:47 +0545] "POST /xmlrpc.php HTTP/1.1" 200 3130 "-" "Mozilla/5.0 (Windows NT 10.0; WOW64) AppleWebKit/537.36 (KHTML, like Gecko) Chrome/80.0.3987.132 Safari/537.36"
2a01:4f9:5a:1745::2 - - [16/Mar/2026:02:13:51 +0545] "POST /wp-cron.php?doing_wp_cron=1773606531.5356519222259521484375 HTTP/1.1" 200 0 "-" "WordPress/6.9.4; https://www.betterchitwan.com"
114.119.146.77 - - [16/Mar/2026:02:18:40 +0545] "GET /events/category/wow-women/list?tribe-bar-date=2025-01-08&outlook-ical=1 HTTP/1.1" 404 796 "-" "Mozilla/5.0 (Linux; Android 7.0;) AppleWebKit/537.36 (KHTML, like Gecko) Mobile Safari/537.36 (compatible; PetalBot;+https://webmaster.petalsearch.com/site/petalbot)"
2a01:4f9:5a:1745::2 - - [16/Mar/2026:02:06:16 +0545] "POST /wp-cron.php?doing_wp_cron=1773606076.6079070568084716796875 HTTP/1.1" 200 0 "-" "WordPress/6.9.4; https://www.betterchitwan.com"
114.119.145.188 - - [16/Mar/2026:02:08:16 +0545] "GET /events/category/youth-motivators-club-ymc/day/2025-02-20/ HTTP/1.1" 404 796 "https://www.betterchitwan.com/events/category/youth-motivators-club-ymc/day/2025-02-19/" "Mozilla/5.0 (Linux; Android 7.0;) AppleWebKit/537.36 (KHTML, like Gecko) Mobile Safari/537.36 (compatible; PetalBot;+https://webmaster.petalsearch.com/site/petalbot)"
2a01:4f9:5a:1745::2 - - [16/Mar/2026:02:11:36 +0545] "POST /wp-cron.php?doing_wp_cron=1773606396.4403181076049804687500 HTTP/1.1" 200 0 "-" "WordPress/6.9.4; https://www.betterchitwan.com"
149.88.20.10 - - [16/Mar/2026:02:09:06 +0545] "POST /xmlrpc.php HTTP/1.1" 200 3130 "-" "Mozilla/5.0 (Windows NT 10.0; Win64; x64) AppleWebKit/537.36 (KHTML, like Gecko) Chrome/114.0.0.0 Safari/537.36 OPR/89.0.4447.51"
192.178.6.66 - - [16/Mar/2026:02:10:11 +0545] "GET /tag/chitwan-business-conclave/ HTTP/1.1" 404 796 "-" "Mozilla/5.0 (Linux; Android 6.0.1; Nexus 5X Build/MMB29P) AppleWebKit/537.36 (KHTML, like Gecko) Chrome/145.0.7632.116 Mobile Safari/537.36 (compatible; Googlebot/2.1; +http://www.google.com/bot.html)"
3.110.218.178 - - [16/Mar/2026:02:11:35 +0545] "GET / HTTP/1.1" 301 0 "-" "Mozilla/5.0 (X11; Linux x86_64) AppleWebKit/537.36 (KHTML, like Gecko) Chrome/131.0.0.0 Safari/537.36"
94.23.188.196 - - [16/Mar/2026:02:16:49 +0545] "GET /hogathon-competition-2025/ HTTP/1.1" 404 796 "-" "Mozilla/5.0 (compatible; AhrefsBot/7.0; +http://ahrefs.com/robot/)"
2a01:4f9:5a:1745::2 - - [16/Mar/2026:02:06:17 +0545] "POST /wp-admin/admin-ajax.php?action=async_litespeed&nonce=661b1bd860&litespeed_type=imgoptm HTTP/1.1" 200 5 "-" "WordPress/6.9.4; https://www.betterchitwan.com"
149.88.20.10 - - [16/Mar/2026:02:06:17 +0545] "POST /xmlrpc.php HTTP/1.1" 200 106 "-" "Mozilla/5.0 (Windows NT 10.0; Win64; x64) AppleWebKit/537.36 (KHTML, like Gecko) Chrome/114.0.0.0 Safari/537.36 OPR/89.0.4447.51"
2a01:4f9:5a:1745::2 - - [16/Mar/2026:02:09:10 +0545] "POST /wp-cron.php?doing_wp_cron=1773606250.1532959938049316406250 HTTP/1.1" 200 0 "-" "WordPress/6.9.4; https://www.betterchitwan.com"
2a01:4f9:5a:1745::2 - - [16/Mar/2026:02:11:45 +0545] "POST /wp-cron.php?doing_wp_cron=1773606405.3088641166687011718750 HTTP/1.1" 200 0 "-" "WordPress/6.9.4; https://www.betterchitwan.com"
114.119.146.77 - - [16/Mar/2026:02:14:41 +0545] "GET /events/category/wow-women/list?tribe-bar-date=2025-02-20&ical=1 HTTP/1.1" 404 796 "-" "Mozilla/5.0 (Linux; Android 7.0;) AppleWebKit/537.36 (KHTML, like Gecko) Mobile Safari/537.36 (compatible; PetalBot;+https://webmaster.petalsearch.com/site/petalbot)"
114.119.152.60 - - [16/Mar/2026:02:03:45 +0545] "GET /events/category/youth-motivators-club-ymc/day/2025-03-15/?outlook-ical=1 HTTP/1.1" 404 796 "https://www.betterchitwan.com/events/category/youth-motivators-club-ymc/day/2025-03-15/" "Mozilla/5.0 (Linux; Android 7.0;) AppleWebKit/537.36 (KHTML, like Gecko) Mobile Safari/537.36 (compatible; PetalBot;+https://webmaster.petalsearch.com/site/petalbot)"
2a01:4f9:5a:1745::2 - - [16/Mar/2026:02:11:42 +0545] "POST /wp-cron.php?doing_wp_cron=1773606402.4242539405822753906250 HTTP/1.1" 200 0 "-" "WordPress/6.9.4; https://www.betterchitwan.com"
114.119.131.235 - - [16/Mar/2026:02:15:52 +0545] "GET /events/category/wow-women/list?tribe-bar-date=2025-02-10&ical=1 HTTP/1.1" 404 796 "-" "Mozilla/5.0 (Linux; Android 7.0;) AppleWebKit/537.36 (KHTML, like Gecko) Mobile Safari/537.36 (compatible; PetalBot;+https://webmaster.petalsearch.com/site/petalbot)"
114.119.136.5 - - [16/Mar/2026:02:11:40 +0545] "GET /events/category/youth-motivators-club-ymc/2025-06/ HTTP/1.1" 404 796 "https://www.betterchitwan.com/events/category/youth-motivators-club-ymc/list/?tribe-bar-date=2025-06-28" "Mozilla/5.0 (Linux; Android 7.0;) AppleWebKit/537.36 (KHTML, like Gecko) Mobile Safari/537.36 (compatible; PetalBot;+https://webmaster.petalsearch.com/site/petalbot)"
13.42.33.68 - - [16/Mar/2026:02:11:44 +0545] "POST /xmlrpc.php HTTP/1.1" 200 3004 "-" "Mozilla/5.0 (Windows NT 10.0; Win64; x64) AppleWebKit/537.36 (KHTML, like Gecko) Chrome/79.0.3945.130 Safari/537.36"
2a01:4f9:5a:1745::2 - - [16/Mar/2026:02:13:48 +0545] "POST /wp-cron.php?doing_wp_cron=1773606528.3981649875640869140625 HTTP/1.1" 200 0 "-" "WordPress/6.9.4; https://www.betterchitwan.com"
114.119.129.33 - - [16/Mar/2026:02:17:18 +0545] "GET /events/category/wow-women/list?tribe-bar-date=2025-01-25&eventDisplay=past&ical=1 HTTP/1.1" 404 796 "-" "Mozilla/5.0 (Linux; Android 7.0;) AppleWebKit/537.36 (KHTML, like Gecko) Mobile Safari/537.36 (compatible; PetalBot;+https://webmaster.petalsearch.com/site/petalbot)"
192.178.6.67 - - [16/Mar/2026:02:23:10 +0545] "GET /events/category/youthwan/day/2023-07-29/ HTTP/1.1" 404 796 "-" "Mozilla/5.0 (Linux; Android 6.0.1; Nexus 5X Build/MMB29P) AppleWebKit/537.36 (KHTML, like Gecko) Chrome/145.0.7632.116 Mobile Safari/537.36 (compatible; Googlebot/2.1; +http://www.google.com/bot.html)"
51.75.236.157 - - [16/Mar/2026:02:26:44 +0545] "GET /%E0%A4%9C%E0%A5%80%E0%A4%B5%E0%A4%BF%E0%A4%A4-%E0%A4%AA%E0%A4%B6%E0%A5%81-%E0%A4%A2%E0%A5%81%E0%A4%B5%E0%A4%BE%E0%A4%A8%E0%A5%80-%E0%A4%AA%E0%A5%8D%E0%A4%B0%E0%A4%A4%E0%A4%BF%E0%A4%AC%E0%A4%A8/feed/ HTTP/1.1" 404 796 "-" "Mozilla/5.0 (compatible; AhrefsBot/7.0; +http://ahrefs.com/robot/)"
40.69.66.178 - - [16/Mar/2026:02:27:19 +0545] "GET /nz.php HTTP/1.1" 401 53 "-" "-"
114.119.145.188 - - [16/Mar/2026:02:23:35 +0545] "GET /events/category/wow-women/list/?tribe-bar-date=2024-12-20&eventDisplay=past HTTP/1.1" 404 796 "https://www.betterchitwan.com/events/category/wow-women/list?tribe-bar-date=2024-12-20" "Mozilla/5.0 (Linux; Android 7.0;) AppleWebKit/537.36 (KHTML, like Gecko) Mobile Safari/537.36 (compatible; PetalBot;+https://webmaster.petalsearch.com/site/petalbot)"
40.69.66.178 - - [16/Mar/2026:02:27:19 +0545] "GET /wp-content/plugins/hellopress/wp_filemanager.php HTTP/1.1" 401 53 "-" "-"
40.69.66.178 - - [16/Mar/2026:02:27:20 +0545] "GET /wp-scxy.php HTTP/1.1" 401 53 "-" "-"
2a01:4f9:5a:1745::2 - - [16/Mar/2026:02:31:15 +0545] "POST /wp-cron.php?doing_wp_cron=1773607575.4731969833374023437500 HTTP/1.1" 200 0 "-" "WordPress/6.9.4; https://www.betterchitwan.com"
114.119.152.60 - - [16/Mar/2026:02:33:28 +0545] "GET /events/category/wow-women/list/?tribe-bar-date=2024-09-27&eventDisplay=past HTTP/1.1" 404 796 "https://www.betterchitwan.com/events/category/wow-women/list/?tribe-bar-date=2024-09-27" "Mozilla/5.0 (Linux; Android 7.0;) AppleWebKit/537.36 (KHTML, like Gecko) Mobile Safari/537.36 (compatible; PetalBot;+https://webmaster.petalsearch.com/site/petalbot)"
192.178.6.66 - - [16/Mar/2026:02:36:14 +0545] "GET /wp-content/uploads/2019/11/divider.svg HTTP/1.1" 404 796 "https://www.betterchitwan.com/" "Mozilla/5.0 (Linux; Android 6.0.1; Nexus 5X Build/MMB29P) AppleWebKit/537.36 (KHTML, like Gecko) Chrome/145.0.7632.116 Mobile Safari/537.36 (compatible; Googlebot/2.1; +http://www.google.com/bot.html)"
104.210.140.142 - - [16/Mar/2026:02:28:57 +0545] "GET /robots.txt HTTP/1.1" 304 0 "-" "Mozilla/5.0 (Macintosh; Intel Mac OS X 10_15_7) AppleWebKit/537.36 (KHTML, like Gecko) Chrome/131.0.0.0 Safari/537.36; compatible; OAI-SearchBot/1.0; +https://openai.com/searchbot"
2a01:4f9:5a:1745::2 - - [16/Mar/2026:02:31:17 +0545] "POST /wp-cron.php?doing_wp_cron=1773607577.3061630725860595703125 HTTP/1.1" 200 0 "-" "WordPress/6.9.4; https://www.betterchitwan.com"
192.178.6.68 - - [16/Mar/2026:02:36:07 +0545] "GET / HTTP/1.1" 200 22941 "-" "Mozilla/5.0 (Linux; Android 6.0.1; Nexus 5X Build/MMB29P) AppleWebKit/537.36 (KHTML, like Gecko) Chrome/145.0.7632.116 Mobile Safari/537.36 (compatible; Googlebot/2.1; +http://www.google.com/bot.html)"
2a01:4f9:5a:1745::2 - - [16/Mar/2026:02:31:16 +0545] "POST /wp-admin/admin-ajax.php?action=async_litespeed&nonce=661b1bd860&litespeed_type=imgoptm HTTP/1.1" 200 5 "-" "WordPress/6.9.4; https://www.betterchitwan.com"
18.101.142.65 - - [16/Mar/2026:02:31:38 +0545] "POST /xmlrpc.php HTTP/1.1" 200 2897 "-" "Mozilla/5.0 (Windows NT 10.0; Win64; x64) AppleWebKit/537.36 (KHTML, like Gecko) Chrome/116.0.0.0 Safari/537.36"
216.244.66.231 - - [16/Mar/2026:02:28:24 +0545] "GET /events/tag/youthwan2022/day/2025-06-26/?outlook-ical=1 HTTP/1.1" 404 796 "-" "Mozilla/5.0 (compatible; DotBot/1.2; +https://opensiteexplorer.org/dotbot; help@moz.com)"
114.119.152.60 - - [16/Mar/2026:02:36:10 +0545] "GET /events/category/wow-women/list/?tribe-bar-date=2024-09-06&eventDisplay=past HTTP/1.1" 404 796 "https://www.betterchitwan.com/events/category/wow-women/list/?tribe-bar-date=2024-09-06" "Mozilla/5.0 (Linux; Android 7.0;) AppleWebKit/537.36 (KHTML, like Gecko) Mobile Safari/537.36 (compatible; PetalBot;+https://webmaster.petalsearch.com/site/petalbot)"
114.119.145.188 - - [16/Mar/2026:02:31:09 +0545] "GET /events/category/wow-women/list/?tribe-bar-date=2024-09-30&eventDisplay=past&ical=1 HTTP/1.1" 404 796 "https://www.betterchitwan.com/events/category/wow-women/list/?tribe-bar-date=2024-09-30&eventDisplay=past" "Mozilla/5.0 (Linux; Android 7.0;) AppleWebKit/537.36 (KHTML, like Gecko) Mobile Safari/537.36 (compatible; PetalBot;+https://webmaster.petalsearch.com/site/petalbot)"
2a01:4f9:5a:1745::2 - - [16/Mar/2026:02:31:29 +0545] "POST /wp-cron.php?doing_wp_cron=1773607589.3224220275878906250000 HTTP/1.1" 200 0 "-" "WordPress/6.9.4; https://www.betterchitwan.com"
2a01:4f9:5a:1745::2 - - [16/Mar/2026:02:36:10 +0545] "POST /wp-admin/admin-ajax.php?action=async_litespeed&nonce=661b1bd860&litespeed_type=imgoptm HTTP/1.1" 200 5 "-" "WordPress/6.9.4; https://www.betterchitwan.com"
114.119.128.196 - - [16/Mar/2026:02:37:13 +0545] "GET /events/category/wow-women/list/?tribe-bar-date=2024-09-04&ical=1 HTTP/1.1" 404 796 "https://www.betterchitwan.com/events/category/wow-women/list/?tribe-bar-date=2024-09-04" "Mozilla/5.0 (Linux; Android 7.0;) AppleWebKit/537.36 (KHTML, like Gecko) Mobile Safari/537.36 (compatible; PetalBot;+https://webmaster.petalsearch.com/site/petalbot)"
188.72.40.146 - - [16/Mar/2026:02:37:16 +0545] "GET /rivoluziona-il-tuo-divertimento-guida-completa/ HTTP/1.1" 404 796 "-" "Mozilla/5.0 (X11; U; Linux x86_64; en-US) AppleWebKit/534.16 SUSE/10.0.626.0 (KHTML, like Gecko) Chrome/10.0.626.0 Safari/534.16"
18.101.142.65 - - [16/Mar/2026:02:31:14 +0545] "POST /xmlrpc.php HTTP/1.1" 200 3130 "-" "Mozilla/5.0 (Windows NT 10.0; Win64; x64) AppleWebKit/537.36 (KHTML, like Gecko) Chrome/116.0.0.0 Safari/537.36"
2a01:4f9:5a:1745::2 - - [16/Mar/2026:02:36:09 +0545] "POST /wp-cron.php?doing_wp_cron=1773607869.5886230468750000000000 HTTP/1.1" 200 0 "-" "WordPress/6.9.4; https://www.betterchitwan.com"
5.39.1.236 - - [16/Mar/2026:02:36:18 +0545] "GET /celebrating-%F0%9D%97%A2%F0%9D%97%A1%F0%9D%97%98-year-without-%F0%9D%97%A6%F0%9D%97%B6%F0%9D%97%BB%F0%9D%97%B4%F0%9D%97%B9%F0%9D%97%B2-%F0%9D%97%A8%F0%9D%98%80%F0%9D%97%B2-%F0%9D%97%A3%F0%9D%97%B9/feed/ HTTP/1.1" 404 796 "-" "Mozilla/5.0 (compatible; AhrefsBot/7.0; +http://ahrefs.com/robot/)"
18.101.142.65 - - [16/Mar/2026:02:31:28 +0545] "POST /xmlrpc.php HTTP/1.1" 200 108 "-" "Mozilla/5.0 (Windows NT 10.0; Win64; x64) AppleWebKit/537.36 (KHTML, like Gecko) Chrome/116.0.0.0 Safari/537.36"
192.178.6.66 - - [16/Mar/2026:02:36:11 +0545] "GET /wp-content/litespeed/css/59445e3ded1217f65a995da6d311cb53.css?ver=17972 HTTP/1.1" 200 159304 "https://www.betterchitwan.com/" "Mozilla/5.0 (Linux; Android 6.0.1; Nexus 5X Build/MMB29P) AppleWebKit/537.36 (KHTML, like Gecko) Chrome/145.0.7632.116 Mobile Safari/537.36 (compatible; Googlebot/2.1; +http://www.google.com/bot.html)"
17.246.15.80 - - [16/Mar/2026:02:50:47 +0545] "GET /2024/01/13/upahaar-nyano-maya-2023-2/418932527_692878646302637_70548313430402500_n/ HTTP/1.1" 404 796 "-" "Mozilla/5.0 (Macintosh; Intel Mac OS X 10_15_7) AppleWebKit/605.1.15 (KHTML, like Gecko) Version/17.4 Safari/605.1.15 (Applebot/0.1; +http://www.apple.com/go/applebot)"
2a01:4f9:5a:1745::2 - - [16/Mar/2026:02:51:15 +0545] "POST /wp-cron.php?doing_wp_cron=1773608775.2740850448608398437500 HTTP/1.1" 200 0 "-" "WordPress/6.9.4; https://www.betterchitwan.com"
5.39.1.245 - - [16/Mar/2026:02:44:55 +0545] "GET /%E0%A4%B6%E0%A5%8D%E0%A4%B0%E0%A5%80-%E0%A4%9A%E0%A4%AE%E0%A5%87%E0%A4%B2%E0%A5%80-%E0%A4%A6%E0%A5%87%E0%A4%B5%E0%A5%80-%E0%A4%AA%E0%A4%BF%E0%A4%AF-%E0%A4%AE%E0%A4%BE%E0%A4%A7%E0%A5%8D%E0%A4%AF/feed/ HTTP/1.1" 404 796 "-" "Mozilla/5.0 (compatible; AhrefsBot/7.0; +http://ahrefs.com/robot/)"
2a01:4f9:5a:1745::2 - - [16/Mar/2026:02:51:11 +0545] "POST /wp-cron.php?doing_wp_cron=1773608771.1567010879516601562500 HTTP/1.1" 200 0 "-" "WordPress/6.9.4; https://www.betterchitwan.com"
2a01:4f9:5a:1745::2 - - [16/Mar/2026:02:54:09 +0545] "POST /wp-admin/admin-ajax.php?action=async_litespeed&nonce=661b1bd860&litespeed_type=imgoptm HTTP/1.1" 200 5 "-" "WordPress/6.9.4; https://www.betterchitwan.com"
2a01:4f9:5a:1745::2 - - [16/Mar/2026:02:54:13 +0545] "POST /wp-admin/admin-ajax.php?action=async_litespeed&nonce=661b1bd860&litespeed_type=imgoptm HTTP/1.1" 200 5 "-" "WordPress/6.9.4; https://www.betterchitwan.com"
2a01:4f9:5a:1745::2 - - [16/Mar/2026:02:43:32 +0545] "POST /wp-cron.php?doing_wp_cron=1773608311.9205179214477539062500 HTTP/1.1" 200 0 "-" "WordPress/6.9.4; https://www.betterchitwan.com"
2a01:4f9:5a:1745::2 - - [16/Mar/2026:02:43:36 +0545] "POST /wp-cron.php?doing_wp_cron=1773608315.8966379165649414062500 HTTP/1.1" 200 0 "-" "WordPress/6.9.4; https://www.betterchitwan.com"
192.178.6.64 - - [16/Mar/2026:02:44:13 +0545] "GET /events/tag/save-narayani-movement/list/?tribe-bar-date=2024-11-30&eventDisplay=past HTTP/1.1" 404 796 "-" "Mozilla/5.0 (Linux; Android 6.0.1; Nexus 5X Build/MMB29P) AppleWebKit/537.36 (KHTML, like Gecko) Chrome/145.0.7632.116 Mobile Safari/537.36 (compatible; Googlebot/2.1; +http://www.google.com/bot.html)"
45.156.248.93 - - [16/Mar/2026:02:51:14 +0545] "POST /xmlrpc.php HTTP/1.1" 200 3414 "-" "Mozilla/5.0 (Windows NT 10.0; Win64; x64) AppleWebKit/537.36 (KHTML, like Gecko) Chrome/114.0.0.0 Safari/537.36"
149.102.239.106 - - [16/Mar/2026:02:54:09 +0545] "POST /xmlrpc.php HTTP/1.1" 200 108 "-" "Mozilla/5.0 (Windows NT 10.0; WOW64) AppleWebKit/537.36 (KHTML, like Gecko) Chrome/114.0.0.0 Safari/537.36 Vivaldi/5.3.2679.68"
114.119.145.188 - - [16/Mar/2026:02:38:12 +0545] "GET /events/category/wow-women/list/?tribe-bar-date=2024-08-26 HTTP/1.1" 404 796 "https://www.betterchitwan.com/events/category/wow-women/list/?tribe-bar-date=2024-08-26" "Mozilla/5.0 (Linux; Android 7.0;) AppleWebKit/537.36 (KHTML, like Gecko) Mobile Safari/537.36 (compatible; PetalBot;+https://webmaster.petalsearch.com/site/petalbot)"
192.178.6.68 - - [16/Mar/2026:02:40:10 +0545] "GET / HTTP/1.1" 200 22939 "-" "Mozilla/5.0 (Linux; Android 6.0.1; Nexus 5X Build/MMB29P) AppleWebKit/537.36 (KHTML, like Gecko) Chrome/145.0.7632.116 Mobile Safari/537.36 (compatible; Googlebot/2.1; +http://www.google.com/bot.html)"
2a01:4f9:5a:1745::2 - - [16/Mar/2026:02:43:33 +0545] "POST /wp-admin/admin-ajax.php?action=async_litespeed&nonce=661b1bd860&litespeed_type=imgoptm HTTP/1.1" 200 5 "-" "WordPress/6.9.4; https://www.betterchitwan.com"
54.74.235.107 - - [16/Mar/2026:02:43:35 +0545] "POST /xmlrpc.php HTTP/1.1" 200 2751 "-" "Mozilla/5.0 (Windows NT 10.0; Win64; x64) AppleWebKit/537.36 (KHTML, like Gecko) Chrome/143.0.0.0 Safari/537.36"
192.178.6.64 - - [16/Mar/2026:02:48:16 +0545] "GET /events/tag/nature-cycling-event/day/2033-02-27/ HTTP/1.1" 404 796 "-" "Mozilla/5.0 (Linux; Android 6.0.1; Nexus 5X Build/MMB29P) AppleWebKit/537.36 (KHTML, like Gecko) Chrome/145.0.7632.116 Mobile Safari/537.36 (compatible; Googlebot/2.1; +http://www.google.com/bot.html)"
192.178.6.64 - - [16/Mar/2026:02:53:18 +0545] "GET /events/list/?tribe-bar-date=2024-12-25&eventDisplay=past HTTP/1.1" 404 796 "-" "Mozilla/5.0 (Linux; Android 6.0.1; Nexus 5X Build/MMB29P) AppleWebKit/537.36 (KHTML, like Gecko) Chrome/145.0.7632.116 Mobile Safari/537.36 (compatible; Googlebot/2.1; +http://www.google.com/bot.html)"
114.119.146.77 - - [16/Mar/2026:02:54:06 +0545] "GET /events/category/wow-women/list/?tribe-bar-date=2024-07-27 HTTP/1.1" 404 796 "https://www.betterchitwan.com/events/category/wow-women/list/?tribe-bar-date=2024-07-27&eventDisplay=past" "Mozilla/5.0 (Linux; Android 7.0;) AppleWebKit/537.36 (KHTML, like Gecko) Mobile Safari/537.36 (compatible; PetalBot;+https://webmaster.petalsearch.com/site/petalbot)"
114.119.145.188 - - [16/Mar/2026:02:39:26 +0545] "GET /events/category/wow-women/list/?tribe-bar-date=2024-08-17&ical=1 HTTP/1.1" 404 796 "https://www.betterchitwan.com/events/category/wow-women/list/?tribe-bar-date=2024-08-17" "Mozilla/5.0 (Linux; Android 7.0;) AppleWebKit/537.36 (KHTML, like Gecko) Mobile Safari/537.36 (compatible; PetalBot;+https://webmaster.petalsearch.com/site/petalbot)"
2a01:4f9:5a:1745::2 - - [16/Mar/2026:02:40:12 +0545] "POST /wp-cron.php?doing_wp_cron=1773608112.6996049880981445312500 HTTP/1.1" 200 0 "-" "WordPress/6.9.4; https://www.betterchitwan.com"
114.119.131.235 - - [16/Mar/2026:02:50:45 +0545] "GET /events/category/wow-women/list/?tribe-bar-date=2024-08-01&ical=1 HTTP/1.1" 404 796 "https://www.betterchitwan.com/events/category/wow-women/list/?tribe-bar-date=2024-08-01" "Mozilla/5.0 (Linux; Android 7.0;) AppleWebKit/537.36 (KHTML, like Gecko) Mobile Safari/537.36 (compatible; PetalBot;+https://webmaster.petalsearch.com/site/petalbot)"
45.156.248.93 - - [16/Mar/2026:02:51:10 +0545] "POST /xmlrpc.php HTTP/1.1" 200 3130 "-" "Mozilla/5.0 (Windows NT 10.0; Win64; x64) AppleWebKit/537.36 (KHTML, like Gecko) Chrome/114.0.0.0 Safari/537.36"
2a01:4f9:5a:1745::2 - - [16/Mar/2026:02:51:12 +0545] "POST /wp-admin/admin-ajax.php?action=async_litespeed&nonce=661b1bd860&litespeed_type=imgoptm HTTP/1.1" 200 5 "-" "WordPress/6.9.4; https://www.betterchitwan.com"
45.156.248.93 - - [16/Mar/2026:02:51:12 +0545] "POST /xmlrpc.php HTTP/1.1" 200 108 "-" "Mozilla/5.0 (Windows NT 10.0; Win64; x64) AppleWebKit/537.36 (KHTML, like Gecko) Chrome/114.0.0.0 Safari/537.36"
2a01:4f9:5a:1745::2 - - [16/Mar/2026:02:54:08 +0545] "POST /wp-cron.php?doing_wp_cron=1773608948.5425939559936523437500 HTTP/1.1" 200 0 "-" "WordPress/6.9.4; https://www.betterchitwan.com"
2a01:4f9:5a:1745::2 - - [16/Mar/2026:02:54:12 +0545] "POST /wp-cron.php?doing_wp_cron=1773608952.1131620407104492187500 HTTP/1.1" 200 0 "-" "WordPress/6.9.4; https://www.betterchitwan.com"
149.102.239.106 - - [16/Mar/2026:02:54:11 +0545] "POST /xmlrpc.php HTTP/1.1" 200 3654 "-" "Mozilla/5.0 (Windows NT 10.0; WOW64) AppleWebKit/537.36 (KHTML, like Gecko) Chrome/114.0.0.0 Safari/537.36 Vivaldi/5.3.2679.68"
2a01:4f9:5a:1745::2 - - [16/Mar/2026:02:40:13 +0545] "POST /wp-admin/admin-ajax.php?action=async_litespeed&nonce=661b1bd860&litespeed_type=imgoptm HTTP/1.1" 200 5 "-" "WordPress/6.9.4; https://www.betterchitwan.com"
192.178.6.66 - - [16/Mar/2026:02:40:23 +0545] "GET /wp-content/uploads/2019/11/divider.svg HTTP/1.1" 404 796 "https://www.betterchitwan.com/" "Mozilla/5.0 (Linux; Android 6.0.1; Nexus 5X Build/MMB29P) AppleWebKit/537.36 (KHTML, like Gecko) Chrome/145.0.7632.116 Mobile Safari/537.36 (compatible; Googlebot/2.1; +http://www.google.com/bot.html)"
51.75.236.158 - - [16/Mar/2026:02:53:55 +0545] "GET /youthwan-2023-youth-festival-initiated-with-friendly-futsal-competition-between-social-organizations/feed/ HTTP/1.1" 404 796 "-" "Mozilla/5.0 (compatible; AhrefsBot/7.0; +http://ahrefs.com/robot/)"
54.74.235.107 - - [16/Mar/2026:02:43:31 +0545] "POST /xmlrpc.php HTTP/1.1" 200 3130 "-" "Mozilla/5.0 (Windows NT 10.0; Win64; x64) AppleWebKit/537.36 (KHTML, like Gecko) Chrome/143.0.0.0 Safari/537.36"
54.74.235.107 - - [16/Mar/2026:02:43:33 +0545] "POST /xmlrpc.php HTTP/1.1" 200 106 "-" "Mozilla/5.0 (Windows NT 10.0; Win64; x64) AppleWebKit/537.36 (KHTML, like Gecko) Chrome/143.0.0.0 Safari/537.36"
114.119.138.172 - - [16/Mar/2026:02:44:24 +0545] "GET /events/category/wow-women/list/?tribe-bar-date=2024-08-08&eventDisplay=past HTTP/1.1" 404 796 "https://www.betterchitwan.com/events/category/wow-women/list/?tribe-bar-date=2024-08-08" "Mozilla/5.0 (Linux; Android 7.0;) AppleWebKit/537.36 (KHTML, like Gecko) Mobile Safari/537.36 (compatible; PetalBot;+https://webmaster.petalsearch.com/site/petalbot)"
104.234.4.98 - - [16/Mar/2026:02:50:45 +0545] "GET /wp-login.php HTTP/1.1" 200 974 "-" "Mozilla/5.0 (Windows NT 10.0; Win64; x64) AppleWebKit/537.36 (KHTML, like Gecko) Chrome/87.0.4280.141 Safari/537.36"
104.234.4.98 - - [16/Mar/2026:02:50:47 +0545] "POST /wp-login.php HTTP/1.1" 200 974 "-" "Mozilla/5.0 (Windows NT 10.0; Win64; x64) AppleWebKit/537.36 (KHTML, like Gecko) Chrome/87.0.4280.141 Safari/537.36"
149.102.239.106 - - [16/Mar/2026:02:54:07 +0545] "POST /xmlrpc.php HTTP/1.1" 200 3130 "-" "Mozilla/5.0 (Windows NT 10.0; WOW64) AppleWebKit/537.36 (KHTML, like Gecko) Chrome/114.0.0.0 Safari/537.36 Vivaldi/5.3.2679.68"
149.102.239.106 - - [16/Mar/2026:02:56:57 +0545] "POST /xmlrpc.php HTTP/1.1" 200 3130 "-" "Mozilla/5.0 (Windows NT 10.0; Win64; x64) AppleWebKit/537.36 (KHTML, like Gecko) Chrome/140.0.0.0 Safari/537.36"
2a01:4f9:5a:1745::2 - - [16/Mar/2026:02:57:00 +0545] "POST /wp-cron.php?doing_wp_cron=1773609120.0830039978027343750000 HTTP/1.1" 200 0 "-" "WordPress/6.9.4; https://www.betterchitwan.com"
2a01:4f9:5a:1745::2 - - [16/Mar/2026:02:57:01 +0545] "POST /wp-admin/admin-ajax.php?action=async_litespeed&nonce=661b1bd860&litespeed_type=imgoptm HTTP/1.1" 200 5 "-" "WordPress/6.9.4; https://www.betterchitwan.com"
192.178.6.65 - - [16/Mar/2026:02:57:18 +0545] "GET /events/tag/monthly-meeting-3/list/?tribe-bar-date=2024-04-01&eventDisplay=past HTTP/1.1" 404 796 "-" "Mozilla/5.0 (Linux; Android 6.0.1; Nexus 5X Build/MMB29P) AppleWebKit/537.36 (KHTML, like Gecko) Chrome/145.0.7632.116 Mobile Safari/537.36 (compatible; Googlebot/2.1; +http://www.google.com/bot.html)"
2a01:4f9:5a:1745::2 - - [16/Mar/2026:02:57:58 +0545] "POST /wp-cron.php?doing_wp_cron=1773609178.4058670997619628906250 HTTP/1.1" 200 0 "-" "WordPress/6.9.4; https://www.betterchitwan.com"
216.244.66.231 - - [16/Mar/2026:03:02:55 +0545] "GET /robots.txt HTTP/1.1" 304 0 "-" "Mozilla/5.0 (compatible; DotBot/1.2; +https://opensiteexplorer.org/dotbot; help@moz.com)"
2a01:4f9:5a:1745::2 - - [16/Mar/2026:03:04:59 +0545] "POST /wp-cron.php?doing_wp_cron=1773609599.1780509948730468750000 HTTP/1.1" 200 0 "-" "WordPress/6.9.4; https://www.betterchitwan.com"
2a01:4f9:5a:1745::2 - - [16/Mar/2026:03:07:46 +0545] "POST /wp-admin/admin-ajax.php?action=async_litespeed&nonce=661b1bd860&litespeed_type=imgoptm HTTP/1.1" 200 5 "-" "WordPress/6.9.4; https://www.betterchitwan.com"
2a01:4f9:5a:1745::2 - - [16/Mar/2026:03:10:30 +0545] "POST /wp-cron.php?doing_wp_cron=1773609930.7142999172210693359375 HTTP/1.1" 200 0 "-" "WordPress/6.9.4; https://www.betterchitwan.com"
194.39.127.91 - - [16/Mar/2026:03:10:29 +0545] "POST /xmlrpc.php HTTP/1.1" 200 3130 "-" "Mozilla/5.0 (Macintosh; Intel Mac OS X 10_13_6) AppleWebKit/537.36 (KHTML, like Gecko) Chrome/80.0.3987.122 Safari/537.36"
2a01:4f9:5a:1745::2 - - [16/Mar/2026:02:55:35 +0545] "POST /wp-admin/admin-ajax.php?action=async_litespeed&nonce=661b1bd860&litespeed_type=imgoptm HTTP/1.1" 200 5 "-" "WordPress/6.9.4; https://www.betterchitwan.com"
2a01:4f9:5a:1745::2 - - [16/Mar/2026:02:55:38 +0545] "POST /wp-cron.php?doing_wp_cron=1773609038.2219309806823730468750 HTTP/1.1" 200 0 "-" "WordPress/6.9.4; https://www.betterchitwan.com"
181.199.59.139 - - [16/Mar/2026:03:05:21 +0545] "GET /xmlrpc.php?rsd HTTP/1.1" 200 297 "-" "Opera/8.42.(Windows NT 10.0; gez-ET) Presto/2.9.184 Version/12.00"
2a01:4f9:5a:1745::2 - - [16/Mar/2026:03:07:45 +0545] "POST /wp-cron.php?doing_wp_cron=1773609765.8051960468292236328125 HTTP/1.1" 200 0 "-" "WordPress/6.9.4; https://www.betterchitwan.com"
89.222.112.19 - - [16/Mar/2026:03:09:07 +0545] "POST /xmlrpc.php HTTP/1.1" 200 106 "-" "Mozilla/5.0 (Windows NT 10.0; Win64; x64) AppleWebKit/537.36 (KHTML, like Gecko) Chrome/139.0.0.0 Safari/537.36"
2a01:4f9:5a:1745::2 - - [16/Mar/2026:03:10:31 +0545] "POST /wp-admin/admin-ajax.php?action=async_litespeed&nonce=661b1bd860&litespeed_type=imgoptm HTTP/1.1" 200 5 "-" "WordPress/6.9.4; https://www.betterchitwan.com"
194.39.127.91 - - [16/Mar/2026:03:10:33 +0545] "POST /xmlrpc.php HTTP/1.1" 200 3067 "-" "Mozilla/5.0 (Macintosh; Intel Mac OS X 10_13_6) AppleWebKit/537.36 (KHTML, like Gecko) Chrome/80.0.3987.122 Safari/537.36"
149.102.239.106 - - [16/Mar/2026:02:56:58 +0545] "POST /xmlrpc.php HTTP/1.1" 200 108 "-" "Mozilla/5.0 (Windows NT 10.0; Win64; x64) AppleWebKit/537.36 (KHTML, like Gecko) Chrome/140.0.0.0 Safari/537.36"
149.102.239.106 - - [16/Mar/2026:02:57:00 +0545] "POST /xmlrpc.php HTTP/1.1" 200 3125 "-" "Mozilla/5.0 (Windows NT 10.0; Win64; x64) AppleWebKit/537.36 (KHTML, like Gecko) Chrome/140.0.0.0 Safari/537.36"
114.119.128.196 - - [16/Mar/2026:02:57:03 +0545] "GET /events/category/wow-women/list/?tribe-bar-date=2024-07-06&ical=1 HTTP/1.1" 404 796 "https://www.betterchitwan.com/events/category/wow-women/list/?tribe-bar-date=2024-07-06" "Mozilla/5.0 (Linux; Android 7.0;) AppleWebKit/537.36 (KHTML, like Gecko) Mobile Safari/537.36 (compatible; PetalBot;+https://webmaster.petalsearch.com/site/petalbot)"
2a01:4f9:5a:1745::2 - - [16/Mar/2026:03:10:34 +0545] "POST /wp-cron.php?doing_wp_cron=1773609934.5649070739746093750000 HTTP/1.1" 200 0 "-" "WordPress/6.9.4; https://www.betterchitwan.com"
2a01:4f9:5a:1745::2 - - [16/Mar/2026:02:55:35 +0545] "POST /wp-cron.php?doing_wp_cron=1773609034.9774100780487060546875 HTTP/1.1" 200 0 "-" "WordPress/6.9.4; https://www.betterchitwan.com"
161.178.3.80 - - [16/Mar/2026:02:56:28 +0545] "POST /xmlrpc.php HTTP/1.1" 200 3130 "-" "Mozilla/5.0 (Windows NT 10.0; Win64; x64) AppleWebKit/537.36 (KHTML, like Gecko) Chrome/80.0.3987.122 Safari/537.36 Edg/80.0.361.62"
