2a01:4f9:5a:1745::2 - - [16/Mar/2026:02:56:33 +0545] "POST /wp-cron.php?doing_wp_cron=1773609093.1663360595703125000000 HTTP/1.1" 200 0 "-" "WordPress/6.9.4; https://www.betterchitwan.com"
161.178.3.80 - - [16/Mar/2026:02:56:35 +0545] "POST /xmlrpc.php HTTP/1.1" 200 4863 "-" "Mozilla/5.0 (Windows NT 10.0; Win64; x64) AppleWebKit/537.36 (KHTML, like Gecko) Chrome/80.0.3987.122 Safari/537.36 Edg/80.0.361.62"
23.22.5.66 - - [16/Mar/2026:02:59:50 +0545] "GET /celebrating-%25F0%259D%2597%25A2%25F0%259D%2597%25A1%25F0%259D%2597%2598-year-without-%25F0%259D%2597%25A6%25F0%259D%2597%25B6%25F0%259D%2597%25BB%25F0%259D%2597%25B4%25F0%259D%2597%25B9%25F0%259D%2597%25B2-%25F0%259D%2597%25A8%25F0%259D%2598%2580%25F0%259D%2597%25B2-%25F0%259D%2597%25A3%25F0%259D%2597%25B9/ HTTP/1.1" 404 796 "-" "Grammarly/1.0 (http://www.grammarly.com)"
114.119.129.33 - - [16/Mar/2026:03:07:31 +0545] "GET /events/category/wow-women/list/?tribe-bar-date=2024-02-02&eventDisplay=past HTTP/1.1" 404 796 "https://www.betterchitwan.com/events/category/wow-women/list/?tribe-bar-date=2024-02-02&eventDisplay=past" "Mozilla/5.0 (Linux; Android 7.0;) AppleWebKit/537.36 (KHTML, like Gecko) Mobile Safari/537.36 (compatible; PetalBot;+https://webmaster.petalsearch.com/site/petalbot)"
89.222.112.19 - - [16/Mar/2026:03:07:43 +0545] "POST /xmlrpc.php HTTP/1.1" 200 108 "-" "Mozilla/5.0 (Windows NT 10.0; Win64; x64) AppleWebKit/537.36 (KHTML, like Gecko) Chrome/64.0.3282.140 Safari/537.36 Edge/18.17763"
89.222.112.19 - - [16/Mar/2026:03:07:45 +0545] "POST /xmlrpc.php HTTP/1.1" 200 3628 "-" "Mozilla/5.0 (Windows NT 10.0; Win64; x64) AppleWebKit/537.36 (KHTML, like Gecko) Chrome/64.0.3282.140 Safari/537.36 Edge/18.17763"
18.191.54.57 - - [16/Mar/2026:02:57:57 +0545] "GET / HTTP/1.1" 301 0 "-" "Mozilla/5.0 (Macintosh; Intel Mac OS X 10_15_7) AppleWebKit/537.36 (KHTML, like Gecko) Chrome/131.0.0.0 Safari/537.36"
192.178.6.64 - - [16/Mar/2026:03:01:25 +0545] "GET /events/tag/futsal/list/?tribe-bar-date=2025-04-19&eventDisplay=past HTTP/1.1" 404 796 "-" "Mozilla/5.0 (Linux; Android 6.0.1; Nexus 5X Build/MMB29P) AppleWebKit/537.36 (KHTML, like Gecko) Chrome/145.0.7632.116 Mobile Safari/537.36 (compatible; Googlebot/2.1; +http://www.google.com/bot.html)"
5.39.1.236 - - [16/Mar/2026:03:03:06 +0545] "GET /3138/feed/ HTTP/1.1" 404 796 "-" "Mozilla/5.0 (compatible; AhrefsBot/7.0; +http://ahrefs.com/robot/)"
192.178.6.65 - - [16/Mar/2026:03:04:29 +0545] "GET /events/category/event/list/?tribe-bar-date=2025-07-16&eventDisplay=past HTTP/1.1" 404 796 "-" "Mozilla/5.0 (Linux; Android 6.0.1; Nexus 5X Build/MMB29P) AppleWebKit/537.36 (KHTML, like Gecko) Chrome/145.0.7632.116 Mobile Safari/537.36 (compatible; Googlebot/2.1; +http://www.google.com/bot.html)"
2a01:4f9:5a:1745::2 - - [16/Mar/2026:03:07:43 +0545] "POST /wp-cron.php?doing_wp_cron=1773609762.9227728843688964843750 HTTP/1.1" 200 0 "-" "WordPress/6.9.4; https://www.betterchitwan.com"
89.222.112.19 - - [16/Mar/2026:03:07:42 +0545] "POST /xmlrpc.php HTTP/1.1" 200 3130 "-" "Mozilla/5.0 (Windows NT 10.0; Win64; x64) AppleWebKit/537.36 (KHTML, like Gecko) Chrome/64.0.3282.140 Safari/537.36 Edge/18.17763"
89.222.112.19 - - [16/Mar/2026:03:09:09 +0545] "POST /xmlrpc.php HTTP/1.1" 200 3210 "-" "Mozilla/5.0 (Windows NT 10.0; Win64; x64) AppleWebKit/537.36 (KHTML, like Gecko) Chrome/139.0.0.0 Safari/537.36"
114.119.152.60 - - [16/Mar/2026:02:55:23 +0545] "GET /events/category/wow-women/list/?tribe-bar-date=2024-07-26&eventDisplay=past&ical=1 HTTP/1.1" 404 796 "https://www.betterchitwan.com/events/category/wow-women/list/?tribe-bar-date=2024-07-26&eventDisplay=past" "Mozilla/5.0 (Linux; Android 7.0;) AppleWebKit/537.36 (KHTML, like Gecko) Mobile Safari/537.36 (compatible; PetalBot;+https://webmaster.petalsearch.com/site/petalbot)"
45.156.248.93 - - [16/Mar/2026:02:55:34 +0545] "POST /xmlrpc.php HTTP/1.1" 200 3130 "-" "Mozilla/5.0 (Windows NT 10.0; WOW64; x64) AppleWebKit/537.36 (KHTML, like Gecko) Chrome/114.0.0.0 Safari/537.36 OPR/89.0.4447.51"
2a01:4f9:5a:1745::2 - - [16/Mar/2026:02:56:29 +0545] "POST /wp-admin/admin-ajax.php?action=async_litespeed&nonce=661b1bd860&litespeed_type=imgoptm HTTP/1.1" 200 5 "-" "WordPress/6.9.4; https://www.betterchitwan.com"
114.119.128.196 - - [16/Mar/2026:02:57:41 +0545] "GET /events/category/wow-women/list/?tribe-bar-date=2024-06-30&eventDisplay=past&ical=1 HTTP/1.1" 404 796 "https://www.betterchitwan.com/events/category/wow-women/list/?tribe-bar-date=2024-06-30&eventDisplay=past" "Mozilla/5.0 (Linux; Android 7.0;) AppleWebKit/537.36 (KHTML, like Gecko) Mobile Safari/537.36 (compatible; PetalBot;+https://webmaster.petalsearch.com/site/petalbot)"
192.178.6.64 - - [16/Mar/2026:03:02:25 +0545] "GET /events/category/nadi-sangai-hami/list/?tribe-bar-date=2024-11-04&eventDisplay=past HTTP/1.1" 404 796 "-" "Mozilla/5.0 (Linux; Android 6.0.1; Nexus 5X Build/MMB29P) AppleWebKit/537.36 (KHTML, like Gecko) Chrome/145.0.7632.116 Mobile Safari/537.36 (compatible; Googlebot/2.1; +http://www.google.com/bot.html)"
2a01:4f9:5a:1745::2 - - [16/Mar/2026:03:05:22 +0545] "POST /wp-cron.php?doing_wp_cron=1773609622.5789139270782470703125 HTTP/1.1" 200 0 "-" "WordPress/6.9.4; https://www.betterchitwan.com"
2a01:4f9:5a:1745::2 - - [16/Mar/2026:03:07:43 +0545] "POST /wp-admin/admin-ajax.php?action=async_litespeed&nonce=661b1bd860&litespeed_type=imgoptm HTTP/1.1" 200 5 "-" "WordPress/6.9.4; https://www.betterchitwan.com"
192.178.6.64 - - [16/Mar/2026:03:08:33 +0545] "GET /core-team-2020-21/ HTTP/1.1" 404 796 "-" "Mozilla/5.0 (Linux; Android 6.0.1; Nexus 5X Build/MMB29P) AppleWebKit/537.36 (KHTML, like Gecko) Chrome/145.0.7632.116 Mobile Safari/537.36 (compatible; Googlebot/2.1; +http://www.google.com/bot.html)"
2a01:4f9:5a:1745::2 - - [16/Mar/2026:03:09:10 +0545] "POST /wp-admin/admin-ajax.php?action=async_litespeed&nonce=661b1bd860&litespeed_type=imgoptm HTTP/1.1" 200 5 "-" "WordPress/6.9.4; https://www.betterchitwan.com"
114.119.136.5 - - [16/Mar/2026:03:10:15 +0545] "GET /events/category/wow-women/list/?tribe-bar-date=2023-12-01&outlook-ical=1 HTTP/1.1" 404 796 "https://www.betterchitwan.com/events/category/wow-women/list/?tribe-bar-date=2023-12-01" "Mozilla/5.0 (Linux; Android 7.0;) AppleWebKit/537.36 (KHTML, like Gecko) Mobile Safari/537.36 (compatible; PetalBot;+https://webmaster.petalsearch.com/site/petalbot)"
45.156.248.93 - - [16/Mar/2026:02:55:35 +0545] "POST /xmlrpc.php HTTP/1.1" 200 109 "-" "Mozilla/5.0 (Windows NT 10.0; WOW64; x64) AppleWebKit/537.36 (KHTML, like Gecko) Chrome/114.0.0.0 Safari/537.36 OPR/89.0.4447.51"
2a01:4f9:5a:1745::2 - - [16/Mar/2026:02:55:39 +0545] "POST /wp-admin/admin-ajax.php?action=async_litespeed&nonce=661b1bd860&litespeed_type=imgoptm HTTP/1.1" 200 5 "-" "WordPress/6.9.4; https://www.betterchitwan.com"
2a01:4f9:5a:1745::2 - - [16/Mar/2026:02:56:29 +0545] "POST /wp-cron.php?doing_wp_cron=1773609088.9483969211578369140625 HTTP/1.1" 200 0 "-" "WordPress/6.9.4; https://www.betterchitwan.com"
2a01:4f9:5a:1745::2 - - [16/Mar/2026:03:05:23 +0545] "POST /wp-admin/admin-ajax.php?action=async_litespeed&nonce=661b1bd860&litespeed_type=imgoptm HTTP/1.1" 200 5 "-" "WordPress/6.9.4; https://www.betterchitwan.com"
45.156.248.93 - - [16/Mar/2026:02:55:37 +0545] "POST /xmlrpc.php HTTP/1.1" 200 3083 "-" "Mozilla/5.0 (Windows NT 10.0; WOW64; x64) AppleWebKit/537.36 (KHTML, like Gecko) Chrome/114.0.0.0 Safari/537.36 OPR/89.0.4447.51"
161.178.3.80 - - [16/Mar/2026:02:56:31 +0545] "POST /xmlrpc.php HTTP/1.1" 200 108 "-" "Mozilla/5.0 (Windows NT 10.0; Win64; x64) AppleWebKit/537.36 (KHTML, like Gecko) Chrome/80.0.3987.122 Safari/537.36 Edg/80.0.361.62"
2a01:4f9:5a:1745::2 - - [16/Mar/2026:02:56:57 +0545] "POST /wp-cron.php?doing_wp_cron=1773609117.8214840888977050781250 HTTP/1.1" 200 0 "-" "WordPress/6.9.4; https://www.betterchitwan.com"
114.119.129.33 - - [16/Mar/2026:02:58:53 +0545] "GET /events/category/wow-women/list/?tribe-bar-date=2024-06-27 HTTP/1.1" 404 796 "https://www.betterchitwan.com/events/category/wow-women/list/?tribe-bar-date=2024-06-27" "Mozilla/5.0 (Linux; Android 7.0;) AppleWebKit/537.36 (KHTML, like Gecko) Mobile Safari/537.36 (compatible; PetalBot;+https://webmaster.petalsearch.com/site/petalbot)"
45.227.253.15 - - [16/Mar/2026:03:04:58 +0545] "GET /index.php/jk HTTP/1.1" 301 0 "-" "Mozilla/5.0 (Windows NT 10.0; Win64; x64) AppleWebKit/537.36 (KHTML, like Gecko) Chrome/82.0.3292.140 Safari/537.36 Edge/18.18761"
45.227.253.15 - - [16/Mar/2026:03:04:59 +0545] "GET /jk HTTP/1.1" 404 796 "https://www.betterchitwan.com/index.php/jk" "Mozilla/5.0 (Windows NT 10.0; Win64; x64) AppleWebKit/537.36 (KHTML, like Gecko) Chrome/82.0.3292.140 Safari/537.36 Edge/18.18761"
2a01:4f9:5a:1745::2 - - [16/Mar/2026:03:05:00 +0545] "POST /wp-admin/admin-ajax.php?action=async_litespeed&nonce=661b1bd860&litespeed_type=imgoptm HTTP/1.1" 200 5 "-" "WordPress/6.9.4; https://www.betterchitwan.com"
114.119.136.5 - - [16/Mar/2026:03:05:15 +0545] "GET /events/category/wow-women/list/?tribe-bar-date=2024-05-03&outlook-ical=1 HTTP/1.1" 404 796 "https://www.betterchitwan.com/events/category/wow-women/list/?tribe-bar-date=2024-05-03&eventDisplay=past" "Mozilla/5.0 (Linux; Android 7.0;) AppleWebKit/537.36 (KHTML, like Gecko) Mobile Safari/537.36 (compatible; PetalBot;+https://webmaster.petalsearch.com/site/petalbot)"
2a01:4f9:5a:1745::2 - - [16/Mar/2026:03:09:07 +0545] "POST /wp-cron.php?doing_wp_cron=1773609846.9383609294891357421875 HTTP/1.1" 200 0 "-" "WordPress/6.9.4; https://www.betterchitwan.com"
89.222.112.19 - - [16/Mar/2026:03:09:06 +0545] "POST /xmlrpc.php HTTP/1.1" 200 3130 "-" "Mozilla/5.0 (Windows NT 10.0; Win64; x64) AppleWebKit/537.36 (KHTML, like Gecko) Chrome/139.0.0.0 Safari/537.36"
2a01:4f9:5a:1745::2 - - [16/Mar/2026:03:09:07 +0545] "POST /wp-admin/admin-ajax.php?action=async_litespeed&nonce=661b1bd860&litespeed_type=imgoptm HTTP/1.1" 200 5 "-" "WordPress/6.9.4; https://www.betterchitwan.com"
2a01:4f9:5a:1745::2 - - [16/Mar/2026:03:09:09 +0545] "POST /wp-cron.php?doing_wp_cron=1773609849.7511830329895019531250 HTTP/1.1" 200 0 "-" "WordPress/6.9.4; https://www.betterchitwan.com"
194.39.127.91 - - [16/Mar/2026:03:10:32 +0545] "POST /xmlrpc.php HTTP/1.1" 200 106 "-" "Mozilla/5.0 (Macintosh; Intel Mac OS X 10_13_6) AppleWebKit/537.36 (KHTML, like Gecko) Chrome/80.0.3987.122 Safari/537.36"
2a01:4f9:5a:1745::2 - - [16/Mar/2026:03:12:30 +0545] "POST /wp-cron.php?doing_wp_cron=1773610050.0398700237274169921875 HTTP/1.1" 200 0 "-" "WordPress/6.9.4; https://www.betterchitwan.com"
194.39.127.91 - - [16/Mar/2026:03:12:29 +0545] "POST /xmlrpc.php HTTP/1.1" 200 3130 "-" "Mozilla/5.0 (X11; Linux i686) AppleWebKit/537.36 (KHTML, like Gecko) Chrome/114.0.0.0 Safari/537.36 Vivaldi/5.3.2679.68"
2a01:4f9:5a:1745::2 - - [16/Mar/2026:03:12:34 +0545] "POST /wp-cron.php?doing_wp_cron=1773610053.9249069690704345703125 HTTP/1.1" 200 0 "-" "WordPress/6.9.4; https://www.betterchitwan.com"
192.178.6.64 - - [16/Mar/2026:03:12:36 +0545] "GET /robots.txt HTTP/1.1" 304 0 "-" "Mozilla/5.0 (compatible; Googlebot/2.1; +http://www.google.com/bot.html)"
192.178.6.64 - - [16/Mar/2026:03:12:36 +0545] "GET /events/category/chittaun-kacheheri/list/?tribe-bar-date=2025-03-08&eventDisplay=past HTTP/1.1" 404 796 "-" "Mozilla/5.0 (Linux; Android 6.0.1; Nexus 5X Build/MMB29P) AppleWebKit/537.36 (KHTML, like Gecko) Chrome/145.0.7632.116 Mobile Safari/537.36 (compatible; Googlebot/2.1; +http://www.google.com/bot.html)"
2a01:4f9:5a:1745::2 - - [16/Mar/2026:03:22:45 +0545] "POST /wp-cron.php?doing_wp_cron=1773610665.5216410160064697265625 HTTP/1.1" 200 0 "-" "WordPress/6.9.4; https://www.betterchitwan.com"
176.223.172.213 - alternative [16/Mar/2026:03:22:47 +0545] "POST /xmlrpc.php HTTP/1.1" 200 1549 "-" "Mozilla/5.0 (Macintosh; Intel Mac OS X 10_15_7) AppleWebKit/537.36 (KHTML, like Gecko) Chrome/131.0.0.0 Safari/537.36"
2a01:4f9:5a:1745::2 - - [16/Mar/2026:03:22:49 +0545] "POST /wp-admin/admin-ajax.php?action=async_litespeed&nonce=661b1bd860&litespeed_type=imgoptm HTTP/1.1" 200 5 "-" "WordPress/6.9.4; https://www.betterchitwan.com"
17.246.23.205 - - [16/Mar/2026:03:23:38 +0545] "GET /events/category/youth-motivators-club-ymc/month/ HTTP/1.1" 404 796 "-" "Mozilla/5.0 (Macintosh; Intel Mac OS X 10_15_7) AppleWebKit/605.1.15 (KHTML, like Gecko) Version/17.4 Safari/605.1.15 (Applebot/0.1; +http://www.apple.com/go/applebot)"
2a01:4f9:5a:1745::2 - - [16/Mar/2026:03:26:12 +0545] "POST /wp-cron.php?doing_wp_cron=1773610872.3771629333496093750000 HTTP/1.1" 200 0 "-" "WordPress/6.9.4; https://www.betterchitwan.com"
2a01:4f9:5a:1745::2 - - [16/Mar/2026:03:26:53 +0545] "POST /wp-cron.php?doing_wp_cron=1773610913.0691089630126953125000 HTTP/1.1" 200 0 "-" "WordPress/6.9.4; https://www.betterchitwan.com"
114.119.128.196 - - [16/Mar/2026:03:13:35 +0545] "GET /events/category/wow-women/list/ HTTP/1.1" 404 796 "https://www.betterchitwan.com/events/category/wow-women/list/?tribe-bar-date=2025-04-01&eventDisplay=past" "Mozilla/5.0 (Linux; Android 7.0;) AppleWebKit/537.36 (KHTML, like Gecko) Mobile Safari/537.36 (compatible; PetalBot;+https://webmaster.petalsearch.com/site/petalbot)"
216.244.66.231 - - [16/Mar/2026:03:14:06 +0545] "GET /events/tag/youwa-bich-yuwa/day/2024-07-19/?outlook-ical=1 HTTP/1.1" 404 796 "-" "Mozilla/5.0 (compatible; DotBot/1.2; +https://opensiteexplorer.org/dotbot; help@moz.com)"
2a01:4f9:5a:1745::2 - - [16/Mar/2026:03:15:10 +0545] "POST /wp-cron.php?doing_wp_cron=1773610210.7747509479522705078125 HTTP/1.1" 200 0 "-" "WordPress/6.9.4; https://www.betterchitwan.com"
2a01:4f9:5a:1745::2 - - [16/Mar/2026:03:25:15 +0545] "POST /wp-cron.php?doing_wp_cron=1773610815.2861709594726562500000 HTTP/1.1" 200 0 "-" "WordPress/6.9.4; https://www.betterchitwan.com"
2a01:4f9:5a:1745::2 - - [16/Mar/2026:03:25:16 +0545] "POST /wp-admin/admin-ajax.php?action=async_litespeed&nonce=661b1bd860&litespeed_type=imgoptm HTTP/1.1" 200 5 "-" "WordPress/6.9.4; https://www.betterchitwan.com"
2a01:4f9:5a:1745::2 - - [16/Mar/2026:03:26:13 +0545] "POST /wp-admin/admin-ajax.php?action=async_litespeed&nonce=661b1bd860&litespeed_type=imgoptm HTTP/1.1" 200 5 "-" "WordPress/6.9.4; https://www.betterchitwan.com"
114.119.146.77 - - [16/Mar/2026:03:27:14 +0545] "GET /events/tag/youthwan2022/list/?tribe-bar-date=2025-03-01 HTTP/1.1" 404 796 "https://www.betterchitwan.com/events/tag/youthwan2022/list/?tribe-bar-date=2025-03-01" "Mozilla/5.0 (Linux; Android 7.0;) AppleWebKit/537.36 (KHTML, like Gecko) Mobile Safari/537.36 (compatible; PetalBot;+https://webmaster.petalsearch.com/site/petalbot)"
2a01:4f9:5a:1745::2 - - [16/Mar/2026:03:12:31 +0545] "POST /wp-admin/admin-ajax.php?action=async_litespeed&nonce=661b1bd860&litespeed_type=imgoptm HTTP/1.1" 200 5 "-" "WordPress/6.9.4; https://www.betterchitwan.com"
194.39.127.91 - - [16/Mar/2026:03:12:33 +0545] "POST /xmlrpc.php HTTP/1.1" 200 3667 "-" "Mozilla/5.0 (X11; Linux i686) AppleWebKit/537.36 (KHTML, like Gecko) Chrome/114.0.0.0 Safari/537.36 Vivaldi/5.3.2679.68"
192.178.6.64 - - [16/Mar/2026:03:16:39 +0545] "GET /events/tag/youwa-bich-yuwa/list/?tribe-bar-date=2027-07-26&eventDisplay=past HTTP/1.1" 404 796 "-" "Mozilla/5.0 (Linux; Android 6.0.1; Nexus 5X Build/MMB29P) AppleWebKit/537.36 (KHTML, like Gecko) Chrome/145.0.7632.116 Mobile Safari/537.36 (compatible; Googlebot/2.1; +http://www.google.com/bot.html)"
2a01:4f9:5a:1745::2 - - [16/Mar/2026:03:22:48 +0545] "POST /wp-cron.php?doing_wp_cron=1773610668.3544819355010986328125 HTTP/1.1" 200 0 "-" "WordPress/6.9.4; https://www.betterchitwan.com"
192.178.6.65 - - [16/Mar/2026:03:24:46 +0545] "GET /events/category/youth-motivators-club-ymc/list/?tribe-bar-date=2023-02-25&eventDisplay=past HTTP/1.1" 404 796 "-" "Mozilla/5.0 (Linux; Android 6.0.1; Nexus 5X Build/MMB29P) AppleWebKit/537.36 (KHTML, like Gecko) Chrome/145.0.7632.116 Mobile Safari/537.36 (compatible; Googlebot/2.1; +http://www.google.com/bot.html)"
176.223.172.213 - xtw183875862 [16/Mar/2026:03:25:14 +0545] "POST /xmlrpc.php HTTP/1.1" 200 3130 "-" "Mozilla/5.0 (Windows NT 10.0; Win64; x64) AppleWebKit/537.36 (KHTML, like Gecko) Chrome/114.0.0.0 Safari/537.36 Vivaldi/5.3.2679.68"
176.223.172.213 - xtw183875862 [16/Mar/2026:03:25:16 +0545] "POST /xmlrpc.php HTTP/1.1" 200 108 "-" "Mozilla/5.0 (Windows NT 10.0; Win64; x64) AppleWebKit/537.36 (KHTML, like Gecko) Chrome/114.0.0.0 Safari/537.36 Vivaldi/5.3.2679.68"
2a01:4f9:5a:1745::2 - - [16/Mar/2026:03:25:19 +0545] "POST /wp-cron.php?doing_wp_cron=1773610819.5054130554199218750000 HTTP/1.1" 200 0 "-" "WordPress/6.9.4; https://www.betterchitwan.com"
2a01:4f9:5a:1745::2 - - [16/Mar/2026:03:26:10 +0545] "POST /wp-admin/admin-ajax.php?action=async_litespeed&nonce=661b1bd860&litespeed_type=imgoptm HTTP/1.1" 200 5 "-" "WordPress/6.9.4; https://www.betterchitwan.com"
68.66.112.120 - - [16/Mar/2026:03:26:54 +0545] "POST /xmlrpc.php HTTP/1.1" 200 3542 "-" "Mozilla/5.0 (Windows NT 10.0; Win64; x64) AppleWebKit/537.36 (KHTML, like Gecko) Chrome/122.0.0.0 Safari/537.36"
94.23.188.205 - - [16/Mar/2026:03:11:18 +0545] "GET /%E0%A4%97%E0%A5%88%E0%A4%82%E0%A4%A1%E0%A4%BE%E0%A4%95%E0%A5%8B%E0%A4%9F-%E0%A4%B0-%E0%A4%A6%E0%A5%87%E0%A4%B5%E0%A4%98%E0%A4%BE%E0%A4%9F-%E0%A4%95%E0%A5%8D%E0%A4%B7%E0%A5%87%E0%A4%A4%E0%A5%8D/feed/ HTTP/1.1" 404 796 "-" "Mozilla/5.0 (compatible; AhrefsBot/7.0; +http://ahrefs.com/robot/)"
2a01:4f9:5a:1745::2 - - [16/Mar/2026:03:15:11 +0545] "POST /wp-admin/admin-ajax.php?action=async_litespeed&nonce=661b1bd860&litespeed_type=imgoptm HTTP/1.1" 200 5 "-" "WordPress/6.9.4; https://www.betterchitwan.com"
114.119.131.235 - - [16/Mar/2026:03:19:47 +0545] "GET /events/category/wow-women/day/2025-03-21/?ical=1 HTTP/1.1" 404 796 "https://www.betterchitwan.com/events/category/wow-women/day/2025-03-21/" "Mozilla/5.0 (Linux; Android 7.0;) AppleWebKit/537.36 (KHTML, like Gecko) Mobile Safari/537.36 (compatible; PetalBot;+https://webmaster.petalsearch.com/site/petalbot)"
176.223.172.213 - admlnlx [16/Mar/2026:03:26:11 +0545] "POST /xmlrpc.php HTTP/1.1" 200 1668 "-" "Mozilla/5.0 (Windows NT 10.0; Win64; x64) AppleWebKit/537.36 (KHTML, like Gecko) Chrome/116.0.0.0 Safari/537.36"
2a01:4f9:5a:1745::2 - - [16/Mar/2026:03:26:50 +0545] "POST /wp-cron.php?doing_wp_cron=1773610910.4697909355163574218750 HTTP/1.1" 200 0 "-" "WordPress/6.9.4; https://www.betterchitwan.com"
68.66.112.120 - - [16/Mar/2026:03:26:51 +0545] "POST /xmlrpc.php HTTP/1.1" 200 109 "-" "Mozilla/5.0 (Windows NT 10.0; Win64; x64) AppleWebKit/537.36 (KHTML, like Gecko) Chrome/122.0.0.0 Safari/537.36"
114.119.129.33 - - [16/Mar/2026:03:21:47 +0545] "GET /events/category/wow-women/day/2025-03-18/?outlook-ical=1 HTTP/1.1" 404 796 "https://www.betterchitwan.com/events/category/wow-women/day/2025-03-18/" "Mozilla/5.0 (Linux; Android 7.0;) AppleWebKit/537.36 (KHTML, like Gecko) Mobile Safari/537.36 (compatible; PetalBot;+https://webmaster.petalsearch.com/site/petalbot)"
114.119.136.5 - - [16/Mar/2026:03:22:40 +0545] "GET /events/category/wow-women/day/2025-03-16/?ical=1 HTTP/1.1" 404 796 "https://www.betterchitwan.com/events/category/wow-women/day/2025-03-16/" "Mozilla/5.0 (Linux; Android 7.0;) AppleWebKit/537.36 (KHTML, like Gecko) Mobile Safari/537.36 (compatible; PetalBot;+https://webmaster.petalsearch.com/site/petalbot)"
2a01:4f9:5a:1745::2 - - [16/Mar/2026:03:22:46 +0545] "POST /wp-admin/admin-ajax.php?action=async_litespeed&nonce=661b1bd860&litespeed_type=imgoptm HTTP/1.1" 200 5 "-" "WordPress/6.9.4; https://www.betterchitwan.com"
5.39.109.163 - - [16/Mar/2026:03:21:16 +0545] "GET /%E0%A4%98%E0%A4%B0%E0%A4%BE%E0%A4%AF%E0%A4%B8%E0%A5%80-%E0%A4%AB%E0%A5%8B%E0%A4%B9%E0%A5%8B%E0%A4%B0%E0%A4%95%E0%A5%8B-%E0%A4%AA%E0%A5%83%E0%A4%A5%E0%A4%95%E0%A5%80%E0%A4%95%E0%A4%B0%E0%A4%A3%E0%A4%95/feed/ HTTP/1.1" 404 796 "-" "Mozilla/5.0 (compatible; AhrefsBot/7.0; +http://ahrefs.com/robot/)"
176.223.172.213 - alternative [16/Mar/2026:03:22:44 +0545] "POST /xmlrpc.php HTTP/1.1" 200 3130 "-" "Mozilla/5.0 (Macintosh; Intel Mac OS X 10_15_7) AppleWebKit/537.36 (KHTML, like Gecko) Chrome/131.0.0.0 Safari/537.36"
2a01:4f9:5a:1745::2 - - [16/Mar/2026:03:26:09 +0545] "POST /wp-cron.php?doing_wp_cron=1773610868.9766778945922851562500 HTTP/1.1" 200 0 "-" "WordPress/6.9.4; https://www.betterchitwan.com"
68.66.112.120 - - [16/Mar/2026:03:26:49 +0545] "POST /xmlrpc.php HTTP/1.1" 200 3130 "-" "Mozilla/5.0 (Windows NT 10.0; Win64; x64) AppleWebKit/537.36 (KHTML, like Gecko) Chrome/122.0.0.0 Safari/537.36"
194.39.127.91 - - [16/Mar/2026:03:12:31 +0545] "POST /xmlrpc.php HTTP/1.1" 200 106 "-" "Mozilla/5.0 (X11; Linux i686) AppleWebKit/537.36 (KHTML, like Gecko) Chrome/114.0.0.0 Safari/537.36 Vivaldi/5.3.2679.68"
195.178.110.144 - - [16/Mar/2026:03:15:10 +0545] "GET / HTTP/1.1" 301 0 "-" "-"
114.119.128.196 - - [16/Mar/2026:03:25:58 +0545] "GET /lander?ical=1&tribe-bar-date=2024-07-03 HTTP/1.1" 404 796 "-" "Mozilla/5.0 (Linux; Android 7.0;) AppleWebKit/537.36 (KHTML, like Gecko) Mobile Safari/537.36 (compatible; PetalBot;+https://webmaster.petalsearch.com/site/petalbot)"
176.223.172.213 - admlnlx [16/Mar/2026:03:26:08 +0545] "POST /xmlrpc.php HTTP/1.1" 200 3130 "-" "Mozilla/5.0 (Windows NT 10.0; Win64; x64) AppleWebKit/537.36 (KHTML, like Gecko) Chrome/116.0.0.0 Safari/537.36"
176.223.172.213 - admlnlx [16/Mar/2026:03:26:09 +0545] "POST /xmlrpc.php HTTP/1.1" 200 108 "-" "Mozilla/5.0 (Windows NT 10.0; Win64; x64) AppleWebKit/537.36 (KHTML, like Gecko) Chrome/116.0.0.0 Safari/537.36"
114.119.146.77 - - [16/Mar/2026:03:14:26 +0545] "GET /events/category/wow-women/day/2025-03-28/ HTTP/1.1" 404 796 "https://www.betterchitwan.com/events/category/wow-women/list?tribe-bar-date=2025-03-28&eventDisplay=past" "Mozilla/5.0 (Linux; Android 7.0;) AppleWebKit/537.36 (KHTML, like Gecko) Mobile Safari/537.36 (compatible; PetalBot;+https://webmaster.petalsearch.com/site/petalbot)"
192.178.6.64 - - [16/Mar/2026:03:20:42 +0545] "GET /donation-success/ HTTP/1.1" 404 796 "-" "Mozilla/5.0 (Linux; Android 6.0.1; Nexus 5X Build/MMB29P) AppleWebKit/537.36 (KHTML, like Gecko) Chrome/145.0.7632.116 Mobile Safari/537.36 (compatible; Googlebot/2.1; +http://www.google.com/bot.html)"
176.223.172.213 - alternative [16/Mar/2026:03:22:46 +0545] "POST /xmlrpc.php HTTP/1.1" 200 108 "-" "Mozilla/5.0 (Macintosh; Intel Mac OS X 10_15_7) AppleWebKit/537.36 (KHTML, like Gecko) Chrome/131.0.0.0 Safari/537.36"
114.119.131.235 - - [16/Mar/2026:03:24:13 +0545] "GET /events/category/wow-women/day/2025-03-15/?ical=1 HTTP/1.1" 404 796 "https://www.betterchitwan.com/events/category/wow-women/day/2025-03-15/" "Mozilla/5.0 (Linux; Android 7.0;) AppleWebKit/537.36 (KHTML, like Gecko) Mobile Safari/537.36 (compatible; PetalBot;+https://webmaster.petalsearch.com/site/petalbot)"
176.223.172.213 - xtw183875862 [16/Mar/2026:03:25:18 +0545] "POST /xmlrpc.php HTTP/1.1" 200 1595 "-" "Mozilla/5.0 (Windows NT 10.0; Win64; x64) AppleWebKit/537.36 (KHTML, like Gecko) Chrome/114.0.0.0 Safari/537.36 Vivaldi/5.3.2679.68"
68.66.112.120 - - [16/Mar/2026:03:29:20 +0545] "POST /xmlrpc.php HTTP/1.1" 200 3130 "-" "Mozilla/5.0 (Macintosh; Intel Mac OS X 10_13_6) AppleWebKit/537.36 (KHTML, like Gecko) Chrome/80.0.3987.122 Safari/537.36"
68.66.112.120 - - [16/Mar/2026:03:29:23 +0545] "POST /xmlrpc.php HTTP/1.1" 200 108 "-" "Mozilla/5.0 (Macintosh; Intel Mac OS X 10_13_6) AppleWebKit/537.36 (KHTML, like Gecko) Chrome/80.0.3987.122 Safari/537.36"
114.119.145.188 - - [16/Mar/2026:03:31:21 +0545] "GET /events/tag/futsal/list?tribe-bar-date=2025-04-14&eventDisplay=past&ical=1 HTTP/1.1" 404 796 "-" "Mozilla/5.0 (Linux; Android 7.0;) AppleWebKit/537.36 (KHTML, like Gecko) Mobile Safari/537.36 (compatible; PetalBot;+https://webmaster.petalsearch.com/site/petalbot)"
213.230.72.2 - - [16/Mar/2026:03:31:47 +0545] "GET /comments/feed/ HTTP/1.1" 404 796 "-" "Mozilla/5.0 (compatible; MSIE 9.0; Windows NT 11.0; Trident/3.0)"
2a01:4f9:5a:1745::2 - - [16/Mar/2026:03:31:47 +0545] "POST /wp-cron.php?doing_wp_cron=1773611207.1584229469299316406250 HTTP/1.1" 200 0 "-" "WordPress/6.9.4; https://www.betterchitwan.com"
24.157.184.65 - - [16/Mar/2026:03:31:46 +0545] "POST /xmlrpc.php HTTP/1.1" 200 186 "-" "Mozilla/5.0 (Windows NT 6.2; x64) AppleWebKit/537.36 (KHTML, like Gecko) Firefox/82.0.0.0 Safari/537.36"
51.75.236.147 - - [16/Mar/2026:03:33:53 +0545] "GET / HTTP/1.1" 200 26933 "-" "Mozilla/5.0 (compatible; AhrefsBot/7.0; +http://ahrefs.com/robot/)"
167.172.73.47 - - [16/Mar/2026:03:34:32 +0545] "POST /wp-login.php HTTP/1.1" 200 974 "-" "Mozilla/5.0 (Windows NT 10.0; Win64; x64) AppleWebKit/537.36 (KHTML, like Gecko) Chrome/120.0.0.0 Safari/537.36"
24.157.184.65 - - [16/Mar/2026:03:36:46 +0545] "POST /xmlrpc.php HTTP/1.1" 200 186 "-" "Mozilla/5.0 (Windows NT 10.0; x64) AppleWebKit/537.36 (KHTML, like Gecko) Opera/74.0.0.0 Safari/537.36"
79.127.144.103 - - [16/Mar/2026:03:37:04 +0545] "POST /xmlrpc.php HTTP/1.1" 200 3130 "-" "Mozilla/5.0 (Windows NT 6.1) AppleWebKit/537.36 (KHTML, like Gecko) Chrome/80.0.3987.132 Safari/537.36"
2a01:4f9:5a:1745::2 - - [16/Mar/2026:03:37:49 +0545] "POST /wp-cron.php?doing_wp_cron=1773611569.4851639270782470703125 HTTP/1.1" 200 0 "-" "WordPress/6.9.4; https://www.betterchitwan.com"
24.157.184.65 - - [16/Mar/2026:03:39:47 +0545] "POST /xmlrpc.php HTTP/1.1" 200 186 "-" "Mozilla/5.0 (Macintosh; Intel Mac OS X 10_15_7; x86) AppleWebKit/537.36 (KHTML, like Gecko) Edge/99.0.0.0 Safari/537.36"
2a01:4f9:5a:1745::2 - - [16/Mar/2026:03:39:49 +0545] "POST /wp-admin/admin-ajax.php?action=async_litespeed&nonce=661b1bd860&litespeed_type=imgoptm HTTP/1.1" 200 5 "-" "WordPress/6.9.4; https://www.betterchitwan.com"
114.119.129.33 - - [16/Mar/2026:03:39:54 +0545] "GET /events/category/youth-motivators-club-ymc/list?tribe-bar-date=2024-09-04&eventDisplay=past&ical=1 HTTP/1.1" 404 796 "-" "Mozilla/5.0 (Linux; Android 7.0;) AppleWebKit/537.36 (KHTML, like Gecko) Mobile Safari/537.36 (compatible; PetalBot;+https://webmaster.petalsearch.com/site/petalbot)"
2a01:4f9:5a:1745::2 - - [16/Mar/2026:03:40:17 +0545] "POST /wp-cron.php?doing_wp_cron=1773611717.7089750766754150390625 HTTP/1.1" 200 0 "-" "WordPress/6.9.4; https://www.betterchitwan.com"
24.157.184.65 - - [16/Mar/2026:03:40:46 +0545] "POST /xmlrpc.php HTTP/1.1" 200 186 "-" "Mozilla/5.0 (Linux; Android 10; x86) AppleWebKit/537.36 (KHTML, like Gecko) Safari/14.0.0.0 Safari/537.36"
192.178.6.66 - - [16/Mar/2026:03:40:59 +0545] "GET /events/category/youth-motivators-club-ymc/list/?tribe-bar-date=2023-04-28&eventDisplay=past HTTP/1.1" 404 796 "-" "Mozilla/5.0 (Linux; Android 6.0.1; Nexus 5X Build/MMB29P) AppleWebKit/537.36 (KHTML, like Gecko) Chrome/145.0.7632.116 Mobile Safari/537.36 (compatible; Googlebot/2.1; +http://www.google.com/bot.html)"
2a01:4f9:5a:1745::2 - - [16/Mar/2026:03:42:47 +0545] "POST /wp-cron.php?doing_wp_cron=1773611867.5775959491729736328125 HTTP/1.1" 200 0 "-" "WordPress/6.9.4; https://www.betterchitwan.com"
2a01:4f9:5a:1745::2 - - [16/Mar/2026:03:32:27 +0545] "POST /wp-admin/admin-ajax.php?action=async_litespeed&nonce=661b1bd860&litespeed_type=imgoptm HTTP/1.1" 200 5 "-" "WordPress/6.9.4; https://www.betterchitwan.com"
16.63.28.33 - - [16/Mar/2026:03:32:29 +0545] "POST /xmlrpc.php HTTP/1.1" 200 3502 "-" "Mozilla/5.0 (X11; Linux i686) AppleWebKit/537.36 (KHTML, like Gecko) Chrome/114.0.0.0 Safari/537.36 Vivaldi/5.3.2679.68"
2a01:4f9:5a:1745::2 - - [16/Mar/2026:03:33:57 +0545] "POST /wp-admin/admin-ajax.php?action=async_litespeed&nonce=661b1bd860&litespeed_type=imgoptm HTTP/1.1" 200 5 "-" "WordPress/6.9.4; https://www.betterchitwan.com"
167.172.73.47 - - [16/Mar/2026:03:34:40 +0545] "GET /wp-admin/ HTTP/1.1" 302 0 "-" "Mozilla/5.0 (Windows NT 10.0; Win64; x64) AppleWebKit/537.36 (KHTML, like Gecko) Chrome/120.0.0.0 Safari/537.36"
167.172.73.47 - - [16/Mar/2026:03:34:41 +0545] "GET /wp-login.php?redirect_to=https%3A%2F%2Fwww.betterchitwan.com%2Fwp-admin%2F&reauth=1 HTTP/1.1" 200 1052 "-" "Mozilla/5.0 (Windows NT 10.0; Win64; x64) AppleWebKit/537.36 (KHTML, like Gecko) Chrome/120.0.0.0 Safari/537.36"
114.119.129.33 - - [16/Mar/2026:03:36:40 +0545] "GET /events/category/youthwan/day/2024-02-11/ HTTP/1.1" 404 796 "https://www.betterchitwan.com/events/category/youthwan/day/2024-02-11/" "Mozilla/5.0 (Linux; Android 7.0;) AppleWebKit/537.36 (KHTML, like Gecko) Mobile Safari/537.36 (compatible; PetalBot;+https://webmaster.petalsearch.com/site/petalbot)"
2a01:4f9:5a:1745::2 - - [16/Mar/2026:03:38:47 +0545] "POST /wp-cron.php?doing_wp_cron=1773611627.4365758895874023437500 HTTP/1.1" 200 0 "-" "WordPress/6.9.4; https://www.betterchitwan.com"
2a01:4f9:5a:1745::2 - - [16/Mar/2026:03:42:48 +0545] "POST /wp-admin/admin-ajax.php?action=async_litespeed&nonce=661b1bd860&litespeed_type=imgoptm HTTP/1.1" 200 5 "-" "WordPress/6.9.4; https://www.betterchitwan.com"
2a01:4f9:5a:1745::2 - - [16/Mar/2026:03:43:47 +0545] "POST /wp-cron.php?doing_wp_cron=1773611927.7430360317230224609375 HTTP/1.1" 200 0 "-" "WordPress/6.9.4; https://www.betterchitwan.com"
2a01:4f9:5a:1745::2 - - [16/Mar/2026:03:31:48 +0545] "POST /wp-admin/admin-ajax.php?action=async_litespeed&nonce=661b1bd860&litespeed_type=imgoptm HTTP/1.1" 200 5 "-" "WordPress/6.9.4; https://www.betterchitwan.com"
2a01:4f9:5a:1745::2 - - [16/Mar/2026:03:33:55 +0545] "GET /wp-content/uploads/2019/11/divider.svg HTTP/1.1" 404 796 "-" "-"
2a01:4f9:5a:1745::2 - - [16/Mar/2026:03:34:42 +0545] "POST /wp-admin/admin-ajax.php?action=async_litespeed&nonce=661b1bd860&litespeed_type=imgoptm HTTP/1.1" 200 5 "-" "WordPress/6.9.4; https://www.betterchitwan.com"
2a01:4f9:5a:1745::2 - - [16/Mar/2026:03:36:47 +0545] "POST /wp-cron.php?doing_wp_cron=1773611507.2824940681457519531250 HTTP/1.1" 200 0 "-" "WordPress/6.9.4; https://www.betterchitwan.com"
2a01:4f9:5a:1745::2 - - [16/Mar/2026:03:37:06 +0545] "POST /wp-admin/admin-ajax.php?action=async_litespeed&nonce=661b1bd860&litespeed_type=imgoptm HTTP/1.1" 200 5 "-" "WordPress/6.9.4; https://www.betterchitwan.com"
24.157.184.65 - - [16/Mar/2026:03:38:46 +0545] "POST /xmlrpc.php HTTP/1.1" 200 186 "-" "Mozilla/5.0 (Windows NT 6.3; x64) AppleWebKit/537.36 (KHTML, like Gecko) Chrome/80.0.0.0 Safari/537.36"
2a01:4f9:5a:1745::2 - - [16/Mar/2026:03:39:48 +0545] "POST /wp-cron.php?doing_wp_cron=1773611688.4346640110015869140625 HTTP/1.1" 200 0 "-" "WordPress/6.9.4; https://www.betterchitwan.com"
2a01:4f9:5a:1745::2 - - [16/Mar/2026:03:40:18 +0545] "POST /wp-admin/admin-ajax.php?action=async_litespeed&nonce=661b1bd860&litespeed_type=imgoptm HTTP/1.1" 200 5 "-" "WordPress/6.9.4; https://www.betterchitwan.com"
24.157.184.65 - - [16/Mar/2026:03:42:46 +0545] "POST /xmlrpc.php HTTP/1.1" 200 186 "-" "Mozilla/5.0 (Windows NT 10.0; arm64) AppleWebKit/537.36 (KHTML, like Gecko) Edge/99.0.0.0 Safari/537.36"
24.157.184.65 - - [16/Mar/2026:03:43:47 +0545] "POST /xmlrpc.php HTTP/1.1" 200 186 "-" "Mozilla/5.0 (Macintosh; Intel Mac OS X 10_15_7; x86) AppleWebKit/537.36 (KHTML, like Gecko) Safari/11.0.0.0 Safari/537.36"
2a01:4f9:5a:1745::2 - - [16/Mar/2026:03:29:21 +0545] "POST /wp-cron.php?doing_wp_cron=1773611061.4472439289093017578125 HTTP/1.1" 200 0 "-" "WordPress/6.9.4; https://www.betterchitwan.com"
2a01:4f9:5a:1745::2 - - [16/Mar/2026:03:29:26 +0545] "POST /wp-cron.php?doing_wp_cron=1773611066.2071878910064697265625 HTTP/1.1" 200 0 "-" "WordPress/6.9.4; https://www.betterchitwan.com"
2a01:4f9:5a:1745::2 - - [16/Mar/2026:03:32:31 +0545] "POST /wp-admin/admin-ajax.php?action=async_litespeed&nonce=661b1bd860&litespeed_type=imgoptm HTTP/1.1" 200 5 "-" "WordPress/6.9.4; https://www.betterchitwan.com"
2a01:4f9:5a:1745::2 - - [16/Mar/2026:03:33:56 +0545] "POST /wp-cron.php?doing_wp_cron=1773611336.1327679157257080078125 HTTP/1.1" 200 0 "-" "WordPress/6.9.4; https://www.betterchitwan.com"
192.178.6.67 - - [16/Mar/2026:03:36:55 +0545] "GET /events/tag/monthly-meeting-3/list/?tribe-bar-date=2023-05-31&eventDisplay=past HTTP/1.1" 404 796 "-" "Mozilla/5.0 (Linux; Android 6.0.1; Nexus 5X Build/MMB29P) AppleWebKit/537.36 (KHTML, like Gecko) Chrome/145.0.7632.116 Mobile Safari/537.36 (compatible; Googlebot/2.1; +http://www.google.com/bot.html)"
79.127.144.103 - - [16/Mar/2026:03:37:07 +0545] "POST /xmlrpc.php HTTP/1.1" 200 2042 "-" "Mozilla/5.0 (Windows NT 6.1) AppleWebKit/537.36 (KHTML, like Gecko) Chrome/80.0.3987.132 Safari/537.36"
114.119.131.235 - - [16/Mar/2026:03:38:24 +0545] "GET /events/category/youth-motivators-club-ymc/list?tribe-bar-date=2024-10-27&outlook-ical=1 HTTP/1.1" 404 796 "-" "Mozilla/5.0 (Linux; Android 7.0;) AppleWebKit/537.36 (KHTML, like Gecko) Mobile Safari/537.36 (compatible; PetalBot;+https://webmaster.petalsearch.com/site/petalbot)"
2a01:4f9:5a:1745::2 - - [16/Mar/2026:03:38:48 +0545] "POST /wp-admin/admin-ajax.php?action=async_litespeed&nonce=661b1bd860&litespeed_type=imgoptm HTTP/1.1" 200 5 "-" "WordPress/6.9.4; https://www.betterchitwan.com"
2a01:4f9:5a:1745::2 - - [16/Mar/2026:03:43:48 +0545] "POST /wp-admin/admin-ajax.php?action=async_litespeed&nonce=661b1bd860&litespeed_type=imgoptm HTTP/1.1" 200 5 "-" "WordPress/6.9.4; https://www.betterchitwan.com"
114.119.129.33 - - [16/Mar/2026:03:28:49 +0545] "GET /events/tag/youth-motivators-club-ymc/list?tribe-bar-date=2025-06-11&eventDisplay=past HTTP/1.1" 404 796 "-" "Mozilla/5.0 (Linux; Android 7.0;) AppleWebKit/537.36 (KHTML, like Gecko) Mobile Safari/537.36 (compatible; PetalBot;+https://webmaster.petalsearch.com/site/petalbot)"
68.66.112.120 - - [16/Mar/2026:03:29:25 +0545] "POST /xmlrpc.php HTTP/1.1" 200 4391 "-" "Mozilla/5.0 (Macintosh; Intel Mac OS X 10_13_6) AppleWebKit/537.36 (KHTML, like Gecko) Chrome/80.0.3987.122 Safari/537.36"
2a01:4f9:5a:1745::2 - - [16/Mar/2026:03:32:30 +0545] "POST /wp-cron.php?doing_wp_cron=1773611250.3655459880828857421875 HTTP/1.1" 200 0 "-" "WordPress/6.9.4; https://www.betterchitwan.com"
2a01:4f9:5a:1745::2 - - [16/Mar/2026:03:37:08 +0545] "POST /wp-cron.php?doing_wp_cron=1773611528.3855309486389160156250 HTTP/1.1" 200 0 "-" "WordPress/6.9.4; https://www.betterchitwan.com"
92.222.104.210 - - [16/Mar/2026:03:40:18 +0545] "GET /?sitemap665_xml HTTP/1.1" 200 26978 "-" "Mozilla/5.0 (compatible; AhrefsBot/7.0; +http://ahrefs.com/robot/)"
16.63.28.33 - - [16/Mar/2026:03:32:25 +0545] "POST /xmlrpc.php HTTP/1.1" 200 3130 "-" "Mozilla/5.0 (X11; Linux i686) AppleWebKit/537.36 (KHTML, like Gecko) Chrome/114.0.0.0 Safari/537.36 Vivaldi/5.3.2679.68"
16.63.28.33 - - [16/Mar/2026:03:32:27 +0545] "POST /xmlrpc.php HTTP/1.1" 200 108 "-" "Mozilla/5.0 (X11; Linux i686) AppleWebKit/537.36 (KHTML, like Gecko) Chrome/114.0.0.0 Safari/537.36 Vivaldi/5.3.2679.68"
114.119.138.172 - - [16/Mar/2026:03:32:39 +0545] "GET /events/category/youthwan/list?tribe-bar-date=2025-05-01&eventDisplay=past HTTP/1.1" 404 796 "-" "Mozilla/5.0 (Linux; Android 7.0;) AppleWebKit/537.36 (KHTML, like Gecko) Mobile Safari/537.36 (compatible; PetalBot;+https://webmaster.petalsearch.com/site/petalbot)"
114.119.138.172 - - [16/Mar/2026:03:34:18 +0545] "GET /events/category/youthwan/day/2025-05-28/ HTTP/1.1" 404 796 "https://www.betterchitwan.com/events/category/youthwan/day/2025-05-28/" "Mozilla/5.0 (Linux; Android 7.0;) AppleWebKit/537.36 (KHTML, like Gecko) Mobile Safari/537.36 (compatible; PetalBot;+https://webmaster.petalsearch.com/site/petalbot)"
167.172.73.47 - - [16/Mar/2026:03:34:32 +0545] "GET /wp-login.php HTTP/1.1" 200 974 "-" "Mozilla/5.0 (Windows NT 10.0; Win64; x64) AppleWebKit/537.36 (KHTML, like Gecko) Chrome/120.0.0.0 Safari/537.36"
24.157.184.65 - - [16/Mar/2026:03:35:52 +0545] "GET /wp-json/wp/v2/users HTTP/1.1" 404 796 "-" "Mozilla/4.0 (compatible; Win32; WinHttp.WinHttpRequest.5)"
79.127.144.103 - - [16/Mar/2026:03:37:06 +0545] "POST /xmlrpc.php HTTP/1.1" 200 108 "-" "Mozilla/5.0 (Windows NT 6.1) AppleWebKit/537.36 (KHTML, like Gecko) Chrome/80.0.3987.132 Safari/537.36"
24.157.184.65 - - [16/Mar/2026:03:37:48 +0545] "POST /xmlrpc.php HTTP/1.1" 200 186 "-" "Mozilla/5.0 (Linux; Android 10; x64) AppleWebKit/537.36 (KHTML, like Gecko) Chrome/80.0.0.0 Safari/537.36"
2a01:4f9:5a:1745::2 - - [16/Mar/2026:03:40:47 +0545] "POST /wp-cron.php?doing_wp_cron=1773611747.0760929584503173828125 HTTP/1.1" 200 0 "-" "WordPress/6.9.4; https://www.betterchitwan.com"
2a01:4f9:5a:1745::2 - - [16/Mar/2026:03:41:49 +0545] "POST /wp-cron.php?doing_wp_cron=1773611809.2717380523681640625000 HTTP/1.1" 200 0 "-" "WordPress/6.9.4; https://www.betterchitwan.com"
192.178.6.67 - - [16/Mar/2026:03:42:59 +0545] "GET /events/tag/youwa-bich-yuwa/list/?tribe-bar-date=2023-11-08 HTTP/1.1" 404 796 "-" "Mozilla/5.0 (Linux; Android 6.0.1; Nexus 5X Build/MMB29P) AppleWebKit/537.36 (KHTML, like Gecko) Chrome/145.0.7632.116 Mobile Safari/537.36 (compatible; Googlebot/2.1; +http://www.google.com/bot.html)"
114.119.129.33 - - [16/Mar/2026:03:44:08 +0545] "GET /events/category/youth-motivators-club-ymc/list/?tribe-bar-date=2025-05-10&eventDisplay=past HTTP/1.1" 404 796 "https://www.betterchitwan.com/events/category/youth-motivators-club-ymc/list/?tribe-bar-date=2025-05-10&eventDisplay=past" "Mozilla/5.0 (Linux; Android 7.0;) AppleWebKit/537.36 (KHTML, like Gecko) Mobile Safari/537.36 (compatible; PetalBot;+https://webmaster.petalsearch.com/site/petalbot)"
2a01:4f9:5a:1745::2 - - [16/Mar/2026:03:31:49 +0545] "POST /wp-cron.php?doing_wp_cron=1773611209.2158849239349365234375 HTTP/1.1" 200 0 "-" "WordPress/6.9.4; https://www.betterchitwan.com"
2a01:4f9:5a:1745::2 - - [16/Mar/2026:03:32:26 +0545] "POST /wp-cron.php?doing_wp_cron=1773611246.8534600734710693359375 HTTP/1.1" 200 0 "-" "WordPress/6.9.4; https://www.betterchitwan.com"
192.178.6.67 - - [16/Mar/2026:03:32:52 +0545] "GET /save-narayani-started-petition/ HTTP/1.1" 404 796 "-" "Mozilla/5.0 (Linux; Android 6.0.1; Nexus 5X Build/MMB29P) AppleWebKit/537.36 (KHTML, like Gecko) Chrome/145.0.7632.116 Mobile Safari/537.36 (compatible; Googlebot/2.1; +http://www.google.com/bot.html)"
114.119.145.188 - - [16/Mar/2026:03:35:11 +0545] "GET /events/category/youthwan/day/2025-05-12/?outlook-ical=1 HTTP/1.1" 404 796 "https://www.betterchitwan.com/events/category/youthwan/day/2025-05-12" "Mozilla/5.0 (Linux; Android 7.0;) AppleWebKit/537.36 (KHTML, like Gecko) Mobile Safari/537.36 (compatible; PetalBot;+https://webmaster.petalsearch.com/site/petalbot)"
2a01:4f9:5a:1745::2 - - [16/Mar/2026:03:37:05 +0545] "POST /wp-cron.php?doing_wp_cron=1773611525.1634449958801269531250 HTTP/1.1" 200 0 "-" "WordPress/6.9.4; https://www.betterchitwan.com"
2a01:4f9:5a:1745::2 - - [16/Mar/2026:03:41:50 +0545] "POST /wp-admin/admin-ajax.php?action=async_litespeed&nonce=661b1bd860&litespeed_type=imgoptm HTTP/1.1" 200 5 "-" "WordPress/6.9.4; https://www.betterchitwan.com"
176.31.139.27 - - [16/Mar/2026:03:42:58 +0545] "GET /wp-content/litespeed/css/59445e3ded1217f65a995da6d311cb53.css?ver=17972 HTTP/1.1" 200 145390 "-" "Mozilla/5.0 (compatible; AhrefsBot/7.0; +http://ahrefs.com/robot/)"
192.178.6.65 - - [16/Mar/2026:03:28:49 +0545] "GET /events/list/?tribe-bar-date=2022-10-24 HTTP/1.1" 404 796 "-" "Mozilla/5.0 (Linux; Android 6.0.1; Nexus 5X Build/MMB29P) AppleWebKit/537.36 (KHTML, like Gecko) Chrome/145.0.7632.116 Mobile Safari/537.36 (compatible; Googlebot/2.1; +http://www.google.com/bot.html)"
2a01:4f9:5a:1745::2 - - [16/Mar/2026:03:29:22 +0545] "POST /wp-admin/admin-ajax.php?action=async_litespeed&nonce=661b1bd860&litespeed_type=imgoptm HTTP/1.1" 200 5 "-" "WordPress/6.9.4; https://www.betterchitwan.com"
2a01:4f9:5a:1745::2 - - [16/Mar/2026:03:34:41 +0545] "POST /wp-cron.php?doing_wp_cron=1773611381.4955320358276367187500 HTTP/1.1" 200 0 "-" "WordPress/6.9.4; https://www.betterchitwan.com"
2a01:4f9:5a:1745::2 - - [16/Mar/2026:03:36:48 +0545] "POST /wp-admin/admin-ajax.php?action=async_litespeed&nonce=661b1bd860&litespeed_type=imgoptm HTTP/1.1" 200 5 "-" "WordPress/6.9.4; https://www.betterchitwan.com"
2a01:4f9:5a:1745::2 - - [16/Mar/2026:03:37:09 +0545] "POST /wp-admin/admin-ajax.php?action=async_litespeed&nonce=661b1bd860&litespeed_type=imgoptm HTTP/1.1" 200 5 "-" "WordPress/6.9.4; https://www.betterchitwan.com"
92.222.104.210 - - [16/Mar/2026:03:40:17 +0545] "GET /?sitemap665.xml HTTP/1.1" 301 0 "-" "Mozilla/5.0 (compatible; AhrefsBot/7.0; +http://ahrefs.com/robot/)"
2a01:4f9:5a:1745::2 - - [16/Mar/2026:03:40:19 +0545] "GET /wp-content/uploads/2019/11/divider.svg HTTP/1.1" 404 796 "-" "-"
114.119.128.196 - - [16/Mar/2026:03:41:13 +0545] "GET /events/category/youth-motivators-club-ymc/list/?tribe-bar-date=2025-08-25 HTTP/1.1" 404 796 "https://www.betterchitwan.com/events/category/youth-motivators-club-ymc/day/2025-08-25/" "Mozilla/5.0 (Linux; Android 7.0;) AppleWebKit/537.36 (KHTML, like Gecko) Mobile Safari/537.36 (compatible; PetalBot;+https://webmaster.petalsearch.com/site/petalbot)"
24.157.184.65 - - [16/Mar/2026:03:41:48 +0545] "POST /xmlrpc.php HTTP/1.1" 200 186 "-" "Mozilla/5.0 (Windows NT 6.2; arm64) AppleWebKit/537.36 (KHTML, like Gecko) Firefox/93.0.0.0 Safari/537.36"
2a01:4f9:5a:1745::2 - - [16/Mar/2026:03:44:48 +0545] "POST /wp-cron.php?doing_wp_cron=1773611988.4973649978637695312500 HTTP/1.1" 200 0 "-" "WordPress/6.9.4; https://www.betterchitwan.com"
24.157.184.65 - - [16/Mar/2026:03:44:47 +0545] "POST /xmlrpc.php HTTP/1.1" 200 186 "-" "Mozilla/5.0 (Windows NT 10.0; arm64) AppleWebKit/537.36 (KHTML, like Gecko) Opera/80.0.0.0 Safari/537.36"
170.247.222.179 - better.sdtech [16/Mar/2026:03:45:20 +0545] "GET /wp-json/wp/v2/themes HTTP/1.1" 404 796 "-" "python-requests/2.32.3"
216.244.66.231 - - [16/Mar/2026:03:47:26 +0545] "GET /robots.txt HTTP/1.1" 304 0 "-" "Mozilla/5.0 (compatible; DotBot/1.2; +https://opensiteexplorer.org/dotbot; help@moz.com)"
24.157.184.65 - - [16/Mar/2026:03:47:47 +0545] "POST /xmlrpc.php HTTP/1.1" 200 186 "-" "Mozilla/5.0 (Linux; Android 10; x86) AppleWebKit/537.36 (KHTML, like Gecko) Chrome/99.0.0.0 Safari/537.36"
2a01:4f9:5a:1745::2 - - [16/Mar/2026:03:54:51 +0545] "POST /wp-admin/admin-ajax.php?action=async_litespeed&nonce=661b1bd860&litespeed_type=imgoptm HTTP/1.1" 200 5 "-" "WordPress/6.9.4; https://www.betterchitwan.com"
2a01:4f9:5a:1745::2 - - [16/Mar/2026:03:55:53 +0545] "POST /wp-cron.php?doing_wp_cron=1773612653.6418330669403076171875 HTTP/1.1" 200 0 "-" "WordPress/6.9.4; https://www.betterchitwan.com"
2a01:4f9:5a:1745::2 - - [16/Mar/2026:03:56:47 +0545] "POST /wp-cron.php?doing_wp_cron=1773612707.6786561012268066406250 HTTP/1.1" 200 0 "-" "WordPress/6.9.4; https://www.betterchitwan.com"
2a01:4f9:5a:1745::2 - - [16/Mar/2026:03:57:11 +0545] "POST /wp-cron.php?doing_wp_cron=1773612731.6944570541381835937500 HTTP/1.1" 200 0 "-" "WordPress/6.9.4; https://www.betterchitwan.com"
2a01:4f9:5a:1745::2 - - [16/Mar/2026:03:57:47 +0545] "POST /wp-cron.php?doing_wp_cron=1773612767.5462110042572021484375 HTTP/1.1" 200 0 "-" "WordPress/6.9.4; https://www.betterchitwan.com"
170.247.222.179 - - [16/Mar/2026:03:45:01 +0545] "GET /wp-login.php HTTP/1.1" 200 974 "-" "Mozilla/5.0 (Windows NT 10.0; Win64; x64) AppleWebKit/537.36 (KHTML, like Gecko) Chrome/91.0.4472.124 Safari/537.36"
2a01:4f9:5a:1745::2 - - [16/Mar/2026:03:45:16 +0545] "GET /wp-content/uploads/2019/11/divider.svg HTTP/1.1" 404 796 "-" "-"
2a01:4f9:5a:1745::2 - - [16/Mar/2026:03:45:48 +0545] "POST /wp-cron.php?doing_wp_cron=1773612048.5808849334716796875000 HTTP/1.1" 200 0 "-" "WordPress/6.9.4; https://www.betterchitwan.com"
2a01:4f9:5a:1745::2 - - [16/Mar/2026:03:48:47 +0545] "POST /wp-cron.php?doing_wp_cron=1773612227.3924069404602050781250 HTTP/1.1" 200 0 "-" "WordPress/6.9.4; https://www.betterchitwan.com"
2a01:4f9:5a:1745::2 - - [16/Mar/2026:03:49:48 +0545] "POST /wp-cron.php?doing_wp_cron=1773612287.9180450439453125000000 HTTP/1.1" 200 0 "-" "WordPress/6.9.4; https://www.betterchitwan.com"
2a01:4f9:5a:1745::2 - - [16/Mar/2026:03:49:48 +0545] "POST /wp-admin/admin-ajax.php?action=async_litespeed&nonce=661b1bd860&litespeed_type=imgoptm HTTP/1.1" 200 5 "-" "WordPress/6.9.4; https://www.betterchitwan.com"
2a01:4f9:5a:1745::2 - - [16/Mar/2026:03:52:48 +0545] "POST /wp-admin/admin-ajax.php?action=async_litespeed&nonce=661b1bd860&litespeed_type=imgoptm HTTP/1.1" 200 5 "-" "WordPress/6.9.4; https://www.betterchitwan.com"
114.119.145.188 - - [16/Mar/2026:03:53:13 +0545] "GET /events/category/youth-motivators-club-ymc/day/2025-07-21/ HTTP/1.1" 404 796 "https://www.betterchitwan.com/events/category/youth-motivators-club-ymc/day/2025-07-22/" "Mozilla/5.0 (Linux; Android 7.0;) AppleWebKit/537.36 (KHTML, like Gecko) Mobile Safari/537.36 (compatible; PetalBot;+https://webmaster.petalsearch.com/site/petalbot)"
2a01:4f9:5a:1745::2 - - [16/Mar/2026:03:53:47 +0545] "POST /wp-cron.php?doing_wp_cron=1773612527.8456590175628662109375 HTTP/1.1" 200 0 "-" "WordPress/6.9.4; https://www.betterchitwan.com"
24.157.184.65 - - [16/Mar/2026:03:55:53 +0545] "POST /xmlrpc.php HTTP/1.1" 200 186 "-" "Mozilla/5.0 (Windows NT 6.3; x86) AppleWebKit/537.36 (KHTML, like Gecko) Chrome/113.0.0.0 Safari/537.36"
194.32.120.45 - - [16/Mar/2026:03:57:07 +0545] "POST /xmlrpc.php HTTP/1.1" 200 3130 "-" "Mozilla/5.0 (X11; Linux x86_64) AppleWebKit/537.36 (KHTML, like Gecko) Chrome/81.0.4044.129 Safari/537.36"
170.247.222.179 - better.sdtech [16/Mar/2026:03:45:19 +0545] "GET /wp-json/wp/v2/themes?status=active HTTP/1.1" 404 796 "-" "python-requests/2.32.3"
170.247.222.179 - better.sdtech [16/Mar/2026:03:45:22 +0545] "GET /wp-json/wp/v2/settings HTTP/1.1" 404 796 "-" "python-requests/2.32.3"
2a01:4f9:5a:1745::2 - - [16/Mar/2026:03:48:48 +0545] "POST /wp-admin/admin-ajax.php?action=async_litespeed&nonce=661b1bd860&litespeed_type=imgoptm HTTP/1.1" 200 5 "-" "WordPress/6.9.4; https://www.betterchitwan.com"
2a01:4f9:5a:1745::2 - - [16/Mar/2026:03:50:50 +0545] "POST /wp-cron.php?doing_wp_cron=1773612349.8818318843841552734375 HTTP/1.1" 200 0 "-" "WordPress/6.9.4; https://www.betterchitwan.com"
2a01:4f9:5a:1745::2 - - [16/Mar/2026:03:51:47 +0545] "POST /wp-cron.php?doing_wp_cron=1773612407.3788199424743652343750 HTTP/1.1" 200 0 "-" "WordPress/6.9.4; https://www.betterchitwan.com"
2a01:4f9:5a:1745::2 - - [16/Mar/2026:03:52:47 +0545] "POST /wp-cron.php?doing_wp_cron=1773612467.2705719470977783203125 HTTP/1.1" 200 0 "-" "WordPress/6.9.4; https://www.betterchitwan.com"
2a01:4f9:5a:1745::2 - - [16/Mar/2026:03:54:50 +0545] "POST /wp-cron.php?doing_wp_cron=1773612590.5133430957794189453125 HTTP/1.1" 200 0 "-" "WordPress/6.9.4; https://www.betterchitwan.com"
2a01:4f9:5a:1745::2 - - [16/Mar/2026:03:55:54 +0545] "POST /wp-admin/admin-ajax.php?action=async_litespeed&nonce=661b1bd860&litespeed_type=imgoptm HTTP/1.1" 200 5 "-" "WordPress/6.9.4; https://www.betterchitwan.com"
24.157.184.65 - - [16/Mar/2026:03:56:47 +0545] "POST /xmlrpc.php HTTP/1.1" 200 186 "-" "Mozilla/5.0 (Windows NT 6.3; x86) AppleWebKit/537.36 (KHTML, like Gecko) Firefox/95.0.0.0 Safari/537.36"
2a01:4f9:5a:1745::2 - - [16/Mar/2026:03:57:09 +0545] "POST /wp-admin/admin-ajax.php?action=async_litespeed&nonce=661b1bd860&litespeed_type=imgoptm HTTP/1.1" 200 5 "-" "WordPress/6.9.4; https://www.betterchitwan.com"
187.73.24.65 - - [16/Mar/2026:03:57:14 +0545] "GET / HTTP/1.1" 200 27007 "-" "Opera/8.84.(Windows NT 4.0; ar-SD) Presto/2.9.162 Version/10.00"
37.59.204.136 - - [16/Mar/2026:03:46:43 +0545] "GET /?sitemap36.xml HTTP/1.1" 301 0 "-" "Mozilla/5.0 (compatible; AhrefsBot/7.0; +http://ahrefs.com/robot/)"
2a01:4f9:5a:1745::2 - - [16/Mar/2026:03:47:48 +0545] "POST /wp-cron.php?doing_wp_cron=1773612168.4061861038208007812500 HTTP/1.1" 200 0 "-" "WordPress/6.9.4; https://www.betterchitwan.com"
2a01:4f9:5a:1745::2 - - [16/Mar/2026:03:57:08 +0545] "POST /wp-cron.php?doing_wp_cron=1773612728.4647250175476074218750 HTTP/1.1" 200 0 "-" "WordPress/6.9.4; https://www.betterchitwan.com"
2a01:4f9:5a:1745::2 - - [16/Mar/2026:03:45:12 +0545] "POST /wp-cron.php?doing_wp_cron=1773612012.5089941024780273437500 HTTP/1.1" 200 0 "-" "WordPress/6.9.4; https://www.betterchitwan.com"
170.247.222.179 - better.sdtech [16/Mar/2026:03:45:21 +0545] "GET /wp-json/wp/v2/templates?per_page=1&context=edit HTTP/1.1" 404 796 "-" "python-requests/2.32.3"
24.157.184.65 - - [16/Mar/2026:03:45:47 +0545] "POST /xmlrpc.php HTTP/1.1" 200 186 "-" "Mozilla/5.0 (Windows NT 6.2; x86) AppleWebKit/537.36 (KHTML, like Gecko) Edge/91.0.0.0 Safari/537.36"
114.119.131.235 - - [16/Mar/2026:03:45:48 +0545] "GET /events/category/youth-motivators-club-ymc/list/?tribe-bar-date=2025-04-18 HTTP/1.1" 404 796 "https://www.betterchitwan.com/events/category/youth-motivators-club-ymc/day/2025-04-18/" "Mozilla/5.0 (Linux; Android 7.0;) AppleWebKit/537.36 (KHTML, like Gecko) Mobile Safari/537.36 (compatible; PetalBot;+https://webmaster.petalsearch.com/site/petalbot)"
2a01:4f9:5a:1745::2 - - [16/Mar/2026:03:46:43 +0545] "POST /wp-cron.php?doing_wp_cron=1773612103.6466929912567138671875 HTTP/1.1" 200 0 "-" "WordPress/6.9.4; https://www.betterchitwan.com"
24.157.184.65 - - [16/Mar/2026:03:52:46 +0545] "POST /xmlrpc.php HTTP/1.1" 200 186 "-" "Mozilla/5.0 (Windows NT 10.0; x86) AppleWebKit/537.36 (KHTML, like Gecko) Chrome/107.0.0.0 Safari/537.36"
2a01:4f9:5a:1745::2 - - [16/Mar/2026:03:53:48 +0545] "POST /wp-admin/admin-ajax.php?action=async_litespeed&nonce=661b1bd860&litespeed_type=imgoptm HTTP/1.1" 200 5 "-" "WordPress/6.9.4; https://www.betterchitwan.com"
24.157.184.65 - - [16/Mar/2026:03:54:49 +0545] "POST /xmlrpc.php HTTP/1.1" 200 186 "-" "Mozilla/5.0 (Macintosh; Intel Mac OS X 10_15_7; x86) AppleWebKit/537.36 (KHTML, like Gecko) Opera/72.0.0.0 Safari/537.36"
194.32.120.40 - - [16/Mar/2026:03:57:11 +0545] "POST /xmlrpc.php HTTP/1.1" 200 3374 "-" "Mozilla/5.0 (X11; Linux x86_64) AppleWebKit/537.36 (KHTML, like Gecko) Chrome/81.0.4044.129 Safari/537.36"
170.247.222.179 - - [16/Mar/2026:03:45:11 +0545] "GET / HTTP/1.1" 301 0 "-" "python-requests/2.32.3"
2a01:4f9:5a:1745::2 - - [16/Mar/2026:03:46:44 +0545] "POST /wp-admin/admin-ajax.php?action=async_litespeed&nonce=661b1bd860&litespeed_type=imgoptm HTTP/1.1" 200 5 "-" "WordPress/6.9.4; https://www.betterchitwan.com"
2a01:4f9:5a:1745::2 - - [16/Mar/2026:03:46:47 +0545] "GET /wp-content/uploads/2019/11/divider.svg HTTP/1.1" 404 796 "-" "-"
37.59.204.136 - - [16/Mar/2026:03:46:46 +0545] "GET /?sitemap36_xml HTTP/1.1" 200 26969 "-" "Mozilla/5.0 (compatible; AhrefsBot/7.0; +http://ahrefs.com/robot/)"
