114.119.128.196 - - [16/Mar/2026:11:17:34 +0545] "GET /events/category/youthwan/list/?tribe-bar-date=2024-09-11&outlook-ical=1 HTTP/1.1" 404 796 "https://www.betterchitwan.com/events/category/youthwan/list?tribe-bar-date=2024-09-11" "Mozilla/5.0 (Linux; Android 7.0;) AppleWebKit/537.36 (KHTML, like Gecko) Mobile Safari/537.36 (compatible; PetalBot;+https://webmaster.petalsearch.com/site/petalbot)"
2a01:4f9:5a:1745::2 - - [16/Mar/2026:11:18:20 +0545] "POST /wp-admin/admin-ajax.php?action=async_litespeed&nonce=4ef15963e2&litespeed_type=imgoptm HTTP/1.1" 200 5 "-" "WordPress/6.9.4; https://www.betterchitwan.com"
156.146.61.41 - - [16/Mar/2026:11:20:39 +0545] "POST /xmlrpc.php HTTP/1.1" 200 106 "-" "Mozilla/5.0 (Windows NT 10.0) AppleWebKit/537.36 (KHTML, like Gecko) Chrome/114.0.0.0 Safari/537.36"
156.146.61.41 - - [16/Mar/2026:11:20:40 +0545] "POST /xmlrpc.php HTTP/1.1" 200 5474 "-" "Mozilla/5.0 (Windows NT 10.0) AppleWebKit/537.36 (KHTML, like Gecko) Chrome/114.0.0.0 Safari/537.36"
149.104.77.190 - - [16/Mar/2026:11:24:01 +0545] "POST /wp-login.php HTTP/1.1" 200 974 "https://www.betterchitwan.com/wp-admin/" "Mozilla/5.0 (Windows NT 10.0; Win64; x64) AppleWebKit/537.36 (KHTML, like Gecko) Chrome/90.0.4430.85 Safari/537.36"
2a01:4f9:5a:1745::2 - - [16/Mar/2026:11:24:04 +0545] "POST /wp-admin/admin-ajax.php?action=async_litespeed&nonce=4ef15963e2&litespeed_type=imgoptm HTTP/1.1" 200 5 "-" "WordPress/6.9.4; https://www.betterchitwan.com"
52.31.213.154 - - [16/Mar/2026:11:24:47 +0545] "POST /xmlrpc.php HTTP/1.1" 200 4118 "-" "Mozilla/5.0 (Windows NT 10.0; Win64; x64) AppleWebKit/537.36 (KHTML, like Gecko) Chrome/114.0.0.0 YaBrowser/22.7.0 Yowser/2.5 Safari/537.36"
114.119.138.172 - - [16/Mar/2026:11:26:33 +0545] "GET /events/category/youth-motivators-club-ymc/list?tribe-bar-date=2024-09-03&eventDisplay=past&ical=1 HTTP/1.1" 404 796 "-" "Mozilla/5.0 (Linux; Android 7.0;) AppleWebKit/537.36 (KHTML, like Gecko) Mobile Safari/537.36 (compatible; PetalBot;+https://webmaster.petalsearch.com/site/petalbot)"
114.119.131.235 - - [16/Mar/2026:11:28:08 +0545] "GET /events/category/youth-motivators-club-ymc/list/?tribe-bar-date=2026-03-29 HTTP/1.1" 404 796 "https://www.betterchitwan.com/events/category/youth-motivators-club-ymc/day/2026-03-29/" "Mozilla/5.0 (Linux; Android 7.0;) AppleWebKit/537.36 (KHTML, like Gecko) Mobile Safari/537.36 (compatible; PetalBot;+https://webmaster.petalsearch.com/site/petalbot)"
2a01:4f9:5a:1745::2 - - [16/Mar/2026:11:28:51 +0545] "POST /wp-admin/admin-ajax.php?action=async_litespeed&nonce=4ef15963e2&litespeed_type=imgoptm HTTP/1.1" 200 5 "-" "WordPress/6.9.4; https://www.betterchitwan.com"
114.119.145.188 - - [16/Mar/2026:11:31:34 +0545] "GET /events/category/youth-motivators-club-ymc/list/?tribe-bar-date=2026-01-21&ical=1 HTTP/1.1" 404 796 "https://www.betterchitwan.com/events/category/youth-motivators-club-ymc/list/?tribe-bar-date=2026-01-21" "Mozilla/5.0 (Linux; Android 7.0;) AppleWebKit/537.36 (KHTML, like Gecko) Mobile Safari/537.36 (compatible; PetalBot;+https://webmaster.petalsearch.com/site/petalbot)"
149.104.77.190 - - [16/Mar/2026:11:34:04 +0545] "POST /wp-login.php HTTP/1.1" 200 974 "https://www.betterchitwan.com/wp-admin/" "Mozilla/5.0 (Windows NT 10.0; Win64; x64) AppleWebKit/537.36 (KHTML, like Gecko) Chrome/90.0.4430.85 Safari/537.36"
149.104.77.190 - - [16/Mar/2026:11:34:05 +0545] "GET /wp-login.php?redirect_to=https%3A%2F%2Fwww.betterchitwan.com%2Fwp-admin%2F&reauth=1 HTTP/1.1" 200 1052 "www.google.com" "Mozilla/5.0 (Windows NT 10.0; Win64; x64) AppleWebKit/537.36 (KHTML, like Gecko) Chrome/90.0.4430.85 Safari/537.36"
2a01:4f9:5a:1745::2 - - [16/Mar/2026:11:20:38 +0545] "POST /wp-cron.php?doing_wp_cron=1773639338.8355379104614257812500 HTTP/1.1" 200 0 "-" "WordPress/6.9.4; https://www.betterchitwan.com"
52.31.213.154 - - [16/Mar/2026:11:24:44 +0545] "POST /xmlrpc.php HTTP/1.1" 200 3130 "-" "Mozilla/5.0 (Windows NT 10.0; Win64; x64) AppleWebKit/537.36 (KHTML, like Gecko) Chrome/114.0.0.0 YaBrowser/22.7.0 Yowser/2.5 Safari/537.36"
2a01:4f9:5a:1745::2 - - [16/Mar/2026:11:24:48 +0545] "POST /wp-cron.php?doing_wp_cron=1773639588.2413249015808105468750 HTTP/1.1" 200 0 "-" "WordPress/6.9.4; https://www.betterchitwan.com"
2a01:4f9:5a:1745::2 - - [16/Mar/2026:11:28:51 +0545] "POST /wp-cron.php?doing_wp_cron=1773639830.9692800045013427734375 HTTP/1.1" 200 0 "-" "WordPress/6.9.4; https://www.betterchitwan.com"
2a01:4f9:5a:1745::2 - - [16/Mar/2026:11:28:53 +0545] "GET /wp-content/uploads/2019/11/divider.svg HTTP/1.1" 404 796 "-" "-"
114.119.128.196 - - [16/Mar/2026:11:34:57 +0545] "GET /events/category/youth-motivators-club-ymc/list/?tribe-bar-date=2025-05-05 HTTP/1.1" 404 796 "https://www.betterchitwan.com/events/category/youth-motivators-club-ymc/list/?tribe-bar-date=2025-05-05" "Mozilla/5.0 (Linux; Android 7.0;) AppleWebKit/537.36 (KHTML, like Gecko) Mobile Safari/537.36 (compatible; PetalBot;+https://webmaster.petalsearch.com/site/petalbot)"
2a01:4f9:5a:1745::2 - - [16/Mar/2026:11:20:41 +0545] "POST /wp-cron.php?doing_wp_cron=1773639341.5640408992767333984375 HTTP/1.1" 200 0 "-" "WordPress/6.9.4; https://www.betterchitwan.com"
92.222.108.104 - - [16/Mar/2026:11:24:19 +0545] "GET /?sitemap665.xml HTTP/1.1" 301 0 "-" "Mozilla/5.0 (compatible; AhrefsBot/7.0; +http://ahrefs.com/robot/)"
2a01:4f9:5a:1745::2 - - [16/Mar/2026:11:24:22 +0545] "GET /wp-content/uploads/2019/11/divider.svg HTTP/1.1" 404 796 "-" "-"
43.131.243.61 - - [16/Mar/2026:11:31:28 +0545] "GET /onlajn-2026-goda-igrajte-bez-riskov-i-s-202/ HTTP/1.1" 404 796 "-" "Mozilla/5.0 (iPhone; CPU iPhone OS 13_2_3 like Mac OS X) AppleWebKit/605.1.15 (KHTML, like Gecko) Version/13.0.3 Mobile/15E148 Safari/604.1"
79.127.218.163 - - [16/Mar/2026:11:33:58 +0545] "POST /xmlrpc.php HTTP/1.1" 200 106 "-" "Mozilla/5.0 (Windows NT 10.0; Win64; x64) AppleWebKit/537.36 (KHTML, like Gecko) Chrome/116.0.0.0 Safari/537.36"
149.104.77.190 - - [16/Mar/2026:11:34:04 +0545] "GET /wp-admin/ HTTP/1.1" 302 0 "www.google.com" "Mozilla/5.0 (Windows NT 10.0; Win64; x64) AppleWebKit/537.36 (KHTML, like Gecko) Chrome/90.0.4430.85 Safari/537.36"
156.146.61.41 - - [16/Mar/2026:11:20:38 +0545] "POST /xmlrpc.php HTTP/1.1" 200 3130 "-" "Mozilla/5.0 (Windows NT 10.0) AppleWebKit/537.36 (KHTML, like Gecko) Chrome/114.0.0.0 Safari/537.36"
149.104.77.190 - - [16/Mar/2026:11:24:03 +0545] "GET /wp-login.php?redirect_to=https%3A%2F%2Fwww.betterchitwan.com%2Fwp-admin%2F&reauth=1 HTTP/1.1" 200 1052 "www.google.com" "Mozilla/5.0 (Windows NT 10.0; Win64; x64) AppleWebKit/537.36 (KHTML, like Gecko) Chrome/90.0.4430.85 Safari/537.36"
92.222.108.104 - - [16/Mar/2026:11:24:20 +0545] "GET /?sitemap665_xml HTTP/1.1" 200 27062 "-" "Mozilla/5.0 (compatible; AhrefsBot/7.0; +http://ahrefs.com/robot/)"
2a01:4f9:5a:1745::2 - - [16/Mar/2026:11:34:02 +0545] "POST /wp-admin/admin-ajax.php?action=async_litespeed&nonce=4ef15963e2&litespeed_type=imgoptm HTTP/1.1" 200 5 "-" "WordPress/6.9.4; https://www.betterchitwan.com"
2a01:4f9:5a:1745::2 - - [16/Mar/2026:11:20:39 +0545] "POST /wp-admin/admin-ajax.php?action=async_litespeed&nonce=4ef15963e2&litespeed_type=imgoptm HTTP/1.1" 200 5 "-" "WordPress/6.9.4; https://www.betterchitwan.com"
2a01:4f9:5a:1745::2 - - [16/Mar/2026:11:24:03 +0545] "POST /wp-cron.php?doing_wp_cron=1773639543.2697019577026367187500 HTTP/1.1" 200 0 "-" "WordPress/6.9.4; https://www.betterchitwan.com"
114.119.145.188 - - [16/Mar/2026:11:24:10 +0545] "GET /events/category/youthwan/2025-08?ical=1 HTTP/1.1" 404 796 "-" "Mozilla/5.0 (Linux; Android 7.0;) AppleWebKit/537.36 (KHTML, like Gecko) Mobile Safari/537.36 (compatible; PetalBot;+https://webmaster.petalsearch.com/site/petalbot)"
92.222.108.113 - - [16/Mar/2026:11:28:50 +0545] "GET /?sitemap36.xml HTTP/1.1" 301 0 "-" "Mozilla/5.0 (compatible; AhrefsBot/7.0; +http://ahrefs.com/robot/)"
92.222.108.113 - - [16/Mar/2026:11:28:51 +0545] "GET /?sitemap36_xml HTTP/1.1" 200 26888 "-" "Mozilla/5.0 (compatible; AhrefsBot/7.0; +http://ahrefs.com/robot/)"
79.127.218.163 - - [16/Mar/2026:11:33:56 +0545] "POST /xmlrpc.php HTTP/1.1" 200 3130 "-" "Mozilla/5.0 (Windows NT 10.0; Win64; x64) AppleWebKit/537.36 (KHTML, like Gecko) Chrome/116.0.0.0 Safari/537.36"
79.127.218.163 - - [16/Mar/2026:11:34:00 +0545] "POST /xmlrpc.php HTTP/1.1" 200 4225 "-" "Mozilla/5.0 (Windows NT 10.0; Win64; x64) AppleWebKit/537.36 (KHTML, like Gecko) Chrome/116.0.0.0 Safari/537.36"
114.119.129.33 - - [16/Mar/2026:11:21:28 +0545] "GET /events/category/youthwan/day/2024-09-05/?outlook-ical=1 HTTP/1.1" 404 796 "https://www.betterchitwan.com/events/category/youthwan/day/2024-09-05/" "Mozilla/5.0 (Linux; Android 7.0;) AppleWebKit/537.36 (KHTML, like Gecko) Mobile Safari/537.36 (compatible; PetalBot;+https://webmaster.petalsearch.com/site/petalbot)"
51.75.236.129 - - [16/Mar/2026:11:33:18 +0545] "GET /.lsrecap/recaptcha?tribe-bar-date=2023-09-01&outlook-ical=1 HTTP/1.1" 404 796 "-" "Mozilla/5.0 (compatible; AhrefsBot/7.0; +http://ahrefs.com/robot/)"
2a01:4f9:5a:1745::2 - - [16/Mar/2026:11:34:01 +0545] "POST /wp-cron.php?doing_wp_cron=1773640141.0505709648132324218750 HTTP/1.1" 200 0 "-" "WordPress/6.9.4; https://www.betterchitwan.com"
2a01:4f9:5a:1745::2 - - [16/Mar/2026:11:33:57 +0545] "POST /wp-cron.php?doing_wp_cron=1773640137.5218229293823242187500 HTTP/1.1" 200 0 "-" "WordPress/6.9.4; https://www.betterchitwan.com"
149.104.77.190 - - [16/Mar/2026:11:24:02 +0545] "GET /wp-admin/ HTTP/1.1" 302 0 "www.google.com" "Mozilla/5.0 (Windows NT 10.0; Win64; x64) AppleWebKit/537.36 (KHTML, like Gecko) Chrome/90.0.4430.85 Safari/537.36"
2a01:4f9:5a:1745::2 - - [16/Mar/2026:11:24:45 +0545] "POST /wp-cron.php?doing_wp_cron=1773639585.1751410961151123046875 HTTP/1.1" 200 0 "-" "WordPress/6.9.4; https://www.betterchitwan.com"
52.31.213.154 - - [16/Mar/2026:11:24:45 +0545] "POST /xmlrpc.php HTTP/1.1" 200 106 "-" "Mozilla/5.0 (Windows NT 10.0; Win64; x64) AppleWebKit/537.36 (KHTML, like Gecko) Chrome/114.0.0.0 YaBrowser/22.7.0 Yowser/2.5 Safari/537.36"
2a01:4f9:5a:1745::2 - - [16/Mar/2026:11:33:58 +0545] "POST /wp-admin/admin-ajax.php?action=async_litespeed&nonce=4ef15963e2&litespeed_type=imgoptm HTTP/1.1" 200 5 "-" "WordPress/6.9.4; https://www.betterchitwan.com"
114.119.145.188 - - [16/Mar/2026:11:38:12 +0545] "GET /events/category/youth-motivators-club-ymc/list/?tribe-bar-date=2025-04-01&outlook-ical=1 HTTP/1.1" 404 796 "https://www.betterchitwan.com/events/category/youth-motivators-club-ymc/list/?tribe-bar-date=2025-04-01" "Mozilla/5.0 (Linux; Android 7.0;) AppleWebKit/537.36 (KHTML, like Gecko) Mobile Safari/537.36 (compatible; PetalBot;+https://webmaster.petalsearch.com/site/petalbot)"
37.59.204.148 - - [16/Mar/2026:11:41:29 +0545] "GET /.lsrecap/recaptcha?tribe-bar-date=2027-09-30&eventDisplay=past HTTP/1.1" 404 796 "-" "Mozilla/5.0 (compatible; AhrefsBot/7.0; +http://ahrefs.com/robot/)"
2a01:4f9:5a:1745::2 - - [16/Mar/2026:11:48:02 +0545] "GET /wp-content/uploads/2019/11/divider.svg HTTP/1.1" 404 796 "-" "-"
46.105.39.49 - - [16/Mar/2026:11:48:00 +0545] "GET / HTTP/1.1" 200 26851 "-" "Mozilla/5.0 (compatible; MJ12bot/v2.0.5; http://mj12bot.com/)"
114.119.146.77 - - [16/Mar/2026:11:49:06 +0545] "GET /events/category/youth-motivators-club-ymc/list/?tribe-bar-date=2024-01-01 HTTP/1.1" 404 796 "https://www.betterchitwan.com/events/category/youth-motivators-club-ymc/list/?tribe-bar-date=2024-01-01" "Mozilla/5.0 (Linux; Android 7.0;) AppleWebKit/537.36 (KHTML, like Gecko) Mobile Safari/537.36 (compatible; PetalBot;+https://webmaster.petalsearch.com/site/petalbot)"
92.222.108.124 - - [16/Mar/2026:11:37:05 +0545] "GET /.lsrecap/recaptcha?tribe-bar-date=2026-09-20&outlook-ical=1 HTTP/1.1" 404 796 "-" "Mozilla/5.0 (compatible; AhrefsBot/7.0; +http://ahrefs.com/robot/)"
114.119.128.196 - - [16/Mar/2026:11:39:41 +0545] "GET /events/category/youth-motivators-club-ymc/list/?tribe-bar-date=2025-03-04&ical=1 HTTP/1.1" 404 796 "https://www.betterchitwan.com/events/category/youth-motivators-club-ymc/list/?tribe-bar-date=2025-03-04" "Mozilla/5.0 (Linux; Android 7.0;) AppleWebKit/537.36 (KHTML, like Gecko) Mobile Safari/537.36 (compatible; PetalBot;+https://webmaster.petalsearch.com/site/petalbot)"
104.248.135.47 - - [16/Mar/2026:11:44:34 +0545] "GET / HTTP/1.1" 401 53 "-" "Mozilla/5.0 (X11; Linux x86_64) AppleWebKit/537.36 (KHTML, like Gecko) Chrome/142.0.0.0 Safari/537.36"
51.68.247.222 - - [16/Mar/2026:11:53:01 +0545] "GET /.lsrecap/recaptcha?tribe-bar-date=2026-06-16&eventDisplay=past HTTP/1.1" 404 796 "-" "Mozilla/5.0 (compatible; AhrefsBot/7.0; +http://ahrefs.com/robot/)"
82.25.213.37 - - [16/Mar/2026:11:37:45 +0545] "POST /wp-login.php HTTP/1.1" 200 974 "-" "Mozilla/5.0 (Windows NT 10.0; Win64; x64; rv:135.0) Gecko/20100101 Firefox/135.0"
102.64.219.125 - - [16/Mar/2026:11:39:25 +0545] "POST /wp-login.php HTTP/1.1" 200 974 "-" "Python/3.13 aiohttp/3.13.3"
46.105.39.49 - - [16/Mar/2026:11:47:58 +0545] "GET / HTTP/1.1" 301 0 "-" "Mozilla/5.0 (compatible; MJ12bot/v2.0.5; http://mj12bot.com/)"
92.222.104.214 - - [16/Mar/2026:11:48:51 +0545] "GET /.lsrecap/recaptcha?tribe-bar-date=2031-01-14 HTTP/1.1" 404 796 "-" "Mozilla/5.0 (compatible; AhrefsBot/7.0; +http://ahrefs.com/robot/)"
104.248.135.47 - - [16/Mar/2026:11:44:34 +0545] "GET /favicon.ico HTTP/1.1" 401 53 "https://cpcalendars.betterchitwan.com/" "Mozilla/5.0 (X11; Linux x86_64) AppleWebKit/537.36 (KHTML, like Gecko) Chrome/142.0.0.0 Safari/537.36"
37.59.204.136 - - [16/Mar/2026:11:45:19 +0545] "GET /.lsrecap/recaptcha?tribe-bar-date=2032-01-06 HTTP/1.1" 404 796 "-" "Mozilla/5.0 (compatible; AhrefsBot/7.0; +http://ahrefs.com/robot/)"
2a01:4f9:5a:1745::2 - - [16/Mar/2026:11:48:00 +0545] "POST /wp-admin/admin-ajax.php?action=async_litespeed&nonce=4ef15963e2&litespeed_type=imgoptm HTTP/1.1" 200 5 "-" "WordPress/6.9.4; https://www.betterchitwan.com"
114.119.152.60 - - [16/Mar/2026:11:41:10 +0545] "GET /events/category/youth-motivators-club-ymc/list/?tribe-bar-date=2025-03-04&eventDisplay=past HTTP/1.1" 404 796 "https://www.betterchitwan.com/events/category/youth-motivators-club-ymc/list/?tribe-bar-date=2025-03-04" "Mozilla/5.0 (Linux; Android 7.0;) AppleWebKit/537.36 (KHTML, like Gecko) Mobile Safari/537.36 (compatible; PetalBot;+https://webmaster.petalsearch.com/site/petalbot)"
46.105.39.49 - - [16/Mar/2026:11:47:58 +0545] "GET /robots.txt HTTP/1.1" 304 0 "-" "Mozilla/5.0 (compatible; MJ12bot/v2.0.5; http://mj12bot.com/)"
2a01:4f9:5a:1745::2 - - [16/Mar/2026:11:47:59 +0545] "POST /wp-cron.php?doing_wp_cron=1773640979.4141869544982910156250 HTTP/1.1" 200 0 "-" "WordPress/6.9.4; https://www.betterchitwan.com"
170.124.123.29 - - [16/Mar/2026:11:39:26 +0545] "POST /wp-login.php HTTP/1.1" 200 974 "-" "Python/3.13 aiohttp/3.13.3"
40.77.167.55 - - [16/Mar/2026:11:45:36 +0545] "GET /wp-app/casino77bet HTTP/1.1" 404 796 "-" "Mozilla/5.0 AppleWebKit/537.36 (KHTML, like Gecko; compatible; bingbot/2.0; +http://www.bing.com/bingbot.htm) Chrome/116.0.1938.76 Safari/537.36"
52.167.144.217 - - [16/Mar/2026:11:45:42 +0545] "GET /events/category/better-chitwan-mini-library/day/2024-04-02/ HTTP/1.1" 404 796 "-" "Mozilla/5.0 AppleWebKit/537.36 (KHTML, like Gecko; compatible; bingbot/2.0; +http://www.bing.com/bingbot.htm) Chrome/116.0.1938.76 Safari/537.36"
114.119.136.5 - - [16/Mar/2026:11:46:32 +0545] "GET /events/category/youth-motivators-club-ymc/list/?tribe-bar-date=2024-06-26&eventDisplay=past HTTP/1.1" 404 796 "https://www.betterchitwan.com/events/category/youth-motivators-club-ymc/list/?tribe-bar-date=2024-06-26&eventDisplay=past" "Mozilla/5.0 (Linux; Android 7.0;) AppleWebKit/537.36 (KHTML, like Gecko) Mobile Safari/537.36 (compatible; PetalBot;+https://webmaster.petalsearch.com/site/petalbot)"
52.167.144.217 - - [16/Mar/2026:11:46:53 +0545] "GET /wp-casino/zing88 HTTP/1.1" 404 796 "-" "Mozilla/5.0 AppleWebKit/537.36 (KHTML, like Gecko; compatible; bingbot/2.0; +http://www.bing.com/bingbot.htm) Chrome/116.0.1938.76 Safari/537.36"
114.119.145.188 - - [16/Mar/2026:11:52:05 +0545] "GET /events/category/youth-motivators-club-ymc/day/2025-11-24/ HTTP/1.1" 404 796 "https://www.betterchitwan.com/events/category/youth-motivators-club-ymc/list/?tribe-bar-date=2025-11-24&eventDisplay=past" "Mozilla/5.0 (Linux; Android 7.0;) AppleWebKit/537.36 (KHTML, like Gecko) Mobile Safari/537.36 (compatible; PetalBot;+https://webmaster.petalsearch.com/site/petalbot)"
114.119.131.235 - - [16/Mar/2026:11:42:46 +0545] "GET /events/category/youth-motivators-club-ymc/list/?tribe-bar-date=2025-03-03&eventDisplay=past&ical=1 HTTP/1.1" 404 796 "https://www.betterchitwan.com/events/category/youth-motivators-club-ymc/list/?tribe-bar-date=2025-03-03&eventDisplay=past" "Mozilla/5.0 (Linux; Android 7.0;) AppleWebKit/537.36 (KHTML, like Gecko) Mobile Safari/537.36 (compatible; PetalBot;+https://webmaster.petalsearch.com/site/petalbot)"
114.119.146.77 - - [16/Mar/2026:11:47:23 +0545] "GET /events/category/youth-motivators-club-ymc/list/?tribe-bar-date=2024-03-01&outlook-ical=1 HTTP/1.1" 404 796 "https://www.betterchitwan.com/events/category/youth-motivators-club-ymc/list/?tribe-bar-date=2024-03-01&eventDisplay=past" "Mozilla/5.0 (Linux; Android 7.0;) AppleWebKit/537.36 (KHTML, like Gecko) Mobile Safari/537.36 (compatible; PetalBot;+https://webmaster.petalsearch.com/site/petalbot)"
2a01:4f9:5a:1745::2 - - [16/Mar/2026:11:47:59 +0545] "POST /wp-cron.php?doing_wp_cron=1773640979.7070488929748535156250 HTTP/1.1" 200 0 "-" "WordPress/6.9.4; https://www.betterchitwan.com"
43.157.170.13 - - [16/Mar/2026:11:40:54 +0545] "GET /kazino-oficialnyj-sajt-pin-up-casino-vhod-na-160/ HTTP/1.1" 404 796 "-" "Mozilla/5.0 (iPhone; CPU iPhone OS 13_2_3 like Mac OS X) AppleWebKit/605.1.15 (KHTML, like Gecko) Version/13.0.3 Mobile/15E148 Safari/604.1"
46.105.39.49 - - [16/Mar/2026:11:48:00 +0545] "GET /robots.txt HTTP/1.1" 304 0 "-" "Mozilla/5.0 (compatible; MJ12bot/v2.0.5; http://mj12bot.com/)"
89.80.225.179 - - [16/Mar/2026:11:48:40 +0545] "GET /wp-json/ HTTP/1.1" 404 796 "-" "Mozilla/5.0 (compatible; MSIE 5.0; Windows NT 4.0; Trident/4.1)"
114.119.136.5 - - [16/Mar/2026:11:56:23 +0545] "GET /events/category/youth-motivators-club-ymc/day/2025-04-25/ HTTP/1.1" 404 796 "https://www.betterchitwan.com/events/category/youth-motivators-club-ymc/list/?tribe-bar-date=2025-04-25&eventDisplay=past" "Mozilla/5.0 (Linux; Android 7.0;) AppleWebKit/537.36 (KHTML, like Gecko) Mobile Safari/537.36 (compatible; PetalBot;+https://webmaster.petalsearch.com/site/petalbot)"
94.23.188.192 - - [16/Mar/2026:11:59:18 +0545] "GET /.lsrecap/recaptcha?tribe-bar-date=2024-08-29&eventDisplay=past&ical=1 HTTP/1.1" 404 796 "-" "Mozilla/5.0 (compatible; AhrefsBot/7.0; +http://ahrefs.com/robot/)"
2a01:4f9:5a:1745::2 - - [16/Mar/2026:12:01:50 +0545] "POST /wp-cron.php?doing_wp_cron=1773641810.0227661132812500000000 HTTP/1.1" 200 0 "-" "WordPress/6.9.4; https://www.betterchitwan.com"
2a01:4f9:5a:1745::2 - - [16/Mar/2026:12:01:50 +0545] "POST /wp-admin/admin-ajax.php?action=async_litespeed&nonce=4ef15963e2&litespeed_type=imgoptm HTTP/1.1" 200 5 "-" "WordPress/6.9.4; https://www.betterchitwan.com"
109.178.126.156 - - [16/Mar/2026:12:07:56 +0545] "POST /xmlrpc.php HTTP/1.1" 200 186 "-" "Mozilla/5.0 (Windows NT 10.0; arm64) AppleWebKit/537.36 (KHTML, like Gecko) Edge/85.0.0.0 Safari/537.36"
92.222.108.120 - - [16/Mar/2026:11:55:58 +0545] "GET /.lsrecap/recaptcha?tribe-bar-date=2027-02-22&outlook-ical=1 HTTP/1.1" 404 796 "-" "Mozilla/5.0 (compatible; AhrefsBot/7.0; +http://ahrefs.com/robot/)"
109.178.126.156 - - [16/Mar/2026:11:57:33 +0545] "GET /wp-json/wp/v2/users HTTP/1.1" 404 796 "-" "Mozilla/4.0 (compatible; Win32; WinHttp.WinHttpRequest.5)"
2a01:4f9:5a:1745::2 - - [16/Mar/2026:12:02:54 +0545] "POST /wp-admin/admin-ajax.php?action=async_litespeed&nonce=4ef15963e2&litespeed_type=imgoptm HTTP/1.1" 200 5 "-" "WordPress/6.9.4; https://www.betterchitwan.com"
2a01:4f9:5a:1745::2 - - [16/Mar/2026:12:03:52 +0545] "POST /wp-cron.php?doing_wp_cron=1773641932.5358619689941406250000 HTTP/1.1" 200 0 "-" "WordPress/6.9.4; https://www.betterchitwan.com"
109.178.126.156 - - [16/Mar/2026:12:03:51 +0545] "POST /xmlrpc.php HTTP/1.1" 200 186 "-" "Mozilla/5.0 (Windows NT 6.3; x64) AppleWebKit/537.36 (KHTML, like Gecko) Chrome/90.0.0.0 Safari/537.36"
5.39.1.229 - - [16/Mar/2026:12:05:42 +0545] "GET /.lsrecap/recaptcha?tribe-bar-date=2027-04-27&eventDisplay=past HTTP/1.1" 404 796 "-" "Mozilla/5.0 (compatible; AhrefsBot/7.0; +http://ahrefs.com/robot/)"
203.23.179.35 - - [16/Mar/2026:12:06:34 +0545] "GET / HTTP/1.1" 200 12423 "-" "Mozilla/5.0 (Windows NT 10.0; Win64; x64) AppleWebKit/537.36 (KHTML, like Gecko) Chrome/96.0.4664.93 Safari/537.36"
2a01:4f9:5a:1745::2 - - [16/Mar/2026:12:06:59 +0545] "POST /wp-admin/admin-ajax.php?action=async_litespeed&nonce=4ef15963e2&litespeed_type=imgoptm HTTP/1.1" 200 5 "-" "WordPress/6.9.4; https://www.betterchitwan.com"
2a01:4f9:5a:1745::2 - - [16/Mar/2026:12:09:52 +0545] "POST /wp-cron.php?doing_wp_cron=1773642292.2948029041290283203125 HTTP/1.1" 200 0 "-" "WordPress/6.9.4; https://www.betterchitwan.com"
2a01:4f9:5a:1745::2 - - [16/Mar/2026:11:58:46 +0545] "POST /wp-admin/admin-ajax.php?action=async_litespeed&nonce=4ef15963e2&litespeed_type=imgoptm HTTP/1.1" 200 5 "-" "WordPress/6.9.4; https://www.betterchitwan.com"
114.119.131.235 - - [16/Mar/2026:12:00:07 +0545] "GET /events/category/youth-motivators-club-ymc/day/2024-12-29/?outlook-ical=1 HTTP/1.1" 404 796 "https://www.betterchitwan.com/events/category/youth-motivators-club-ymc/day/2024-12-29" "Mozilla/5.0 (Linux; Android 7.0;) AppleWebKit/537.36 (KHTML, like Gecko) Mobile Safari/537.36 (compatible; PetalBot;+https://webmaster.petalsearch.com/site/petalbot)"
109.178.126.156 - - [16/Mar/2026:12:00:54 +0545] "POST /xmlrpc.php HTTP/1.1" 200 186 "-" "Mozilla/5.0 (Windows NT 10.0; x86) AppleWebKit/537.36 (KHTML, like Gecko) Safari/10.0.0.0 Safari/537.36"
2a01:4f9:5a:1745::2 - - [16/Mar/2026:12:06:00 +0545] "POST /wp-admin/admin-ajax.php?action=async_litespeed&nonce=4ef15963e2&litespeed_type=imgoptm HTTP/1.1" 200 5 "-" "WordPress/6.9.4; https://www.betterchitwan.com"
149.104.77.190 - - [16/Mar/2026:12:07:31 +0545] "GET /wp-login.php?redirect_to=https%3A%2F%2Fwww.betterchitwan.com%2Fwp-admin%2F&reauth=1 HTTP/1.1" 200 1052 "www.google.com" "Mozilla/5.0 (Windows NT 10.0; Win64; x64) AppleWebKit/537.36 (KHTML, like Gecko) Chrome/90.0.4430.85 Safari/537.36"
93.158.213.26 - - [16/Mar/2026:12:08:43 +0545] "GET /robots.txt HTTP/1.1" 304 0 "-" "Mozilla/5.0 (compatible; MJ12bot/v1.4.8; http://mj12bot.com/)"
109.178.126.156 - - [16/Mar/2026:12:09:51 +0545] "POST /xmlrpc.php HTTP/1.1" 200 186 "-" "Mozilla/5.0 (Windows NT 10.0; x86) AppleWebKit/537.36 (KHTML, like Gecko) Edge/99.0.0.0 Safari/537.36"
2a01:4f9:5a:1745::2 - - [16/Mar/2026:11:59:56 +0545] "POST /wp-admin/admin-ajax.php?action=async_litespeed&nonce=4ef15963e2&litespeed_type=imgoptm HTTP/1.1" 200 5 "-" "WordPress/6.9.4; https://www.betterchitwan.com"
2a01:4f9:5a:1745::2 - - [16/Mar/2026:12:00:55 +0545] "POST /wp-cron.php?doing_wp_cron=1773641755.1704969406127929687500 HTTP/1.1" 200 0 "-" "WordPress/6.9.4; https://www.betterchitwan.com"
2a01:4f9:5a:1745::2 - - [16/Mar/2026:12:02:53 +0545] "POST /wp-cron.php?doing_wp_cron=1773641873.4109060764312744140625 HTTP/1.1" 200 0 "-" "WordPress/6.9.4; https://www.betterchitwan.com"
149.104.77.190 - - [16/Mar/2026:12:07:13 +0545] "POST /wp-login.php HTTP/1.1" 200 974 "https://www.betterchitwan.com/wp-admin/" "Mozilla/5.0 (Windows NT 10.0; Win64; x64) AppleWebKit/537.36 (KHTML, like Gecko) Chrome/90.0.4430.85 Safari/537.36"
109.178.126.156 - - [16/Mar/2026:12:08:55 +0545] "POST /xmlrpc.php HTTP/1.1" 200 186 "-" "Mozilla/5.0 (X11; Ubuntu; Linux x86_64; x64) AppleWebKit/537.36 (KHTML, like Gecko) Safari/11.0.0.0 Safari/537.36"
114.119.128.196 - - [16/Mar/2026:12:02:08 +0545] "GET /events/category/youth-motivators-club-ymc/day/2024-11-11/ HTTP/1.1" 404 796 "https://www.betterchitwan.com/events/category/youth-motivators-club-ymc/day/2024-11-10/" "Mozilla/5.0 (Linux; Android 7.0;) AppleWebKit/537.36 (KHTML, like Gecko) Mobile Safari/537.36 (compatible; PetalBot;+https://webmaster.petalsearch.com/site/petalbot)"
109.178.126.156 - - [16/Mar/2026:12:02:52 +0545] "POST /xmlrpc.php HTTP/1.1" 200 186 "-" "Mozilla/5.0 (X11; Ubuntu; Linux x86_64; x86) AppleWebKit/537.36 (KHTML, like Gecko) Edge/82.0.0.0 Safari/537.36"
114.119.131.235 - - [16/Mar/2026:12:03:00 +0545] "GET /events/category/youth-motivators-club-ymc/day/2024-08-05/?ical=1 HTTP/1.1" 404 796 "https://www.betterchitwan.com/events/category/youth-motivators-club-ymc/day/2024-08-05/" "Mozilla/5.0 (Linux; Android 7.0;) AppleWebKit/537.36 (KHTML, like Gecko) Mobile Safari/537.36 (compatible; PetalBot;+https://webmaster.petalsearch.com/site/petalbot)"
2a01:4f9:5a:1745::2 - - [16/Mar/2026:12:04:54 +0545] "POST /wp-admin/admin-ajax.php?action=async_litespeed&nonce=4ef15963e2&litespeed_type=imgoptm HTTP/1.1" 200 5 "-" "WordPress/6.9.4; https://www.betterchitwan.com"
2a01:4f9:5a:1745::2 - - [16/Mar/2026:12:06:58 +0545] "POST /wp-cron.php?doing_wp_cron=1773642118.3960330486297607421875 HTTP/1.1" 200 0 "-" "WordPress/6.9.4; https://www.betterchitwan.com"
149.104.77.190 - - [16/Mar/2026:12:07:13 +0545] "GET /wp-admin/ HTTP/1.1" 302 0 "www.google.com" "Mozilla/5.0 (Windows NT 10.0; Win64; x64) AppleWebKit/537.36 (KHTML, like Gecko) Chrome/90.0.4430.85 Safari/537.36"
2a01:4f9:5a:1745::2 - - [16/Mar/2026:12:07:57 +0545] "POST /wp-cron.php?doing_wp_cron=1773642177.0688240528106689453125 HTTP/1.1" 200 0 "-" "WordPress/6.9.4; https://www.betterchitwan.com"
114.119.136.5 - - [16/Mar/2026:12:08:35 +0545] "GET /events/category/wow-women/list?tribe-bar-date=2025-01-11 HTTP/1.1" 404 796 "-" "Mozilla/5.0 (Linux; Android 7.0;) AppleWebKit/537.36 (KHTML, like Gecko) Mobile Safari/537.36 (compatible; PetalBot;+https://webmaster.petalsearch.com/site/petalbot)"
2a01:4f9:5a:1745::2 - - [16/Mar/2026:12:08:56 +0545] "POST /wp-cron.php?doing_wp_cron=1773642236.2851281166076660156250 HTTP/1.1" 200 0 "-" "WordPress/6.9.4; https://www.betterchitwan.com"
114.119.152.60 - - [16/Mar/2026:11:55:04 +0545] "GET /events/category/youth-motivators-club-ymc/day/2025-05-30?outlook-ical=1 HTTP/1.1" 404 796 "-" "Mozilla/5.0 (Linux; Android 7.0;) AppleWebKit/537.36 (KHTML, like Gecko) Mobile Safari/537.36 (compatible; PetalBot;+https://webmaster.petalsearch.com/site/petalbot)"
109.178.126.156 - - [16/Mar/2026:11:59:54 +0545] "POST /xmlrpc.php HTTP/1.1" 200 186 "-" "Mozilla/5.0 (Windows NT 10.0; x64) AppleWebKit/537.36 (KHTML, like Gecko) Safari/14.0.0.0 Safari/537.36"
109.178.126.156 - - [16/Mar/2026:12:01:49 +0545] "POST /xmlrpc.php HTTP/1.1" 200 186 "-" "Mozilla/5.0 (Windows NT 6.2; arm64) AppleWebKit/537.36 (KHTML, like Gecko) Edge/85.0.0.0 Safari/537.36"
203.23.179.35 - - [16/Mar/2026:12:06:35 +0545] "POST /login/?login_only=1 HTTP/1.1" 401 38 "https://webmail.betterchitwan.com/" "Mozilla/5.0 (Windows NT 10.0; Win64; x64) AppleWebKit/537.36 (KHTML, like Gecko) Chrome/96.0.4664.93 Safari/537.36"
51.68.247.204 - - [16/Mar/2026:12:08:45 +0545] "GET /.lsrecap/recaptcha?tribe-bar-date=2025-01-11&outlook-ical=1 HTTP/1.1" 404 796 "-" "Mozilla/5.0 (compatible; AhrefsBot/7.0; +http://ahrefs.com/robot/)"
2a01:4f9:5a:1745::2 - - [16/Mar/2026:12:08:57 +0545] "POST /wp-admin/admin-ajax.php?action=async_litespeed&nonce=4ef15963e2&litespeed_type=imgoptm HTTP/1.1" 200 5 "-" "WordPress/6.9.4; https://www.betterchitwan.com"
114.119.145.188 - - [16/Mar/2026:11:57:50 +0545] "GET /events/category/youth-motivators-club-ymc/day/2025-02-02/?outlook-ical=1 HTTP/1.1" 404 796 "https://www.betterchitwan.com/events/category/youth-motivators-club-ymc/day/2025-02-02/" "Mozilla/5.0 (Linux; Android 7.0;) AppleWebKit/537.36 (KHTML, like Gecko) Mobile Safari/537.36 (compatible; PetalBot;+https://webmaster.petalsearch.com/site/petalbot)"
2a01:4f9:5a:1745::2 - - [16/Mar/2026:11:58:45 +0545] "POST /wp-cron.php?doing_wp_cron=1773641625.4194509983062744140625 HTTP/1.1" 200 0 "-" "WordPress/6.9.4; https://www.betterchitwan.com"
109.178.126.156 - - [16/Mar/2026:11:58:44 +0545] "POST /xmlrpc.php HTTP/1.1" 200 186 "-" "Mozilla/5.0 (Windows NT 6.2; x86) AppleWebKit/537.36 (KHTML, like Gecko) Edge/92.0.0.0 Safari/537.36"
114.119.131.235 - - [16/Mar/2026:11:59:24 +0545] "GET /events/category/youth-motivators-club-ymc/day/2025-01-03/?outlook-ical=1 HTTP/1.1" 404 796 "https://www.betterchitwan.com/events/category/youth-motivators-club-ymc/day/2025-01-03/" "Mozilla/5.0 (Linux; Android 7.0;) AppleWebKit/537.36 (KHTML, like Gecko) Mobile Safari/537.36 (compatible; PetalBot;+https://webmaster.petalsearch.com/site/petalbot)"
2a01:4f9:5a:1745::2 - - [16/Mar/2026:11:59:55 +0545] "POST /wp-cron.php?doing_wp_cron=1773641695.3212521076202392578125 HTTP/1.1" 200 0 "-" "WordPress/6.9.4; https://www.betterchitwan.com"
74.7.241.177 - - [16/Mar/2026:12:00:30 +0545] "GET /robots.txt HTTP/1.1" 401 53 "-" "Mozilla/5.0 (Macintosh; Intel Mac OS X 10_15_7) AppleWebKit/537.36 (KHTML, like Gecko) Chrome/131.0.0.0 Safari/537.36; compatible; OAI-SearchBot/1.3; robots.txt; +https://openai.com/searchbot"
51.68.247.209 - - [16/Mar/2026:12:02:43 +0545] "GET /.lsrecap/recaptcha?tribe-bar-date=2026-02-11&outlook-ical=1 HTTP/1.1" 404 796 "-" "Mozilla/5.0 (compatible; AhrefsBot/7.0; +http://ahrefs.com/robot/)"
109.178.126.156 - - [16/Mar/2026:12:04:53 +0545] "POST /xmlrpc.php HTTP/1.1" 200 186 "-" "Mozilla/5.0 (Windows NT 6.2; x64) AppleWebKit/537.36 (KHTML, like Gecko) Chrome/110.0.0.0 Safari/537.36"
109.178.126.156 - - [16/Mar/2026:12:05:58 +0545] "POST /xmlrpc.php HTTP/1.1" 200 186 "-" "Mozilla/5.0 (Linux; Android 10; x86) AppleWebKit/537.36 (KHTML, like Gecko) Opera/70.0.0.0 Safari/537.36"
109.178.126.156 - - [16/Mar/2026:12:06:57 +0545] "POST /xmlrpc.php HTTP/1.1" 200 186 "-" "Mozilla/5.0 (Macintosh; Intel Mac OS X 10_15_7; arm64) AppleWebKit/537.36 (KHTML, like Gecko) Chrome/93.0.0.0 Safari/537.36"
2a01:4f9:5a:1745::2 - - [16/Mar/2026:12:07:14 +0545] "POST /wp-cron.php?doing_wp_cron=1773642134.1127419471740722656250 HTTP/1.1" 200 0 "-" "WordPress/6.9.4; https://www.betterchitwan.com"
149.104.77.190 - - [16/Mar/2026:12:07:14 +0545] "GET /wp-login.php?redirect_to=https%3A%2F%2Fwww.betterchitwan.com%2Fwp-admin%2F&reauth=1 HTTP/1.1" 200 1052 "www.google.com" "Mozilla/5.0 (Windows NT 10.0; Win64; x64) AppleWebKit/537.36 (KHTML, like Gecko) Chrome/90.0.4430.85 Safari/537.36"
149.104.77.190 - - [16/Mar/2026:12:07:14 +0545] "POST /wp-login.php HTTP/1.1" 200 974 "https://www.betterchitwan.com/wp-admin/" "Mozilla/5.0 (Windows NT 10.0; Win64; x64) AppleWebKit/537.36 (KHTML, like Gecko) Chrome/90.0.4430.85 Safari/537.36"
149.104.77.190 - - [16/Mar/2026:12:07:30 +0545] "GET /wp-admin/ HTTP/1.1" 302 0 "www.google.com" "Mozilla/5.0 (Windows NT 10.0; Win64; x64) AppleWebKit/537.36 (KHTML, like Gecko) Chrome/90.0.4430.85 Safari/537.36"
93.158.213.26 - - [16/Mar/2026:12:08:45 +0545] "GET /%E0%A4%AF%E0%A5%81%E0%A4%B5%E0%A4%BE-%E0%A4%A6%E0%A4%BF%E0%A4%B5%E0%A4%B8%E0%A4%AE%E0%A4%BE-%E0%A4%AC%E0%A5%87%E0%A4%9F%E0%A4%B0-%E0%A4%9A%E0%A4%BF%E0%A4%A4%E0%A4%B5%E0%A4%A8%E0%A4%95%E0%A5%8B/ HTTP/1.1" 404 796 "-" "Mozilla/5.0 (compatible; MJ12bot/v1.4.8; http://mj12bot.com/)"
2a01:4f9:5a:1745::2 - - [16/Mar/2026:12:09:53 +0545] "POST /wp-admin/admin-ajax.php?action=async_litespeed&nonce=4ef15963e2&litespeed_type=imgoptm HTTP/1.1" 200 5 "-" "WordPress/6.9.4; https://www.betterchitwan.com"
2a01:4f9:5a:1745::2 - - [16/Mar/2026:12:00:55 +0545] "POST /wp-admin/admin-ajax.php?action=async_litespeed&nonce=4ef15963e2&litespeed_type=imgoptm HTTP/1.1" 200 5 "-" "WordPress/6.9.4; https://www.betterchitwan.com"
2a01:4f9:5a:1745::2 - - [16/Mar/2026:12:03:53 +0545] "POST /wp-admin/admin-ajax.php?action=async_litespeed&nonce=4ef15963e2&litespeed_type=imgoptm HTTP/1.1" 200 5 "-" "WordPress/6.9.4; https://www.betterchitwan.com"
2a01:4f9:5a:1745::2 - - [16/Mar/2026:12:04:54 +0545] "POST /wp-cron.php?doing_wp_cron=1773641994.1618020534515380859375 HTTP/1.1" 200 0 "-" "WordPress/6.9.4; https://www.betterchitwan.com"
2a01:4f9:5a:1745::2 - - [16/Mar/2026:12:05:59 +0545] "POST /wp-cron.php?doing_wp_cron=1773642059.3354818820953369140625 HTTP/1.1" 200 0 "-" "WordPress/6.9.4; https://www.betterchitwan.com"
2a01:4f9:5a:1745::2 - - [16/Mar/2026:12:07:15 +0545] "POST /wp-admin/admin-ajax.php?action=async_litespeed&nonce=4ef15963e2&litespeed_type=imgoptm HTTP/1.1" 200 5 "-" "WordPress/6.9.4; https://www.betterchitwan.com"
109.178.126.156 - - [16/Mar/2026:12:11:55 +0545] "POST /xmlrpc.php HTTP/1.1" 200 186 "-" "Mozilla/5.0 (Windows NT 6.3; arm64) AppleWebKit/537.36 (KHTML, like Gecko) Safari/14.0.0.0 Safari/537.36"
103.219.169.168 - - [16/Mar/2026:12:14:39 +0545] "POST /xmlrpc.php HTTP/1.1" 200 108 "-" "Mozilla/5.0 (Windows NT 10.0; Win64; x64) AppleWebKit/537.36 (KHTML, like Gecko) Chrome/114.0.0.0 Safari/537.36"
109.178.126.156 - - [16/Mar/2026:12:14:57 +0545] "POST /xmlrpc.php HTTP/1.1" 200 186 "-" "Mozilla/5.0 (Macintosh; Intel Mac OS X 10_15_7; arm64) AppleWebKit/537.36 (KHTML, like Gecko) Chrome/87.0.0.0 Safari/537.36"
109.178.126.156 - - [16/Mar/2026:12:17:54 +0545] "POST /xmlrpc.php HTTP/1.1" 200 186 "-" "Mozilla/5.0 (Macintosh; Intel Mac OS X 10_15_7; x64) AppleWebKit/537.36 (KHTML, like Gecko) Chrome/95.0.0.0 Safari/537.36"
109.178.126.156 - - [16/Mar/2026:12:20:53 +0545] "POST /xmlrpc.php HTTP/1.1" 200 186 "-" "Mozilla/5.0 (Windows NT 6.2; x64) AppleWebKit/537.36 (KHTML, like Gecko) Firefox/74.0.0.0 Safari/537.36"
2a01:4f9:5a:1745::2 - - [16/Mar/2026:12:21:57 +0545] "POST /wp-cron.php?doing_wp_cron=1773643017.0582621097564697265625 HTTP/1.1" 200 0 "-" "WordPress/6.9.4; https://www.betterchitwan.com"
159.203.6.112 - - [16/Mar/2026:12:26:57 +0545] "GET /wp-content/plugins/Core-Econ/upH.php HTTP/1.1" 404 796 "-" "Mozlila/5.0 (Linux; Android 7.0; SM-G892A Bulid/NRD90M; wv) AppleWebKit/537.36 (KHTML, like Gecko) Version/4.0 Chrome/60.0.3112.107 Moblie Safari/537.36"
2a01:4f9:5a:1745::2 - - [16/Mar/2026:12:27:07 +0545] "POST /wp-cron.php?doing_wp_cron=1773643327.4076099395751953125000 HTTP/1.1" 200 0 "-" "WordPress/6.9.4; https://www.betterchitwan.com"
2a01:4f9:5a:1745::2 - - [16/Mar/2026:12:10:58 +0545] "POST /wp-cron.php?doing_wp_cron=1773642358.1900899410247802734375 HTTP/1.1" 200 0 "-" "WordPress/6.9.4; https://www.betterchitwan.com"
103.219.169.168 - - [16/Mar/2026:12:14:51 +0545] "POST /xmlrpc.php HTTP/1.1" 200 100 "-" "Mozilla/5.0 (Windows NT 10.0; Win64; x64) AppleWebKit/537.36 (KHTML, like Gecko) Chrome/114.0.0.0 Safari/537.36"
109.178.126.156 - - [16/Mar/2026:12:15:55 +0545] "POST /xmlrpc.php HTTP/1.1" 200 186 "-" "Mozilla/5.0 (Macintosh; Intel Mac OS X 10_15_7; x86) AppleWebKit/537.36 (KHTML, like Gecko) Edge/81.0.0.0 Safari/537.36"
2a01:4f9:5a:1745::2 - - [16/Mar/2026:12:17:00 +0545] "POST /wp-admin/admin-ajax.php?action=async_litespeed&nonce=4ef15963e2&litespeed_type=imgoptm HTTP/1.1" 200 5 "-" "WordPress/6.9.4; https://www.betterchitwan.com"
114.119.138.172 - - [16/Mar/2026:12:18:46 +0545] "GET /events/category/wow-women/list/?tribe-bar-date=2024-10-27&eventDisplay=past&ical=1 HTTP/1.1" 404 796 "https://www.betterchitwan.com/events/category/wow-women/list/?tribe-bar-date=2024-10-27&eventDisplay=past" "Mozilla/5.0 (Linux; Android 7.0;) AppleWebKit/537.36 (KHTML, like Gecko) Mobile Safari/537.36 (compatible; PetalBot;+https://webmaster.petalsearch.com/site/petalbot)"
94.23.188.214 - - [16/Mar/2026:12:24:35 +0545] "GET /.lsrecap/recaptcha?tribe-bar-date=2023-06-05&eventDisplay=past HTTP/1.1" 404 796 "-" "Mozilla/5.0 (compatible; AhrefsBot/7.0; +http://ahrefs.com/robot/)"
2a01:4f9:5a:1745::2 - - [16/Mar/2026:12:26:00 +0545] "POST /wp-cron.php?doing_wp_cron=1773643259.8861789703369140625000 HTTP/1.1" 200 0 "-" "WordPress/6.9.4; https://www.betterchitwan.com"
159.203.6.112 - - [16/Mar/2026:12:27:06 +0545] "GET /index/function.php HTTP/1.1" 404 796 "-" "Mozlila/5.0 (Linux; Android 7.0; SM-G892A Bulid/NRD90M; wv) AppleWebKit/537.36 (KHTML, like Gecko) Version/4.0 Chrome/60.0.3112.107 Moblie Safari/537.36"
159.203.6.112 - - [16/Mar/2026:12:27:13 +0545] "GET /wp-content/plugins/pwnd/dropdown.php HTTP/1.1" 404 796 "-" "Mozlila/5.0 (Linux; Android 7.0; SM-G892A Bulid/NRD90M; wv) AppleWebKit/537.36 (KHTML, like Gecko) Version/4.0 Chrome/60.0.3112.107 Moblie Safari/537.36"
109.178.126.156 - - [16/Mar/2026:12:28:00 +0545] "POST /xmlrpc.php HTTP/1.1" 200 186 "-" "Mozilla/5.0 (Windows NT 6.2; x86) AppleWebKit/537.36 (KHTML, like Gecko) Opera/74.0.0.0 Safari/537.36"
2a01:4f9:5a:1745::2 - - [16/Mar/2026:12:10:59 +0545] "POST /wp-admin/admin-ajax.php?action=async_litespeed&nonce=4ef15963e2&litespeed_type=imgoptm HTTP/1.1" 200 5 "-" "WordPress/6.9.4; https://www.betterchitwan.com"
51.75.236.135 - - [16/Mar/2026:12:12:01 +0545] "GET /.lsrecap/recaptcha?tribe-bar-date=2026-09-25&eventDisplay=past HTTP/1.1" 404 796 "-" "Mozilla/5.0 (compatible; AhrefsBot/7.0; +http://ahrefs.com/robot/)"
2a01:4f9:5a:1745::2 - - [16/Mar/2026:12:12:58 +0545] "POST /wp-cron.php?doing_wp_cron=1773642478.1467919349670410156250 HTTP/1.1" 200 0 "-" "WordPress/6.9.4; https://www.betterchitwan.com"
2a01:4f9:5a:1745::2 - - [16/Mar/2026:12:12:58 +0545] "POST /wp-admin/admin-ajax.php?action=async_litespeed&nonce=4ef15963e2&litespeed_type=imgoptm HTTP/1.1" 200 5 "-" "WordPress/6.9.4; https://www.betterchitwan.com"
217.76.58.119 - - [16/Mar/2026:12:13:42 +0545] "GET /administrator/ HTTP/1.1" 404 796 "-" "Mozilla/5.0 (Windows NT 10.0; Win64; x64) Gecko/20100101 Firefox/119.0.1"
109.178.126.156 - - [16/Mar/2026:12:18:56 +0545] "POST /xmlrpc.php HTTP/1.1" 200 186 "-" "Mozilla/5.0 (X11; Ubuntu; Linux x86_64; x64) AppleWebKit/537.36 (KHTML, like Gecko) Opera/74.0.0.0 Safari/537.36"
2a01:4f9:5a:1745::2 - - [16/Mar/2026:12:22:54 +0545] "POST /wp-cron.php?doing_wp_cron=1773643074.1635370254516601562500 HTTP/1.1" 200 0 "-" "WordPress/6.9.4; https://www.betterchitwan.com"
74.7.228.27 - - [16/Mar/2026:12:23:39 +0545] "GET /robots.txt HTTP/1.1" 401 53 "-" "Mozilla/5.0 (Macintosh; Intel Mac OS X 10_15_7) AppleWebKit/537.36 (KHTML, like Gecko) Chrome/131.0.0.0 Safari/537.36; compatible; OAI-SearchBot/1.3; robots.txt; +https://openai.com/searchbot"
2a01:4f9:5a:1745::2 - - [16/Mar/2026:12:24:06 +0545] "POST /wp-admin/admin-ajax.php?action=async_litespeed&nonce=4ef15963e2&litespeed_type=imgoptm HTTP/1.1" 200 5 "-" "WordPress/6.9.4; https://www.betterchitwan.com"
109.178.126.156 - - [16/Mar/2026:12:24:56 +0545] "POST /xmlrpc.php HTTP/1.1" 200 186 "-" "Mozilla/5.0 (Linux; Android 10; x86) AppleWebKit/537.36 (KHTML, like Gecko) Chrome/85.0.0.0 Safari/537.36"
159.203.6.112 - - [16/Mar/2026:12:26:53 +0545] "GET /wp-content/plugins/dhon/newsfeed.php HTTP/1.1" 404 796 "-" "Mozlila/5.0 (Linux; Android 7.0; SM-G892A Bulid/NRD90M; wv) AppleWebKit/537.36 (KHTML, like Gecko) Version/4.0 Chrome/60.0.3112.107 Moblie Safari/537.36"
109.178.126.156 - - [16/Mar/2026:12:26:55 +0545] "POST /xmlrpc.php HTTP/1.1" 200 186 "-" "Mozilla/5.0 (Linux; Android 10; arm64) AppleWebKit/537.36 (KHTML, like Gecko) Opera/76.0.0.0 Safari/537.36"
159.203.6.112 - - [16/Mar/2026:12:26:58 +0545] "GET /wp-content/plugins/phpadmin/acp.php HTTP/1.1" 404 796 "-" "Mozlila/5.0 (Linux; Android 7.0; SM-G892A Bulid/NRD90M; wv) AppleWebKit/537.36 (KHTML, like Gecko) Version/4.0 Chrome/60.0.3112.107 Moblie Safari/537.36"
159.203.6.112 - - [16/Mar/2026:12:27:09 +0545] "GET /wp-includes/about.php HTTP/1.1" 404 796 "-" "Mozlila/5.0 (Linux; Android 7.0; SM-G892A Bulid/NRD90M; wv) AppleWebKit/537.36 (KHTML, like Gecko) Version/4.0 Chrome/60.0.3112.107 Moblie Safari/537.36"
2a01:4f9:5a:1745::2 - - [16/Mar/2026:12:13:51 +0545] "POST /wp-cron.php?doing_wp_cron=1773642530.9388909339904785156250 HTTP/1.1" 200 0 "-" "WordPress/6.9.4; https://www.betterchitwan.com"
103.219.169.168 - - [16/Mar/2026:12:14:46 +0545] "POST /xmlrpc.php HTTP/1.1" 200 5583 "-" "Mozilla/5.0 (Windows NT 10.0; Win64; x64) AppleWebKit/537.36 (KHTML, like Gecko) Chrome/114.0.0.0 Safari/537.36"
192.178.6.64 - - [16/Mar/2026:12:20:27 +0545] "GET /events/tag/monthly-meeting-3/list/?tribe-bar-date=2023-05-06&eventDisplay=past HTTP/1.1" 404 796 "-" "Mozilla/5.0 (Linux; Android 6.0.1; Nexus 5X Build/MMB29P) AppleWebKit/537.36 (KHTML, like Gecko) Chrome/145.0.7632.116 Mobile Safari/537.36 (compatible; Googlebot/2.1; +http://www.google.com/bot.html)"
2a01:4f9:5a:1745::2 - - [16/Mar/2026:12:21:57 +0545] "POST /wp-admin/admin-ajax.php?action=async_litespeed&nonce=4ef15963e2&litespeed_type=imgoptm HTTP/1.1" 200 5 "-" "WordPress/6.9.4; https://www.betterchitwan.com"
2a01:4f9:5a:1745::2 - - [16/Mar/2026:12:24:57 +0545] "POST /wp-cron.php?doing_wp_cron=1773643196.9169719219207763671875 HTTP/1.1" 200 0 "-" "WordPress/6.9.4; https://www.betterchitwan.com"
159.203.6.112 - - [16/Mar/2026:12:27:02 +0545] "GET /wp-includes/js/jcrop/Jcrop.php HTTP/1.1" 404 796 "-" "Mozlila/5.0 (Linux; Android 7.0; SM-G892A Bulid/NRD90M; wv) AppleWebKit/537.36 (KHTML, like Gecko) Version/4.0 Chrome/60.0.3112.107 Moblie Safari/537.36"
94.23.188.201 - - [16/Mar/2026:12:27:11 +0545] "GET /.lsrecap/recaptcha?tribe-bar-date=2026-02-11&eventDisplay=past HTTP/1.1" 404 796 "-" "Mozilla/5.0 (compatible; AhrefsBot/7.0; +http://ahrefs.com/robot/)"
2a01:4f9:5a:1745::2 - - [16/Mar/2026:12:28:02 +0545] "POST /wp-admin/admin-ajax.php?action=async_litespeed&nonce=4ef15963e2&litespeed_type=imgoptm HTTP/1.1" 200 5 "-" "WordPress/6.9.4; https://www.betterchitwan.com"
109.178.126.156 - - [16/Mar/2026:12:12:57 +0545] "POST /xmlrpc.php HTTP/1.1" 200 186 "-" "Mozilla/5.0 (X11; Ubuntu; Linux x86_64; arm64) AppleWebKit/537.36 (KHTML, like Gecko) Chrome/101.0.0.0 Safari/537.36"
217.76.58.119 - - [16/Mar/2026:12:13:41 +0545] "GET /wp-login.php HTTP/1.1" 200 974 "-" "Mozilla/5.0 (X11; Linux x86_64) Gecko/20100101 Firefox/121.0"
109.178.126.156 - - [16/Mar/2026:12:13:50 +0545] "POST /xmlrpc.php HTTP/1.1" 200 186 "-" "Mozilla/5.0 (X11; Ubuntu; Linux x86_64; x86) AppleWebKit/537.36 (KHTML, like Gecko) Opera/80.0.0.0 Safari/537.36"
2a01:4f9:5a:1745::2 - - [16/Mar/2026:12:14:47 +0545] "POST /wp-cron.php?doing_wp_cron=1773642587.5841410160064697265625 HTTP/1.1" 200 0 "-" "WordPress/6.9.4; https://www.betterchitwan.com"
103.219.169.168 - - [16/Mar/2026:12:14:49 +0545] "GET /wunderino-wettkampfstatte-spybet-casino-promo-codes-wikipedia/ HTTP/1.1" 404 796 "-" "Mozilla/5.0 (Windows NT 10.0; Win64; x64) AppleWebKit/537.36 (KHTML, like Gecko) Chrome/123.0.0.0 Safari/537.36"
2a01:4f9:5a:1745::2 - - [16/Mar/2026:12:19:55 +0545] "POST /wp-admin/admin-ajax.php?action=async_litespeed&nonce=4ef15963e2&litespeed_type=imgoptm HTTP/1.1" 200 5 "-" "WordPress/6.9.4; https://www.betterchitwan.com"
2a01:4f9:5a:1745::2 - - [16/Mar/2026:12:20:54 +0545] "POST /wp-cron.php?doing_wp_cron=1773642954.4159579277038574218750 HTTP/1.1" 200 0 "-" "WordPress/6.9.4; https://www.betterchitwan.com"
109.178.126.156 - - [16/Mar/2026:12:21:56 +0545] "POST /xmlrpc.php HTTP/1.1" 200 186 "-" "Mozilla/5.0 (Windows NT 6.3; x86) AppleWebKit/537.36 (KHTML, like Gecko) Chrome/85.0.0.0 Safari/537.36"
109.178.126.156 - - [16/Mar/2026:12:24:04 +0545] "POST /xmlrpc.php HTTP/1.1" 200 186 "-" "Mozilla/5.0 (Linux; Android 10; arm64) AppleWebKit/537.36 (KHTML, like Gecko) Firefox/95.0.0.0 Safari/537.36"
109.178.126.156 - - [16/Mar/2026:12:25:59 +0545] "POST /xmlrpc.php HTTP/1.1" 200 186 "-" "Mozilla/5.0 (Macintosh; Intel Mac OS X 10_15_7; x86) AppleWebKit/537.36 (KHTML, like Gecko) Chrome/97.0.0.0 Safari/537.36"
2a01:4f9:5a:1745::2 - - [16/Mar/2026:12:26:00 +0545] "POST /wp-admin/admin-ajax.php?action=async_litespeed&nonce=4ef15963e2&litespeed_type=imgoptm HTTP/1.1" 200 5 "-" "WordPress/6.9.4; https://www.betterchitwan.com"
114.119.129.33 - - [16/Mar/2026:12:26:49 +0545] "GET /events/category/wow-women/list/?tribe-bar-date=2024-08-06&ical=1 HTTP/1.1" 404 796 "https://www.betterchitwan.com/events/category/wow-women/list/?tribe-bar-date=2024-08-06" "Mozilla/5.0 (Linux; Android 7.0;) AppleWebKit/537.36 (KHTML, like Gecko) Mobile Safari/537.36 (compatible; PetalBot;+https://webmaster.petalsearch.com/site/petalbot)"
159.203.6.112 - - [16/Mar/2026:12:26:54 +0545] "GET /wp-content/plugins/NexusLeadsReal/mini.php HTTP/1.1" 404 796 "-" "Mozlila/5.0 (Linux; Android 7.0; SM-G892A Bulid/NRD90M; wv) AppleWebKit/537.36 (KHTML, like Gecko) Version/4.0 Chrome/60.0.3112.107 Moblie Safari/537.36"
159.203.6.112 - - [16/Mar/2026:12:26:55 +0545] "GET /wp-content/plugins/wpcall-button/button-image.php HTTP/1.1" 404 796 "-" "Mozlila/5.0 (Linux; Android 7.0; SM-G892A Bulid/NRD90M; wv) AppleWebKit/537.36 (KHTML, like Gecko) Version/4.0 Chrome/60.0.3112.107 Moblie Safari/537.36"
159.203.6.112 - - [16/Mar/2026:12:27:08 +0545] "GET /wp-login.php?redirect_to=https%3A%2F%2Fwww.betterchitwan.com%2Fwp-admin%2Fnetwork%2Findex.php&reauth=1 HTTP/1.1" 200 1065 "-" "Mozlila/5.0 (Linux; Android 7.0; SM-G892A Bulid/NRD90M; wv) AppleWebKit/537.36 (KHTML, like Gecko) Version/4.0 Chrome/60.0.3112.107 Moblie Safari/537.36"
159.203.6.112 - - [16/Mar/2026:12:27:13 +0545] "GET /wp-content/plugins/pwnd/nc4r3p.php HTTP/1.1" 404 796 "-" "Mozlila/5.0 (Linux; Android 7.0; SM-G892A Bulid/NRD90M; wv) AppleWebKit/537.36 (KHTML, like Gecko) Version/4.0 Chrome/60.0.3112.107 Moblie Safari/537.36"
2a01:4f9:5a:1745::2 - - [16/Mar/2026:12:28:01 +0545] "POST /wp-cron.php?doing_wp_cron=1773643381.4600050449371337890625 HTTP/1.1" 200 0 "-" "WordPress/6.9.4; https://www.betterchitwan.com"
2a01:4f9:5a:1745::2 - - [16/Mar/2026:12:11:55 +0545] "POST /wp-cron.php?doing_wp_cron=1773642415.7354469299316406250000 HTTP/1.1" 200 0 "-" "WordPress/6.9.4; https://www.betterchitwan.com"
51.75.236.131 - - [16/Mar/2026:12:14:48 +0545] "GET /.lsrecap/recaptcha?tribe-bar-date=2027-06-29&eventDisplay=past HTTP/1.1" 404 796 "-" "Mozilla/5.0 (compatible; AhrefsBot/7.0; +http://ahrefs.com/robot/)"
209.101.255.200 - - [16/Mar/2026:12:16:21 +0545] "POST /wp-login.php HTTP/1.1" 200 974 "-" "Mozilla/5.0 (Windows NT 10.0; Win64; x64; rv:135.0) Gecko/20100101 Firefox/135.0"
2a01:4f9:5a:1745::2 - - [16/Mar/2026:12:16:59 +0545] "POST /wp-cron.php?doing_wp_cron=1773642719.2835841178894042968750 HTTP/1.1" 200 0 "-" "WordPress/6.9.4; https://www.betterchitwan.com"
2a01:4f9:5a:1745::2 - - [16/Mar/2026:12:18:57 +0545] "POST /wp-cron.php?doing_wp_cron=1773642837.2225339412689208984375 HTTP/1.1" 200 0 "-" "WordPress/6.9.4; https://www.betterchitwan.com"
2a01:4f9:5a:1745::2 - - [16/Mar/2026:12:18:58 +0545] "POST /wp-admin/admin-ajax.php?action=async_litespeed&nonce=4ef15963e2&litespeed_type=imgoptm HTTP/1.1" 200 5 "-" "WordPress/6.9.4; https://www.betterchitwan.com"
192.178.6.65 - - [16/Mar/2026:12:20:27 +0545] "GET /robots.txt HTTP/1.1" 304 0 "-" "Mozilla/5.0 (compatible; Googlebot/2.1; +http://www.google.com/bot.html)"
92.222.108.102 - - [16/Mar/2026:12:21:09 +0545] "GET /.lsrecap/recaptcha?tribe-bar-date=2026-02-09&eventDisplay=past HTTP/1.1" 404 796 "-" "Mozilla/5.0 (compatible; AhrefsBot/7.0; +http://ahrefs.com/robot/)"
109.178.126.156 - - [16/Mar/2026:12:22:53 +0545] "POST /xmlrpc.php HTTP/1.1" 200 186 "-" "Mozilla/5.0 (Windows NT 10.0; x86) AppleWebKit/537.36 (KHTML, like Gecko) Chrome/110.0.0.0 Safari/537.36"
2a01:4f9:5a:1745::2 - - [16/Mar/2026:12:24:05 +0545] "POST /wp-cron.php?doing_wp_cron=1773643145.2891840934753417968750 HTTP/1.1" 200 0 "-" "WordPress/6.9.4; https://www.betterchitwan.com"
114.119.129.33 - - [16/Mar/2026:12:24:11 +0545] "GET /events/category/wow-women/list/?tribe-bar-date=2024-08-18&eventDisplay=past HTTP/1.1" 404 796 "https://www.betterchitwan.com/events/category/wow-women/list/?tribe-bar-date=2024-08-18" "Mozilla/5.0 (Linux; Android 7.0;) AppleWebKit/537.36 (KHTML, like Gecko) Mobile Safari/537.36 (compatible; PetalBot;+https://webmaster.petalsearch.com/site/petalbot)"
159.203.6.112 - - [16/Mar/2026:12:26:59 +0545] "GET /wp-content/plugins/phpad/acp.php HTTP/1.1" 404 796 "-" "Mozlila/5.0 (Linux; Android 7.0; SM-G892A Bulid/NRD90M; wv) AppleWebKit/537.36 (KHTML, like Gecko) Version/4.0 Chrome/60.0.3112.107 Moblie Safari/537.36"
159.203.6.112 - - [16/Mar/2026:12:27:01 +0545] "GET /wp-content/plugins/pwnd/pwnd.php HTTP/1.1" 404 796 "-" "Mozlila/5.0 (Linux; Android 7.0; SM-G892A Bulid/NRD90M; wv) AppleWebKit/537.36 (KHTML, like Gecko) Version/4.0 Chrome/60.0.3112.107 Moblie Safari/537.36"
159.203.6.112 - - [16/Mar/2026:12:27:05 +0545] "GET /wp-content/plugins/index.php HTTP/1.1" 200 0 "-" "Mozlila/5.0 (Linux; Android 7.0; SM-G892A Bulid/NRD90M; wv) AppleWebKit/537.36 (KHTML, like Gecko) Version/4.0 Chrome/60.0.3112.107 Moblie Safari/537.36"
159.203.6.112 - - [16/Mar/2026:12:27:06 +0545] "GET /wp-admin/network/index.php HTTP/1.1" 302 0 "-" "Mozlila/5.0 (Linux; Android 7.0; SM-G892A Bulid/NRD90M; wv) AppleWebKit/537.36 (KHTML, like Gecko) Version/4.0 Chrome/60.0.3112.107 Moblie Safari/537.36"
159.203.6.112 - - [16/Mar/2026:12:27:10 +0545] "GET /wp-content/plugins/pwnd/acme-salvation.php HTTP/1.1" 404 796 "-" "Mozlila/5.0 (Linux; Android 7.0; SM-G892A Bulid/NRD90M; wv) AppleWebKit/537.36 (KHTML, like Gecko) Version/4.0 Chrome/60.0.3112.107 Moblie Safari/537.36"
159.203.6.112 - - [16/Mar/2026:12:27:12 +0545] "GET /wp-content/plugins/pwnd/about.php HTTP/1.1" 404 796 "-" "Mozlila/5.0 (Linux; Android 7.0; SM-G892A Bulid/NRD90M; wv) AppleWebKit/537.36 (KHTML, like Gecko) Version/4.0 Chrome/60.0.3112.107 Moblie Safari/537.36"
2a01:4f9:5a:1745::2 - - [16/Mar/2026:12:13:51 +0545] "POST /wp-admin/admin-ajax.php?action=async_litespeed&nonce=4ef15963e2&litespeed_type=imgoptm HTTP/1.1" 200 5 "-" "WordPress/6.9.4; https://www.betterchitwan.com"
2a01:4f9:5a:1745::2 - - [16/Mar/2026:12:15:56 +0545] "POST /wp-cron.php?doing_wp_cron=1773642656.0498158931732177734375 HTTP/1.1" 200 0 "-" "WordPress/6.9.4; https://www.betterchitwan.com"
2a01:4f9:5a:1745::2 - - [16/Mar/2026:12:15:56 +0545] "POST /wp-admin/admin-ajax.php?action=async_litespeed&nonce=4ef15963e2&litespeed_type=imgoptm HTTP/1.1" 200 5 "-" "WordPress/6.9.4; https://www.betterchitwan.com"
94.23.188.223 - - [16/Mar/2026:12:17:56 +0545] "GET /.lsrecap/recaptcha?tribe-bar-date=2026-08-19&eventDisplay=past HTTP/1.1" 404 796 "-" "Mozilla/5.0 (compatible; AhrefsBot/7.0; +http://ahrefs.com/robot/)"
