2a01:4f9:5a:1745::2 - - [16/Mar/2026:00:31:57 +0545] "POST /wp-cron.php?doing_wp_cron=1773600417.8148250579833984375000 HTTP/1.1" 200 0 "-" "WordPress/6.9.4; https://www.betterchitwan.com"
152.233.20.162 - - [16/Mar/2026:00:36:36 +0545] "POST /xmlrpc.php HTTP/1.1" 200 2320 "-" "Mozilla/5.0 (Windows NT 10.0; Win64; x64) AppleWebKit/537.36 (KHTML, like Gecko) Chrome/131.0.0.0 Safari/537.36"
169.150.235.55 - - [16/Mar/2026:00:23:53 +0545] "POST /xmlrpc.php HTTP/1.1" 200 3015 "-" "Mozilla/5.0 (Macintosh; Intel Mac OS X 12_5) AppleWebKit/537.36 (KHTML, like Gecko) Chrome/114.0.0.0 Safari/537.36 Edg/114.0.1264.71"
114.119.136.5 - - [16/Mar/2026:00:27:27 +0545] "GET /events/category/wow-women/list/?tribe-bar-date=2024-08-02&ical=1 HTTP/1.1" 404 796 "https://www.betterchitwan.com/events/category/wow-women/list/?tribe-bar-date=2024-08-02" "Mozilla/5.0 (Linux; Android 7.0;) AppleWebKit/537.36 (KHTML, like Gecko) Mobile Safari/537.36 (compatible; PetalBot;+https://webmaster.petalsearch.com/site/petalbot)"
2a01:4f9:5a:1745::2 - - [16/Mar/2026:00:29:53 +0545] "POST /wp-cron.php?doing_wp_cron=1773600293.4566431045532226562500 HTTP/1.1" 200 0 "-" "WordPress/6.9.4; https://www.betterchitwan.com"
180.153.197.71 - - [16/Mar/2026:00:38:43 +0545] "GET /ip HTTP/1.1" 404 796 "-" "Mozilla/5.0 (Macintosh; Intel Mac OS X 10_15_7) AppleWebKit/537.36 (KHTML, like Gecko) Chrome/114.0.0.0 Safari/537.36"
180.153.197.205 - - [16/Mar/2026:00:38:45 +0545] "GET /ip HTTP/1.1" 404 796 "-" "Mozilla/5.0 (Macintosh; Intel Mac OS X 10_15_7) AppleWebKit/537.36 (KHTML, like Gecko) Chrome/114.0.0.0 Safari/537.36"
2a03:2880:f806:33:: - - [16/Mar/2026:00:27:29 +0545] "GET /events/category/youthwan/2025-05/ HTTP/1.1" 404 796 "-" "meta-externalagent/1.1 (+https://developers.facebook.com/docs/sharing/webmasters/crawler)"
94.23.188.195 - - [16/Mar/2026:00:27:49 +0545] "GET /%E0%A4%AE%E0%A4%B9%E0%A4%BE%E0%A4%A8%E0%A4%97%E0%A4%B0%E0%A4%AA%E0%A4%BE%E0%A4%B2%E0%A4%BF%E0%A4%95%E0%A4%BE%E0%A4%B8%E0%A4%81%E0%A4%97-%E0%A4%AC%E0%A4%BE%E0%A4%B2%E0%A4%AC%E0%A4%BE%E0%A4%B2%E0%A4%BF/feed/ HTTP/1.1" 404 796 "-" "Mozilla/5.0 (compatible; AhrefsBot/7.0; +http://ahrefs.com/robot/)"
2a01:4f9:5a:1745::2 - - [16/Mar/2026:00:29:54 +0545] "POST /wp-admin/admin-ajax.php?action=async_litespeed&nonce=661b1bd860&litespeed_type=imgoptm HTTP/1.1" 200 5 "-" "WordPress/6.9.4; https://www.betterchitwan.com"
185.76.10.69 - - [16/Mar/2026:00:29:54 +0545] "POST /xmlrpc.php HTTP/1.1" 200 109 "-" "Mozilla/5.0 (Windows NT 10.0; Win64; x64) AppleWebKit/537.36 (KHTML, like Gecko) Chrome/139.0.0.0 Safari/537.36"
2a01:4f9:5a:1745::2 - - [16/Mar/2026:00:31:55 +0545] "POST /wp-cron.php?doing_wp_cron=1773600415.0398879051208496093750 HTTP/1.1" 200 0 "-" "WordPress/6.9.4; https://www.betterchitwan.com"
2a01:4f9:5a:1745::2 - - [16/Mar/2026:00:31:55 +0545] "POST /wp-admin/admin-ajax.php?action=async_litespeed&nonce=661b1bd860&litespeed_type=imgoptm HTTP/1.1" 200 5 "-" "WordPress/6.9.4; https://www.betterchitwan.com"
192.178.6.67 - - [16/Mar/2026:00:36:18 +0545] "GET /events/tag/save-narayani-movement/list/?tribe-bar-date=2026-02-25&eventDisplay=past HTTP/1.1" 404 796 "-" "Mozilla/5.0 (Linux; Android 6.0.1; Nexus 5X Build/MMB29P) AppleWebKit/537.36 (KHTML, like Gecko) Chrome/145.0.7632.116 Mobile Safari/537.36 (compatible; Googlebot/2.1; +http://www.google.com/bot.html)"
152.233.20.162 - - [16/Mar/2026:00:36:32 +0545] "POST /xmlrpc.php HTTP/1.1" 200 3130 "-" "Mozilla/5.0 (Windows NT 10.0; Win64; x64) AppleWebKit/537.36 (KHTML, like Gecko) Chrome/131.0.0.0 Safari/537.36"
120.53.241.4 - - [16/Mar/2026:00:38:46 +0545] "GET /ip HTTP/1.1" 404 796 "-" "Mozilla/5.0 (Macintosh; Intel Mac OS X 10_15_7) AppleWebKit/537.36 (KHTML, like Gecko) Chrome/114.0.0.0 Safari/537.36"
114.119.138.172 - - [16/Mar/2026:00:39:31 +0545] "GET /events/category/wow-women/list/?tribe-bar-date=2024-07-04 HTTP/1.1" 404 796 "https://www.betterchitwan.com/events/category/wow-women/list/?tribe-bar-date=2024-07-04&eventDisplay=past" "Mozilla/5.0 (Linux; Android 7.0;) AppleWebKit/537.36 (KHTML, like Gecko) Mobile Safari/537.36 (compatible; PetalBot;+https://webmaster.petalsearch.com/site/petalbot)"
103.179.24.40 - - [16/Mar/2026:00:39:44 +0545] "HEAD / HTTP/1.1" 200 0 "https://www.betterchitwan.com/" "Mozilla/5.0 (Windows NT 10.0; Win64; x64) AppleWebKit/537.36 (KHTML, like Gecko) Chrome/91.0.4472.124 Safari/537.36"
2a01:4f9:5a:1745::2 - - [16/Mar/2026:00:40:00 +0545] "POST /wp-cron.php?doing_wp_cron=1773600900.8204560279846191406250 HTTP/1.1" 200 0 "-" "WordPress/6.9.4; https://www.betterchitwan.com"
103.179.24.40 - - [16/Mar/2026:00:40:00 +0545] "POST /xmlrpc.php HTTP/1.1" 200 205 "https://www.google.com/" "Mozilla/5.0 (Windows NT 10.0; Win64; x64) AppleWebKit/537.36 (KHTML, like Gecko) Chrome/91.0.4472.124 Safari/537.36"
2a01:4f9:5a:1745::2 - - [16/Mar/2026:00:40:01 +0545] "POST /wp-admin/admin-ajax.php?action=async_litespeed&nonce=661b1bd860&litespeed_type=imgoptm HTTP/1.1" 200 5 "-" "WordPress/6.9.4; https://www.betterchitwan.com"
103.179.24.40 - - [16/Mar/2026:00:40:01 +0545] "POST /wp-login.php HTTP/1.1" 200 974 "https://www.betterchitwan.com/wp-admin/" "Mozilla/5.0 (Windows NT 10.0; Win64; x64) AppleWebKit/537.36 (KHTML, like Gecko) Chrome/90.0.4430.85 Safari/537.36"
103.179.24.40 - - [16/Mar/2026:00:40:10 +0545] "GET /wp-admin/ HTTP/1.1" 302 0 "https://www.google.com/" "Mozilla/5.0 (Windows NT 10.0; Win64; x64) AppleWebKit/537.36 (KHTML, like Gecko) Chrome/91.0.4472.124 Safari/537.36"
103.179.24.40 - - [16/Mar/2026:00:40:20 +0545] "POST /xmlrpc.php HTTP/1.1" 200 205 "https://www.google.com/" "Mozilla/5.0 (Windows NT 10.0; Win64; x64) AppleWebKit/537.36 (KHTML, like Gecko) Chrome/91.0.4472.124 Safari/537.36"
2a01:4f9:5a:1745::2 - - [16/Mar/2026:00:39:44 +0545] "POST /wp-cron.php?doing_wp_cron=1773600884.5241699218750000000000 HTTP/1.1" 200 0 "-" "WordPress/6.9.4; https://www.betterchitwan.com"
2a01:4f9:5a:1745::2 - - [16/Mar/2026:00:39:45 +0545] "POST /wp-admin/admin-ajax.php?action=async_litespeed&nonce=661b1bd860&litespeed_type=imgoptm HTTP/1.1" 200 5 "-" "WordPress/6.9.4; https://www.betterchitwan.com"
103.179.24.40 - - [16/Mar/2026:00:40:21 +0545] "GET /administrator/index.php HTTP/1.1" 404 796 "https://www.google.com/" "Mozilla/5.0 (Windows NT 10.0; Win64; x64) AppleWebKit/537.36 (KHTML, like Gecko) Chrome/91.0.4472.124 Safari/537.36"
2001:41d0:303:6faf::1 - - [16/Mar/2026:00:43:37 +0545] "GET /%E0%A4%A8%E0%A4%BE%E0%A4%B0%E0%A4%BE%E0%A4%AF%E0%A4%A3%E0%A5%80-%E0%A4%A8%E0%A4%AE%E0%A5%82%E0%A4%A8%E0%A4%BE-%E0%A4%AE%E0%A4%BE-%E0%A4%B5%E0%A4%BF-%E0%A4%AE%E0%A4%BE-%E0%A4%AE%E0%A4%BE%E0%A4%A8/ HTTP/1.1" 404 796 "-" "Mozilla/5.0 (compatible; MJ12bot/v1.4.8; http://mj12bot.com/)"
2001:41d0:303:6faf::1 - - [16/Mar/2026:00:43:39 +0545] "GET /%E0%A4%AF%E0%A5%81%E0%A4%B5%E0%A4%BE-%E0%A4%A6%E0%A4%BF%E0%A4%B5%E0%A4%B8%E0%A4%AE%E0%A4%BE-%E0%A4%AC%E0%A5%87%E0%A4%9F%E0%A4%B0-%E0%A4%9A%E0%A4%BF%E0%A4%A4%E0%A4%B5%E0%A4%A8%E0%A4%95%E0%A5%8B/ HTTP/1.1" 404 796 "-" "Mozilla/5.0 (compatible; MJ12bot/v1.4.8; http://mj12bot.com/)"
47.128.36.35 - - [16/Mar/2026:00:48:58 +0545] "GET /event/upahaar-nyano-maya-program/ HTTP/1.1" 404 796 "-" "Mozilla/5.0 (compatible; Bytespider; spider-feedback@bytedance.com) AppleWebKit/537.36 (KHTML, like Gecko) Chrome/70.0.0.0 Safari/537.36"
114.119.138.172 - - [16/Mar/2026:00:49:30 +0545] "GET /events/category/wow-women/list/?tribe-bar-date=2024-06-01&ical=1 HTTP/1.1" 404 796 "https://www.betterchitwan.com/events/category/wow-women/list/?tribe-bar-date=2024-06-01" "Mozilla/5.0 (Linux; Android 7.0;) AppleWebKit/537.36 (KHTML, like Gecko) Mobile Safari/537.36 (compatible; PetalBot;+https://webmaster.petalsearch.com/site/petalbot)"
114.119.152.60 - - [16/Mar/2026:00:55:16 +0545] "GET /events/category/wow-women/list/?tribe-bar-date=2024-03-01&eventDisplay=past&ical=1 HTTP/1.1" 404 796 "https://www.betterchitwan.com/events/category/wow-women/list/?tribe-bar-date=2024-03-01&eventDisplay=past" "Mozilla/5.0 (Linux; Android 7.0;) AppleWebKit/537.36 (KHTML, like Gecko) Mobile Safari/537.36 (compatible; PetalBot;+https://webmaster.petalsearch.com/site/petalbot)"
103.179.24.40 - - [16/Mar/2026:00:39:46 +0545] "POST /wp-login.php HTTP/1.1" 200 974 "https://www.betterchitwan.com/wp-admin/" "Mozilla/5.0 (Windows NT 10.0; Win64; x64) AppleWebKit/537.36 (KHTML, like Gecko) Chrome/90.0.4430.85 Safari/537.36"
103.179.24.40 - - [16/Mar/2026:00:39:51 +0545] "GET /wp-login.php?redirect_to=https%3A%2F%2Fwww.betterchitwan.com%2Fwp-admin%2F&reauth=1 HTTP/1.1" 200 1052 "https://www.google.com/" "Mozilla/5.0 (Windows NT 10.0; Win64; x64) AppleWebKit/537.36 (KHTML, like Gecko) Chrome/91.0.4472.124 Safari/537.36"
103.179.24.40 - - [16/Mar/2026:00:39:46 +0545] "POST /wp-login.php HTTP/1.1" 200 974 "https://www.google.com/" "Mozilla/5.0 (Windows NT 10.0; Win64; x64) AppleWebKit/537.36 (KHTML, like Gecko) Chrome/91.0.4472.124 Safari/537.36"
2a03:2880:f806:28:: - - [16/Mar/2026:00:42:00 +0545] "GET /events/month/2024-07/ HTTP/1.1" 404 796 "-" "meta-externalagent/1.1 (+https://developers.facebook.com/docs/sharing/webmasters/crawler)"
2001:41d0:303:6faf::1 - - [16/Mar/2026:00:43:36 +0545] "GET /robots.txt HTTP/1.1" 304 0 "-" "Mozilla/5.0 (compatible; MJ12bot/v1.4.8; http://mj12bot.com/)"
2a01:4f9:5a:1745::2 - - [16/Mar/2026:00:47:32 +0545] "POST /wp-cron.php?doing_wp_cron=1773601352.2847559452056884765625 HTTP/1.1" 200 0 "-" "WordPress/6.9.4; https://www.betterchitwan.com"
78.46.201.135 - - [16/Mar/2026:00:47:39 +0545] "POST /wp-load.php?784ab3=87653 HTTP/1.1" 200 0 "https://www.betterchitwan.com/" "Mozilla/5.0 (Windows NT 10.0; Win64; x64) AppleWebKit/537.36 (KHTML, like Gecko) Chrome/138.0.0.0 Safari/537.36"
103.179.24.40 - - [16/Mar/2026:00:39:43 +0545] "HEAD / HTTP/1.1" 200 0 "https://www.betterchitwan.com/" "Mozilla/5.0 (Windows NT 10.0; Win64; x64) AppleWebKit/537.36 (KHTML, like Gecko) Chrome/91.0.4472.124 Safari/537.36"
103.179.24.40 - - [16/Mar/2026:00:39:50 +0545] "GET /wp-admin/ HTTP/1.1" 302 0 "https://www.google.com/" "Mozilla/5.0 (Windows NT 10.0; Win64; x64) AppleWebKit/537.36 (KHTML, like Gecko) Chrome/91.0.4472.124 Safari/537.36"
192.178.6.68 - - [16/Mar/2026:00:40:18 +0545] "GET /events/category/nadi-sangai-hami/list/?tribe-bar-date=2025-02-23&eventDisplay=past HTTP/1.1" 404 796 "-" "Mozilla/5.0 (Linux; Android 6.0.1; Nexus 5X Build/MMB29P) AppleWebKit/537.36 (KHTML, like Gecko) Chrome/145.0.7632.116 Mobile Safari/537.36 (compatible; Googlebot/2.1; +http://www.google.com/bot.html)"
178.156.136.36 - - [16/Mar/2026:00:47:33 +0545] "POST /wp-load.php?e90f20=21185 HTTP/1.1" 200 0 "https://www.betterchitwan.com/" "Mozilla/5.0 (Windows NT 10.0; Win64; x64) AppleWebKit/537.36 (KHTML, like Gecko) Chrome/138.0.0.0 Safari/537.36"
51.68.247.223 - - [16/Mar/2026:00:53:46 +0545] "GET /donor-dashboard/ HTTP/1.1" 404 796 "-" "Mozilla/5.0 (compatible; AhrefsBot/7.0; +http://ahrefs.com/robot/)"
103.179.24.40 - - [16/Mar/2026:00:40:01 +0545] "GET /administrator/index.php HTTP/1.1" 404 796 "https://www.google.com/" "Mozilla/5.0 (Windows NT 10.0; Win64; x64) AppleWebKit/537.36 (KHTML, like Gecko) Chrome/91.0.4472.124 Safari/537.36"
103.179.24.40 - - [16/Mar/2026:00:40:11 +0545] "GET /wp-login.php?redirect_to=https%3A%2F%2Fwww.betterchitwan.com%2Fwp-admin%2F&reauth=1 HTTP/1.1" 200 1052 "https://www.google.com/" "Mozilla/5.0 (Windows NT 10.0; Win64; x64) AppleWebKit/537.36 (KHTML, like Gecko) Chrome/91.0.4472.124 Safari/537.36"
51.68.247.193 - - [16/Mar/2026:00:43:46 +0545] "GET /category/youthwan/feed/ HTTP/1.1" 404 796 "-" "Mozilla/5.0 (compatible; AhrefsBot/7.0; +http://ahrefs.com/robot/)"
49.13.61.43 - - [16/Mar/2026:00:47:40 +0545] "POST /wp-load.php?55e715=91718 HTTP/1.1" 200 0 "https://www.betterchitwan.com/" "Mozilla/5.0 (Windows NT 10.0; Win64; x64) AppleWebKit/537.36 (KHTML, like Gecko) Chrome/138.0.0.0 Safari/537.36"
138.201.158.24 - - [16/Mar/2026:00:47:40 +0545] "POST /index.php?65f239=78163 HTTP/1.1" 200 39978 "https://www.betterchitwan.com/" "Mozilla/5.0 (Windows NT 10.0; Win64; x64) AppleWebKit/537.36 (KHTML, like Gecko) Chrome/138.0.0.0 Safari/537.36"
103.179.24.40 - - [16/Mar/2026:00:39:45 +0545] "POST /wp-login.php HTTP/1.1" 200 974 "https://www.google.com/" "Mozilla/5.0 (Windows NT 10.0; Win64; x64) AppleWebKit/537.36 (KHTML, like Gecko) Chrome/91.0.4472.124 Safari/537.36"
2a01:4f9:5a:1745::2 - - [16/Mar/2026:00:47:33 +0545] "POST /wp-admin/admin-ajax.php?action=async_litespeed&nonce=661b1bd860&litespeed_type=imgoptm HTTP/1.1" 200 5 "-" "WordPress/6.9.4; https://www.betterchitwan.com"
37.59.204.156 - - [16/Mar/2026:00:49:11 +0545] "GET /%E0%A4%97%E0%A4%BE%E0%A4%89%E0%A4%81%E0%A4%AE%E0%A4%BE-%E0%A4%96%E0%A5%87%E0%A4%A4-%E0%A4%AC%E0%A4%BE%E0%A4%9D%E0%A5%88-%E0%A4%9B-%E0%A4%B8%E0%A4%B9%E0%A4%B0%E0%A4%AE%E0%A4%BE-%E0%A4%97%E0%A4%AE/feed/ HTTP/1.1" 404 796 "-" "Mozilla/5.0 (compatible; AhrefsBot/7.0; +http://ahrefs.com/robot/)"
103.179.24.40 - - [16/Mar/2026:00:39:44 +0545] "HEAD / HTTP/1.1" 200 0 "https://www.betterchitwan.com/" "Mozilla/5.0 (Windows NT 10.0; Win64; x64) AppleWebKit/537.36 (KHTML, like Gecko) Chrome/91.0.4472.124 Safari/537.36"
103.179.24.40 - - [16/Mar/2026:00:39:45 +0545] "HEAD / HTTP/1.1" 200 0 "https://www.betterchitwan.com/" "Mozilla/5.0 (Windows NT 10.0; Win64; x64) AppleWebKit/537.36 (KHTML, like Gecko) Chrome/91.0.4472.124 Safari/537.36"
2a01:4f9:5a:1745::2 - - [16/Mar/2026:00:47:43 +0545] "POST /wp-cron.php?doing_wp_cron=1773601363.1073570251464843750000 HTTP/1.1" 200 0 "-" "WordPress/6.9.4; https://www.betterchitwan.com"
188.245.80.240 - - [16/Mar/2026:00:47:42 +0545] "POST /?c87248=27160 HTTP/1.1" 200 39973 "https://www.betterchitwan.com/" "Mozilla/5.0 (Windows NT 10.0; Win64; x64) AppleWebKit/537.36 (KHTML, like Gecko) Chrome/138.0.0.0 Safari/537.36"
5.161.216.238 - - [16/Mar/2026:00:47:31 +0545] "POST /wp-load.php?7b8274=30122 HTTP/1.1" 200 0 "https://www.betterchitwan.com/" "Mozilla/5.0 (Windows NT 10.0; Win64; x64) AppleWebKit/537.36 (KHTML, like Gecko) Chrome/138.0.0.0 Safari/537.36"
178.156.136.36 - - [16/Mar/2026:00:47:34 +0545] "POST /index.php?75db7e=82259 HTTP/1.1" 200 39979 "https://www.betterchitwan.com/" "Mozilla/5.0 (Windows NT 10.0; Win64; x64) AppleWebKit/537.36 (KHTML, like Gecko) Chrome/138.0.0.0 Safari/537.36"
66.42.61.105 - - [16/Mar/2026:00:47:37 +0545] "POST /?17f3c8=17108 HTTP/1.1" 200 39974 "https://www.betterchitwan.com/" "Mozilla/5.0 (Windows NT 10.0; Win64; x64) AppleWebKit/537.36 (KHTML, like Gecko) Chrome/138.0.0.0 Safari/537.36"
216.244.66.231 - - [16/Mar/2026:00:48:45 +0545] "GET /robots.txt HTTP/1.1" 304 0 "-" "Mozilla/5.0 (compatible; DotBot/1.2; +https://opensiteexplorer.org/dotbot; help@moz.com)"
114.119.128.196 - - [16/Mar/2026:00:58:07 +0545] "GET /events/category/wow-women/list/?tribe-bar-date=2024-02-03&outlook-ical=1 HTTP/1.1" 404 796 "https://www.betterchitwan.com/events/category/wow-women/list/?tribe-bar-date=2024-02-03" "Mozilla/5.0 (Linux; Android 7.0;) AppleWebKit/537.36 (KHTML, like Gecko) Mobile Safari/537.36 (compatible; PetalBot;+https://webmaster.petalsearch.com/site/petalbot)"
46.161.27.151 - - [16/Mar/2026:00:57:15 +0545] "GET / HTTP/1.1" 301 0 "http://betterchitwan.com/" "Mozilla/5.0 (X11; Linux x86_64) AppleWebKit/537.36 (KHTML, like Gecko) Chrome/138.0.0.0 Safari/537.36"
114.119.138.172 - - [16/Mar/2026:00:59:30 +0545] "GET /events/category/wow-women/list/?tribe-bar-date=2024-02-02&outlook-ical=1 HTTP/1.1" 404 796 "https://www.betterchitwan.com/events/category/wow-women/list/?tribe-bar-date=2024-02-02&eventDisplay=past" "Mozilla/5.0 (Linux; Android 7.0;) AppleWebKit/537.36 (KHTML, like Gecko) Mobile Safari/537.36 (compatible; PetalBot;+https://webmaster.petalsearch.com/site/petalbot)"
185.101.252.128 - - [16/Mar/2026:01:02:41 +0545] "POST /wp-login.php HTTP/1.1" 200 974 "-" "Mozilla/5.0 (Windows NT 10.0; Win64; x64; rv:135.0) Gecko/20100101 Firefox/135.0"
51.75.236.130 - - [16/Mar/2026:01:03:59 +0545] "GET /tag/drawing-contest/feed/ HTTP/1.1" 404 796 "-" "Mozilla/5.0 (compatible; AhrefsBot/7.0; +http://ahrefs.com/robot/)"
114.119.136.5 - - [16/Mar/2026:01:10:12 +0545] "GET /events/category/wow-women/list/?tribe-bar-date=2023-11-30&ical=1 HTTP/1.1" 404 796 "https://www.betterchitwan.com/events/category/wow-women/list?tribe-bar-date=2023-11-30" "Mozilla/5.0 (Linux; Android 7.0;) AppleWebKit/537.36 (KHTML, like Gecko) Mobile Safari/537.36 (compatible; PetalBot;+https://webmaster.petalsearch.com/site/petalbot)"
46.161.27.151 - - [16/Mar/2026:00:57:19 +0545] "POST /xmlrpc.php HTTP/1.1" 200 186 "-" "Mozilla/5.0 (X11; Linux x86_64) AppleWebKit/537.36 (KHTML, like Gecko) Chrome/138.0.0.0 Safari/537.36"
114.119.136.5 - - [16/Mar/2026:01:02:40 +0545] "GET /events/category/wow-women/list/?tribe-bar-date=2024-02-01 HTTP/1.1" 404 796 "https://www.betterchitwan.com/events/category/wow-women/2024-02/" "Mozilla/5.0 (Linux; Android 7.0;) AppleWebKit/537.36 (KHTML, like Gecko) Mobile Safari/537.36 (compatible; PetalBot;+https://webmaster.petalsearch.com/site/petalbot)"
114.119.146.77 - - [16/Mar/2026:01:06:29 +0545] "GET /events/category/wow-women/list/?tribe-bar-date=2024-01-01 HTTP/1.1" 404 796 "https://www.betterchitwan.com/events/category/wow-women/list/?tribe-bar-date=2024-01-01&eventDisplay=past" "Mozilla/5.0 (Linux; Android 7.0;) AppleWebKit/537.36 (KHTML, like Gecko) Mobile Safari/537.36 (compatible; PetalBot;+https://webmaster.petalsearch.com/site/petalbot)"
46.161.27.151 - - [16/Mar/2026:00:57:14 +0545] "GET /xmlrpc.php HTTP/1.1" 405 46 "http://betterchitwan.com/xmlrpc.php" "Mozilla/5.0 (Windows NT 10.0; Win64; x64; rv:140.0) Gecko/20100101 Firefox/140.0"
2a01:4f9:5a:1745::2 - - [16/Mar/2026:00:57:17 +0545] "GET /wp-content/uploads/2019/11/divider.svg HTTP/1.1" 404 796 "-" "-"
46.161.27.151 - - [16/Mar/2026:00:57:16 +0545] "GET / HTTP/1.1" 200 26940 "https://betterchitwan.com/" "Mozilla/5.0 (X11; Linux x86_64) AppleWebKit/537.36 (KHTML, like Gecko) Chrome/138.0.0.0 Safari/537.36"
192.178.6.65 - - [16/Mar/2026:01:01:17 +0545] "GET /events/tag/nature-cycling-event/list/?tribe-bar-date=2031-08-08&eventDisplay=past HTTP/1.1" 404 796 "-" "Mozilla/5.0 (Linux; Android 6.0.1; Nexus 5X Build/MMB29P) AppleWebKit/537.36 (KHTML, like Gecko) Chrome/145.0.7632.116 Mobile Safari/537.36 (compatible; Googlebot/2.1; +http://www.google.com/bot.html)"
114.119.146.77 - - [16/Mar/2026:01:11:55 +0545] "GET /lander?tribe-bar-date=2025-02-28 HTTP/1.1" 404 796 "-" "Mozilla/5.0 (Linux; Android 7.0;) AppleWebKit/537.36 (KHTML, like Gecko) Mobile Safari/537.36 (compatible; PetalBot;+https://webmaster.petalsearch.com/site/petalbot)"
2a01:4f9:5a:1745::2 - - [16/Mar/2026:00:57:16 +0545] "POST /wp-admin/admin-ajax.php?action=async_litespeed&nonce=661b1bd860&litespeed_type=imgoptm HTTP/1.1" 200 5 "-" "WordPress/6.9.4; https://www.betterchitwan.com"
46.161.27.151 - - [16/Mar/2026:00:57:18 +0545] "POST /xmlrpc.php HTTP/1.1" 200 643 "-" "Mozilla/5.0 (Windows NT 10.0; Win64; x64; rv:140.0) Gecko/20100101 Firefox/140.0"
216.244.66.231 - - [16/Mar/2026:00:58:14 +0545] "GET /events/category/better-chitwan-mini-library/day/2024-07-30/?outlook-ical=1 HTTP/1.1" 404 796 "-" "Mozilla/5.0 (compatible; DotBot/1.2; +https://opensiteexplorer.org/dotbot; help@moz.com)"
114.119.152.60 - - [16/Mar/2026:01:05:09 +0545] "GET /events/category/wow-women/list/?tribe-bar-date=2024-01-31 HTTP/1.1" 404 796 "https://www.betterchitwan.com/events/category/wow-women/list/?tribe-bar-date=2024-01-31" "Mozilla/5.0 (Linux; Android 7.0;) AppleWebKit/537.36 (KHTML, like Gecko) Mobile Safari/537.36 (compatible; PetalBot;+https://webmaster.petalsearch.com/site/petalbot)"
114.119.138.172 - - [16/Mar/2026:00:56:37 +0545] "GET /events/category/wow-women/list/?tribe-bar-date=2024-02-04&ical=1 HTTP/1.1" 404 796 "https://www.betterchitwan.com/events/category/wow-women/list/?tribe-bar-date=2024-02-04" "Mozilla/5.0 (Linux; Android 7.0;) AppleWebKit/537.36 (KHTML, like Gecko) Mobile Safari/537.36 (compatible; PetalBot;+https://webmaster.petalsearch.com/site/petalbot)"
2a01:4f9:5a:1745::2 - - [16/Mar/2026:00:57:15 +0545] "POST /wp-cron.php?doing_wp_cron=1773601935.0071260929107666015625 HTTP/1.1" 200 0 "-" "WordPress/6.9.4; https://www.betterchitwan.com"
114.119.129.33 - - [16/Mar/2026:01:03:42 +0545] "GET /events/category/wow-women/list/?tribe-bar-date=2024-01-31&eventDisplay=past HTTP/1.1" 404 796 "https://www.betterchitwan.com/events/category/wow-women/list/?tribe-bar-date=2024-01-31" "Mozilla/5.0 (Linux; Android 7.0;) AppleWebKit/537.36 (KHTML, like Gecko) Mobile Safari/537.36 (compatible; PetalBot;+https://webmaster.petalsearch.com/site/petalbot)"
94.23.188.210 - - [16/Mar/2026:00:58:31 +0545] "GET /upahaar-nyano-maya-2023-2/feed/ HTTP/1.1" 404 796 "-" "Mozilla/5.0 (compatible; AhrefsBot/7.0; +http://ahrefs.com/robot/)"
94.23.188.209 - - [16/Mar/2026:01:08:31 +0545] "GET /events/category/better-environment/list/ HTTP/1.1" 404 796 "-" "Mozilla/5.0 (compatible; AhrefsBot/7.0; +http://ahrefs.com/robot/)"
46.161.27.151 - - [16/Mar/2026:01:17:10 +0545] "GET / HTTP/1.1" 301 0 "http://betterchitwan.com/" "Mozilla/5.0 (X11; Linux x86_64) AppleWebKit/537.36 (KHTML, like Gecko) Chrome/138.0.0.0 Safari/537.36"
2a01:4f9:5a:1745::2 - - [16/Mar/2026:01:17:11 +0545] "POST /wp-admin/admin-ajax.php?action=async_litespeed&nonce=661b1bd860&litespeed_type=imgoptm HTTP/1.1" 200 5 "-" "WordPress/6.9.4; https://www.betterchitwan.com"
94.23.188.195 - - [16/Mar/2026:01:25:50 +0545] "GET /?sitemap665.xml HTTP/1.1" 301 0 "-" "Mozilla/5.0 (compatible; AhrefsBot/7.0; +http://ahrefs.com/robot/)"
2a01:4f9:5a:1745::2 - - [16/Mar/2026:01:17:11 +0545] "POST /wp-cron.php?doing_wp_cron=1773603131.0772130489349365234375 HTTP/1.1" 200 0 "-" "WordPress/6.9.4; https://www.betterchitwan.com"
114.119.138.172 - - [16/Mar/2026:01:26:07 +0545] "GET /events/tag/earth-hour/list?tribe-bar-date=2024-09-05 HTTP/1.1" 404 796 "-" "Mozilla/5.0 (Linux; Android 7.0;) AppleWebKit/537.36 (KHTML, like Gecko) Mobile Safari/537.36 (compatible; PetalBot;+https://webmaster.petalsearch.com/site/petalbot)"
2a01:4f9:5a:1745::2 - - [16/Mar/2026:01:26:34 +0545] "POST /wp-cron.php?doing_wp_cron=1773603694.2972080707550048828125 HTTP/1.1" 200 0 "-" "WordPress/6.9.4; https://www.betterchitwan.com"
157.90.114.254 - - [16/Mar/2026:01:26:38 +0545] "GET /explaining-the-bet365-casino-free-spins-giveaway-bonus-offer/ HTTP/1.1" 404 796 "-" "Mozilla/5.0 (Windows NT 10.0; Win64; x64) AppleWebKit/537.36 (KHTML, like Gecko) Chrome/108.0.0.0 Safari/537.36"
2a01:4f9:5a:1745::2 - - [16/Mar/2026:01:28:56 +0545] "POST /wp-admin/admin-ajax.php?action=async_litespeed&nonce=661b1bd860&litespeed_type=imgoptm HTTP/1.1" 200 5 "-" "WordPress/6.9.4; https://www.betterchitwan.com"
176.223.172.213 - admin [16/Mar/2026:01:28:56 +0545] "POST /xmlrpc.php HTTP/1.1" 200 106 "-" "Mozilla/5.0 (X11; Linux x86_64) AppleWebKit/537.36 (KHTML, like Gecko) Chrome/114.0.0.0 Safari/537.36 Vivaldi/5.3.2679.68"
114.119.128.196 - - [16/Mar/2026:01:13:28 +0545] "GET /lander?tribe-bar-date=2024-12-05 HTTP/1.1" 404 796 "-" "Mozilla/5.0 (Linux; Android 7.0;) AppleWebKit/537.36 (KHTML, like Gecko) Mobile Safari/537.36 (compatible; PetalBot;+https://webmaster.petalsearch.com/site/petalbot)"
46.161.27.151 - - [16/Mar/2026:01:17:16 +0545] "POST /xmlrpc.php HTTP/1.1" 200 186 "-" "Mozilla/5.0 (Macintosh; Intel Mac OS X 10_15_7) AppleWebKit/605.1.15 (KHTML, like Gecko) Version/17.5 Safari/605.1.15"
114.119.136.5 - - [16/Mar/2026:01:20:02 +0545] "GET /events/tag/plant-a-tree/day/2025-08-31/ HTTP/1.1" 404 796 "https://www.betterchitwan.com/events/tag/plant-a-tree/list/?tribe-bar-date=2025-08-31" "Mozilla/5.0 (Linux; Android 7.0;) AppleWebKit/537.36 (KHTML, like Gecko) Mobile Safari/537.36 (compatible; PetalBot;+https://webmaster.petalsearch.com/site/petalbot)"
157.90.114.254 - - [16/Mar/2026:01:26:33 +0545] "POST /xmlrpc.php HTTP/1.1" 200 109 "-" "Mozilla/5.0 (Windows NT 10.0; Win64; x64) AppleWebKit/537.36 (KHTML, like Gecko) Chrome/108.0.0.0 Safari/537.36"
157.90.114.254 - - [16/Mar/2026:01:26:39 +0545] "POST /xmlrpc.php HTTP/1.1" 200 100 "-" "Mozilla/5.0 (Windows NT 10.0; Win64; x64) AppleWebKit/537.36 (KHTML, like Gecko) Chrome/108.0.0.0 Safari/537.36"
2a01:4f9:5a:1745::2 - - [16/Mar/2026:01:28:55 +0545] "POST /wp-cron.php?doing_wp_cron=1773603835.5532200336456298828125 HTTP/1.1" 200 0 "-" "WordPress/6.9.4; https://www.betterchitwan.com"
46.161.27.151 - - [16/Mar/2026:01:17:11 +0545] "GET / HTTP/1.1" 200 26936 "https://betterchitwan.com/" "Mozilla/5.0 (X11; Linux x86_64) AppleWebKit/537.36 (KHTML, like Gecko) Chrome/138.0.0.0 Safari/537.36"
94.23.188.195 - - [16/Mar/2026:01:25:51 +0545] "GET /?sitemap665_xml HTTP/1.1" 200 26931 "-" "Mozilla/5.0 (compatible; AhrefsBot/7.0; +http://ahrefs.com/robot/)"
176.223.172.213 - admin [16/Mar/2026:01:28:58 +0545] "POST /xmlrpc.php HTTP/1.1" 200 1528 "-" "Mozilla/5.0 (X11; Linux x86_64) AppleWebKit/537.36 (KHTML, like Gecko) Chrome/114.0.0.0 Safari/537.36 Vivaldi/5.3.2679.68"
51.68.247.203 - - [16/Mar/2026:01:13:26 +0545] "GET /events/category/save-narayani-movement/list/?eventDisplay=past HTTP/1.1" 404 796 "-" "Mozilla/5.0 (compatible; AhrefsBot/7.0; +http://ahrefs.com/robot/)"
46.161.27.151 - - [16/Mar/2026:01:17:09 +0545] "GET /xmlrpc.php HTTP/1.1" 405 46 "http://betterchitwan.com/xmlrpc.php" "Mozilla/5.0 (X11; Linux x86_64) AppleWebKit/537.36 (KHTML, like Gecko) Chrome/138.0.0.0 Safari/537.36"
114.119.128.196 - - [16/Mar/2026:01:21:44 +0545] "GET /events/tag/nature-cycling-event/month HTTP/1.1" 404 796 "-" "Mozilla/5.0 (Linux; Android 7.0;) AppleWebKit/537.36 (KHTML, like Gecko) Mobile Safari/537.36 (compatible; PetalBot;+https://webmaster.petalsearch.com/site/petalbot)"
2a01:4f9:5a:1745::2 - - [16/Mar/2026:01:25:50 +0545] "POST /wp-cron.php?doing_wp_cron=1773603650.8566310405731201171875 HTTP/1.1" 200 0 "-" "WordPress/6.9.4; https://www.betterchitwan.com"
2a01:4f9:5a:1745::2 - - [16/Mar/2026:01:25:52 +0545] "GET /wp-content/uploads/2019/11/divider.svg HTTP/1.1" 404 796 "-" "-"
176.223.172.213 - admin [16/Mar/2026:01:28:54 +0545] "POST /xmlrpc.php HTTP/1.1" 200 3130 "-" "Mozilla/5.0 (X11; Linux x86_64) AppleWebKit/537.36 (KHTML, like Gecko) Chrome/114.0.0.0 Safari/537.36 Vivaldi/5.3.2679.68"
2a01:4f9:5a:1745::2 - - [16/Mar/2026:01:28:59 +0545] "POST /wp-cron.php?doing_wp_cron=1773603838.8839409351348876953125 HTTP/1.1" 200 0 "-" "WordPress/6.9.4; https://www.betterchitwan.com"
114.119.136.5 - - [16/Mar/2026:01:28:59 +0545] "GET /events/category/youthwan/list?tribe-bar-date=2024-06-24 HTTP/1.1" 404 796 "-" "Mozilla/5.0 (Linux; Android 7.0;) AppleWebKit/537.36 (KHTML, like Gecko) Mobile Safari/537.36 (compatible; PetalBot;+https://webmaster.petalsearch.com/site/petalbot)"
2a01:4f9:5a:1745::2 - - [16/Mar/2026:01:17:13 +0545] "GET /wp-content/uploads/2019/11/divider.svg HTTP/1.1" 404 796 "-" "-"
46.161.27.151 - - [16/Mar/2026:01:17:15 +0545] "POST /xmlrpc.php HTTP/1.1" 200 643 "-" "Mozilla/5.0 (Windows NT 10.0; Win64; x64) AppleWebKit/537.36 (KHTML, like Gecko) Chrome/138.0.0.0 Safari/537.36 Edg/138.0.0.0"
2a01:4f9:5a:1745::2 - - [16/Mar/2026:01:25:51 +0545] "POST /wp-admin/admin-ajax.php?action=async_litespeed&nonce=661b1bd860&litespeed_type=imgoptm HTTP/1.1" 200 5 "-" "WordPress/6.9.4; https://www.betterchitwan.com"
157.90.114.254 - - [16/Mar/2026:01:26:35 +0545] "POST /xmlrpc.php HTTP/1.1" 200 2413 "-" "Mozilla/5.0 (Windows NT 10.0; Win64; x64) AppleWebKit/537.36 (KHTML, like Gecko) Chrome/108.0.0.0 Safari/537.36"
2a01:4f9:5a:1745::2 - - [16/Mar/2026:01:17:10 +0545] "POST /wp-cron.php?doing_wp_cron=1773603130.2912840843200683593750 HTTP/1.1" 200 0 "-" "WordPress/6.9.4; https://www.betterchitwan.com"
92.222.108.123 - - [16/Mar/2026:01:18:12 +0545] "GET /events/category/better-environment/today/ HTTP/1.1" 404 796 "-" "Mozilla/5.0 (compatible; AhrefsBot/7.0; +http://ahrefs.com/robot/)"
114.119.131.235 - - [16/Mar/2026:01:18:48 +0545] "GET /events/tag/wow-women-2023/list/?tribe-bar-date=2025-02-25&outlook-ical=1 HTTP/1.1" 404 796 "https://www.betterchitwan.com/events/tag/wow-women-2023/list/?tribe-bar-date=2025-02-25" "Mozilla/5.0 (Linux; Android 7.0;) AppleWebKit/537.36 (KHTML, like Gecko) Mobile Safari/537.36 (compatible; PetalBot;+https://webmaster.petalsearch.com/site/petalbot)"
114.119.131.235 - - [16/Mar/2026:01:24:15 +0545] "GET /events/tag/earth-hour/list?tribe-bar-date=2024-12-26 HTTP/1.1" 404 796 "-" "Mozilla/5.0 (Linux; Android 7.0;) AppleWebKit/537.36 (KHTML, like Gecko) Mobile Safari/537.36 (compatible; PetalBot;+https://webmaster.petalsearch.com/site/petalbot)"
2a01:4f9:5a:1745::2 - - [16/Mar/2026:01:26:35 +0545] "POST /wp-admin/admin-ajax.php?action=async_litespeed&nonce=661b1bd860&litespeed_type=imgoptm HTTP/1.1" 200 5 "-" "WordPress/6.9.4; https://www.betterchitwan.com"
2001:41d0:303:875e::1 - - [16/Mar/2026:01:31:41 +0545] "GET /%E0%A4%97%E0%A4%BE%E0%A4%89%E0%A4%81%E0%A4%AE%E0%A4%BE-%E0%A4%96%E0%A5%87%E0%A4%A4-%E0%A4%AC%E0%A4%BE%E0%A4%9D%E0%A5%88-%E0%A4%9B-%E0%A4%B8%E0%A4%B9%E0%A4%B0%E0%A4%AE%E0%A4%BE-%E0%A4%97%E0%A4%AE/ HTTP/1.1" 404 796 "-" "Mozilla/5.0 (compatible; MJ12bot/v1.4.8; http://mj12bot.com/)"
2001:41d0:303:875e::1 - - [16/Mar/2026:01:31:50 +0545] "GET /%E0%A4%97%E0%A4%BE%E0%A4%89%E0%A4%81%E0%A4%AE%E0%A4%BE-%E0%A4%96%E0%A5%87%E0%A4%A4-%E0%A4%AC%E0%A4%BE%E0%A4%9D%E0%A5%88-%E0%A4%9B-%E0%A4%B8%E0%A4%B9%E0%A4%B0%E0%A4%AE%E0%A4%BE-%E0%A4%97%E0%A4%AE/375457371_7425857330764420_1593001302939945154_n/ HTTP/1.1" 404 796 "-" "Mozilla/5.0 (compatible; MJ12bot/v1.4.8; http://mj12bot.com/)"
2001:41d0:303:875e::1 - - [16/Mar/2026:01:32:01 +0545] "GET /%E0%A4%97%E0%A5%88%E0%A4%82%E0%A4%A1%E0%A4%BE%E0%A4%95%E0%A5%8B%E0%A4%9F-%E0%A4%B0-%E0%A4%A6%E0%A5%87%E0%A4%B5%E0%A4%98%E0%A4%BE%E0%A4%9F-%E0%A4%95%E0%A5%8D%E0%A4%B7%E0%A5%87%E0%A4%A4%E0%A5%8D/ HTTP/1.1" 404 796 "-" "Mozilla/5.0 (compatible; MJ12bot/v1.4.8; http://mj12bot.com/)"
2001:41d0:303:875e::1 - - [16/Mar/2026:01:32:13 +0545] "GET /%E0%A4%98%E0%A4%B0%E0%A4%BE%E0%A4%AF%E0%A4%B8%E0%A5%80-%E0%A4%AB%E0%A5%8B%E0%A4%B9%E0%A5%8B%E0%A4%B0%E0%A4%95%E0%A5%8B-%E0%A4%AA%E0%A5%83%E0%A4%A5%E0%A4%95%E0%A5%80%E0%A4%95%E0%A4%B0%E0%A4%A3%E0%A4%95/445432213_771389205118247_5622175925454589155_n/ HTTP/1.1" 404 796 "-" "Mozilla/5.0 (compatible; MJ12bot/v1.4.8; http://mj12bot.com/)"
2001:41d0:303:875e::1 - - [16/Mar/2026:01:32:17 +0545] "GET /%E0%A4%9C%E0%A4%B2%E0%A4%B5%E0%A4%BE%E0%A4%AF%E0%A5%81-%E0%A4%AA%E0%A4%B0%E0%A4%BF%E0%A4%B5%E0%A4%B0%E0%A5%8D%E0%A4%A4%E0%A4%A8-%E0%A4%B0-%E0%A4%9C%E0%A4%B2%E0%A4%B5%E0%A4%BE%E0%A4%AF%E0%A5%81/ HTTP/1.1" 404 796 "-" "Mozilla/5.0 (compatible; MJ12bot/v1.4.8; http://mj12bot.com/)"
2001:41d0:303:875e::1 - - [16/Mar/2026:01:32:31 +0545] "GET /%E0%A4%9C%E0%A4%B2%E0%A4%B5%E0%A4%BE%E0%A4%AF%E0%A5%81-%E0%A4%AA%E0%A4%B0%E0%A4%BF%E0%A4%B5%E0%A4%B0%E0%A5%8D%E0%A4%A4%E0%A4%A8-%E0%A4%B0-%E0%A4%9C%E0%A4%B2%E0%A4%B5%E0%A4%BE%E0%A4%AF%E0%A5%81/469965020_900993302157836_8358156031598792378_n/ HTTP/1.1" 404 796 "-" "Mozilla/5.0 (compatible; MJ12bot/v1.4.8; http://mj12bot.com/)"
2001:41d0:303:875e::1 - - [16/Mar/2026:01:32:38 +0545] "GET /%E0%A4%A7%E0%A4%A8%E0%A4%95%E0%A5%8B-%E0%A4%A6%E0%A4%B9%E0%A4%A8-%E0%A4%A1%E0%A4%A2%E0%A5%87%E0%A4%B2%E0%A5%8B-%E0%A4%A8%E0%A4%BF%E0%A4%AF%E0%A4%A8%E0%A5%8D%E0%A4%A4%E0%A5%8D%E0%A4%B0%E0%A4%A3/ HTTP/1.1" 404 796 "-" "Mozilla/5.0 (compatible; MJ12bot/v1.4.8; http://mj12bot.com/)"
176.223.172.213 - xtw183875862 [16/Mar/2026:01:32:57 +0545] "POST /xmlrpc.php HTTP/1.1" 200 1606 "-" "Mozilla/5.0 (Macintosh; Intel Mac OS X 12_5) AppleWebKit/537.36 (KHTML, like Gecko) Chrome/114.0.0.0 Safari/537.36 OPR/89.0.4447.51"
2001:41d0:303:875e::1 - - [16/Mar/2026:01:33:01 +0545] "GET /%E0%A4%AC%E0%A4%BE%E0%A4%97%E0%A4%AE%E0%A4%A4%E0%A5%80-%E0%A4%AA%E0%A5%8D%E0%A4%B0%E0%A4%A6%E0%A5%87%E0%A4%B6-%E0%A4%B8%E0%A5%8D%E0%A4%A4%E0%A4%B0%E0%A5%80%E0%A4%AF-%E0%A4%B8%E0%A4%82%E0%A4%B5/471316889_909190764671423_8733141686345880872_n/ HTTP/1.1" 404 796 "-" "Mozilla/5.0 (compatible; MJ12bot/v1.4.8; http://mj12bot.com/)"
2001:41d0:303:875e::1 - - [16/Mar/2026:01:33:11 +0545] "GET /%E0%A4%AC%E0%A4%BE%E0%A4%97%E0%A4%AE%E0%A4%A4%E0%A5%80-%E0%A4%AA%E0%A5%8D%E0%A4%B0%E0%A4%A6%E0%A5%87%E0%A4%B6-%E0%A4%B8%E0%A5%8D%E0%A4%A4%E0%A4%B0%E0%A5%80%E0%A4%AF-%E0%A4%B8%E0%A4%82%E0%A4%B5/471550410_909190744671425_2803281629924006898_n/ HTTP/1.1" 404 796 "-" "Mozilla/5.0 (compatible; MJ12bot/v1.4.8; http://mj12bot.com/)"
2001:41d0:303:875e::1 - - [16/Mar/2026:01:33:17 +0545] "GET /%E0%A4%AD%E0%A4%B0%E0%A4%A4%E0%A4%AA%E0%A5%81%E0%A4%B0-%E0%A5%A8%E0%A5%AE-%E0%A4%AE%E0%A4%BE-%E0%A4%A8%E0%A4%BF%E0%A4%83%E0%A4%B6%E0%A5%81%E0%A4%B2%E0%A5%8D%E0%A4%95-%E0%A4%86%E0%A4%81%E0%A4%96/462620512_856429499947550_5232402905431726487_n/ HTTP/1.1" 404 796 "-" "Mozilla/5.0 (compatible; MJ12bot/v1.4.8; http://mj12bot.com/)"
2001:41d0:303:875e::1 - - [16/Mar/2026:01:31:45 +0545] "GET /%E0%A4%97%E0%A4%BE%E0%A4%89%E0%A4%81%E0%A4%AE%E0%A4%BE-%E0%A4%96%E0%A5%87%E0%A4%A4-%E0%A4%AC%E0%A4%BE%E0%A4%9D%E0%A5%88-%E0%A4%9B-%E0%A4%B8%E0%A4%B9%E0%A4%B0%E0%A4%AE%E0%A4%BE-%E0%A4%97%E0%A4%AE/375450498_7425857477431072_3600781820235601805_n/ HTTP/1.1" 404 796 "-" "Mozilla/5.0 (compatible; MJ12bot/v1.4.8; http://mj12bot.com/)"
2001:41d0:303:875e::1 - - [16/Mar/2026:01:31:48 +0545] "GET /%E0%A4%97%E0%A4%BE%E0%A4%89%E0%A4%81%E0%A4%AE%E0%A4%BE-%E0%A4%96%E0%A5%87%E0%A4%A4-%E0%A4%AC%E0%A4%BE%E0%A4%9D%E0%A5%88-%E0%A4%9B-%E0%A4%B8%E0%A4%B9%E0%A4%B0%E0%A4%AE%E0%A4%BE-%E0%A4%97%E0%A4%AE/375453378_7425856257431194_218939699398900244_n/ HTTP/1.1" 404 796 "-" "Mozilla/5.0 (compatible; MJ12bot/v1.4.8; http://mj12bot.com/)"
2001:41d0:303:875e::1 - - [16/Mar/2026:01:32:15 +0545] "GET /%E0%A4%98%E0%A4%B0%E0%A4%BE%E0%A4%AF%E0%A4%B8%E0%A5%80-%E0%A4%AB%E0%A5%8B%E0%A4%B9%E0%A5%8B%E0%A4%B0%E0%A4%95%E0%A5%8B-%E0%A4%AA%E0%A5%83%E0%A4%A5%E0%A4%95%E0%A5%80%E0%A4%95%E0%A4%B0%E0%A4%A3%E0%A4%95/445432213_771389468451554_5661453562863297791_n/ HTTP/1.1" 404 796 "-" "Mozilla/5.0 (compatible; MJ12bot/v1.4.8; http://mj12bot.com/)"
2001:41d0:303:875e::1 - - [16/Mar/2026:01:32:27 +0545] "GET /%E0%A4%9C%E0%A4%B2%E0%A4%B5%E0%A4%BE%E0%A4%AF%E0%A5%81-%E0%A4%AA%E0%A4%B0%E0%A4%BF%E0%A4%B5%E0%A4%B0%E0%A5%8D%E0%A4%A4%E0%A4%A8-%E0%A4%B0-%E0%A4%9C%E0%A4%B2%E0%A4%B5%E0%A4%BE%E0%A4%AF%E0%A5%81/469946160_900991228824710_969625537891645371_n/ HTTP/1.1" 404 796 "-" "Mozilla/5.0 (compatible; MJ12bot/v1.4.8; http://mj12bot.com/)"
2001:41d0:303:875e::1 - - [16/Mar/2026:01:32:29 +0545] "GET /%E0%A4%9C%E0%A4%B2%E0%A4%B5%E0%A4%BE%E0%A4%AF%E0%A5%81-%E0%A4%AA%E0%A4%B0%E0%A4%BF%E0%A4%B5%E0%A4%B0%E0%A5%8D%E0%A4%A4%E0%A4%A8-%E0%A4%B0-%E0%A4%9C%E0%A4%B2%E0%A4%B5%E0%A4%BE%E0%A4%AF%E0%A5%81/469946764_900991032158063_5085213965689855053_n/ HTTP/1.1" 404 796 "-" "Mozilla/5.0 (compatible; MJ12bot/v1.4.8; http://mj12bot.com/)"
2001:41d0:303:875e::1 - - [16/Mar/2026:01:32:33 +0545] "GET /%E0%A4%9C%E0%A4%B2%E0%A4%B5%E0%A4%BE%E0%A4%AF%E0%A5%81-%E0%A4%AA%E0%A4%B0%E0%A4%BF%E0%A4%B5%E0%A4%B0%E0%A5%8D%E0%A4%A4%E0%A4%A8-%E0%A4%B0-%E0%A4%9C%E0%A4%B2%E0%A4%B5%E0%A4%BE%E0%A4%AF%E0%A5%81/470027882_900994008824432_5193078102864203407_n/ HTTP/1.1" 404 796 "-" "Mozilla/5.0 (compatible; MJ12bot/v1.4.8; http://mj12bot.com/)"
2001:41d0:303:875e::1 - - [16/Mar/2026:01:32:36 +0545] "GET /%E0%A4%A6%E0%A4%B6%E0%A5%88%E0%A4%81-%E0%A4%B8%E0%A4%AC%E0%A5%88%E0%A4%95%E0%A4%BE%E0%A5%87-%E0%A4%B2%E0%A4%BE%E0%A4%97%E0%A4%BF-%E0%A5%A8%E0%A5%A6%E0%A5%A8%E0%A5%A9/ HTTP/1.1" 404 796 "-" "Mozilla/5.0 (compatible; MJ12bot/v1.4.8; http://mj12bot.com/)"
2001:41d0:303:875e::1 - - [16/Mar/2026:01:32:57 +0545] "GET /%E0%A4%AC%E0%A4%BE%E0%A4%97%E0%A4%AE%E0%A4%A4%E0%A5%80-%E0%A4%AA%E0%A5%8D%E0%A4%B0%E0%A4%A6%E0%A5%87%E0%A4%B6-%E0%A4%B8%E0%A5%8D%E0%A4%A4%E0%A4%B0%E0%A5%80%E0%A4%AF-%E0%A4%B8%E0%A4%82%E0%A4%B5/471304102_909189831338183_3986955192742634783_n/ HTTP/1.1" 404 796 "-" "Mozilla/5.0 (compatible; MJ12bot/v1.4.8; http://mj12bot.com/)"
2001:41d0:303:875e::1 - - [16/Mar/2026:01:33:03 +0545] "GET /%E0%A4%AC%E0%A4%BE%E0%A4%97%E0%A4%AE%E0%A4%A4%E0%A5%80-%E0%A4%AA%E0%A5%8D%E0%A4%B0%E0%A4%A6%E0%A5%87%E0%A4%B6-%E0%A4%B8%E0%A5%8D%E0%A4%A4%E0%A4%B0%E0%A5%80%E0%A4%AF-%E0%A4%B8%E0%A4%82%E0%A4%B5/471355361_909189791338187_3123509989941356487_n/ HTTP/1.1" 404 796 "-" "Mozilla/5.0 (compatible; MJ12bot/v1.4.8; http://mj12bot.com/)"
2001:41d0:303:875e::1 - - [16/Mar/2026:01:33:08 +0545] "GET /%E0%A4%AC%E0%A4%BE%E0%A4%97%E0%A4%AE%E0%A4%A4%E0%A5%80-%E0%A4%AA%E0%A5%8D%E0%A4%B0%E0%A4%A6%E0%A5%87%E0%A4%B6-%E0%A4%B8%E0%A5%8D%E0%A4%A4%E0%A4%B0%E0%A5%80%E0%A4%AF-%E0%A4%B8%E0%A4%82%E0%A4%B5/471510125_909190491338117_5030756363950144521_n/ HTTP/1.1" 404 796 "-" "Mozilla/5.0 (compatible; MJ12bot/v1.4.8; http://mj12bot.com/)"
192.178.6.67 - - [16/Mar/2026:01:31:17 +0545] "GET /events/category/youth-motivators-club-ymc/list/?tribe-bar-date=2025-03-07&eventDisplay=past HTTP/1.1" 404 796 "-" "Mozilla/5.0 (Linux; Android 6.0.1; Nexus 5X Build/MMB29P) AppleWebKit/537.36 (KHTML, like Gecko) Chrome/145.0.7632.116 Mobile Safari/537.36 (compatible; Googlebot/2.1; +http://www.google.com/bot.html)"
2001:41d0:303:875e::1 - - [16/Mar/2026:01:31:43 +0545] "GET /%E0%A4%97%E0%A4%BE%E0%A4%89%E0%A4%81%E0%A4%AE%E0%A4%BE-%E0%A4%96%E0%A5%87%E0%A4%A4-%E0%A4%AC%E0%A4%BE%E0%A4%9D%E0%A5%88-%E0%A4%9B-%E0%A4%B8%E0%A4%B9%E0%A4%B0%E0%A4%AE%E0%A4%BE-%E0%A4%97%E0%A4%AE/375450205_7425857127431107_7977988496664688296_n/ HTTP/1.1" 404 796 "-" "Mozilla/5.0 (compatible; MJ12bot/v1.4.8; http://mj12bot.com/)"
2001:41d0:303:875e::1 - - [16/Mar/2026:01:31:52 +0545] "GET /%E0%A4%97%E0%A4%BE%E0%A4%89%E0%A4%81%E0%A4%AE%E0%A4%BE-%E0%A4%96%E0%A5%87%E0%A4%A4-%E0%A4%AC%E0%A4%BE%E0%A4%9D%E0%A5%88-%E0%A4%9B-%E0%A4%B8%E0%A4%B9%E0%A4%B0%E0%A4%AE%E0%A4%BE-%E0%A4%97%E0%A4%AE/375457970_7425856580764495_9095952602918975187_n/ HTTP/1.1" 404 796 "-" "Mozilla/5.0 (compatible; MJ12bot/v1.4.8; http://mj12bot.com/)"
2001:41d0:303:875e::1 - - [16/Mar/2026:01:31:53 +0545] "GET /%E0%A4%97%E0%A4%BE%E0%A4%89%E0%A4%81%E0%A4%AE%E0%A4%BE-%E0%A4%96%E0%A5%87%E0%A4%A4-%E0%A4%AC%E0%A4%BE%E0%A4%9D%E0%A5%88-%E0%A4%9B-%E0%A4%B8%E0%A4%B9%E0%A4%B0%E0%A4%AE%E0%A4%BE-%E0%A4%97%E0%A4%AE/375459500_7425857994097687_2596407200983827331_n/ HTTP/1.1" 404 796 "-" "Mozilla/5.0 (compatible; MJ12bot/v1.4.8; http://mj12bot.com/)"
2001:41d0:303:875e::1 - - [16/Mar/2026:01:32:24 +0545] "GET /%E0%A4%9C%E0%A4%B2%E0%A4%B5%E0%A4%BE%E0%A4%AF%E0%A5%81-%E0%A4%AA%E0%A4%B0%E0%A4%BF%E0%A4%B5%E0%A4%B0%E0%A5%8D%E0%A4%A4%E0%A4%A8-%E0%A4%B0-%E0%A4%9C%E0%A4%B2%E0%A4%B5%E0%A4%BE%E0%A4%AF%E0%A5%81/469911424_900993945491105_6461097536951345589_n/ HTTP/1.1" 404 796 "-" "Mozilla/5.0 (compatible; MJ12bot/v1.4.8; http://mj12bot.com/)"
2001:41d0:303:875e::1 - - [16/Mar/2026:01:32:25 +0545] "GET /%E0%A4%9C%E0%A4%B2%E0%A4%B5%E0%A4%BE%E0%A4%AF%E0%A5%81-%E0%A4%AA%E0%A4%B0%E0%A4%BF%E0%A4%B5%E0%A4%B0%E0%A5%8D%E0%A4%A4%E0%A4%A8-%E0%A4%B0-%E0%A4%9C%E0%A4%B2%E0%A4%B5%E0%A4%BE%E0%A4%AF%E0%A5%81/469920397_900993155491184_4622240383852508577_n/ HTTP/1.1" 404 796 "-" "Mozilla/5.0 (compatible; MJ12bot/v1.4.8; http://mj12bot.com/)"
2001:41d0:303:875e::1 - - [16/Mar/2026:01:32:44 +0545] "GET /%E0%A4%AC%E0%A4%BE%E0%A4%97%E0%A4%AE%E0%A4%A4%E0%A5%80-%E0%A4%AA%E0%A5%8D%E0%A4%B0%E0%A4%A6%E0%A5%87%E0%A4%B6-%E0%A4%B8%E0%A5%8D%E0%A4%A4%E0%A4%B0%E0%A5%80%E0%A4%AF-%E0%A4%B8%E0%A4%82%E0%A4%B5/ HTTP/1.1" 404 796 "-" "Mozilla/5.0 (compatible; MJ12bot/v1.4.8; http://mj12bot.com/)"
2a01:4f9:5a:1745::2 - - [16/Mar/2026:01:32:55 +0545] "POST /wp-cron.php?doing_wp_cron=1773604075.4188508987426757812500 HTTP/1.1" 200 0 "-" "WordPress/6.9.4; https://www.betterchitwan.com"
2001:41d0:303:875e::1 - - [16/Mar/2026:01:33:26 +0545] "GET /%E0%A4%B6%E0%A5%8D%E0%A4%B0%E0%A5%80-%E0%A4%9A%E0%A4%AE%E0%A5%87%E0%A4%B2%E0%A5%80-%E0%A4%A6%E0%A5%87%E0%A4%B5%E0%A5%80-%E0%A4%AA%E0%A4%BF%E0%A4%AF-%E0%A4%AE%E0%A4%BE%E0%A4%A7%E0%A5%8D%E0%A4%AF/459268308_838492498407917_1022242626987846266_n/ HTTP/1.1" 404 796 "-" "Mozilla/5.0 (compatible; MJ12bot/v1.4.8; http://mj12bot.com/)"
2001:41d0:303:875e::1 - - [16/Mar/2026:01:33:40 +0545] "GET /category/%E0%A4%AE%E0%A4%B9%E0%A4%BE%E0%A4%A8%E0%A4%97%E0%A4%B0%E0%A4%AA%E0%A4%BE%E0%A4%B2%E0%A4%BF%E0%A4%95%E0%A4%BE-%E0%A4%B8%E0%A4%81%E0%A4%97-%E0%A4%AC%E0%A4%BE%E0%A4%B2%E0%A4%AC%E0%A4%BE%E0%A4%B2%E0%A4%BF/ HTTP/1.1" 404 796 "-" "Mozilla/5.0 (compatible; MJ12bot/v1.4.8; http://mj12bot.com/)"
2001:41d0:303:875e::1 - - [16/Mar/2026:01:33:47 +0545] "GET /event/%E0%A4%9C%E0%A4%B2%E0%A4%B5%E0%A4%BE%E0%A4%AF%E0%A5%81-%E0%A4%AA%E0%A4%B0%E0%A4%BF%E0%A4%B5%E0%A4%B0%E0%A5%8D%E0%A4%A4%E0%A4%A8-%E0%A4%B0-%E0%A4%9C%E0%A4%B2%E0%A4%B5%E0%A4%BE%E0%A4%AF%E0%A5%81/ HTTP/1.1" 404 796 "-" "Mozilla/5.0 (compatible; MJ12bot/v1.4.8; http://mj12bot.com/)"
114.119.145.188 - - [16/Mar/2026:01:30:17 +0545] "GET /events/category/youthwan/list/?tribe-bar-date=2025-02-28&eventDisplay=past&ical=1 HTTP/1.1" 404 796 "https://www.betterchitwan.com/events/category/youthwan/list/?tribe-bar-date=2025-02-28&eventDisplay=past" "Mozilla/5.0 (Linux; Android 7.0;) AppleWebKit/537.36 (KHTML, like Gecko) Mobile Safari/537.36 (compatible; PetalBot;+https://webmaster.petalsearch.com/site/petalbot)"
2001:41d0:303:875e::1 - - [16/Mar/2026:01:31:55 +0545] "GET /%E0%A4%97%E0%A4%BE%E0%A4%89%E0%A4%81%E0%A4%AE%E0%A4%BE-%E0%A4%96%E0%A5%87%E0%A4%A4-%E0%A4%AC%E0%A4%BE%E0%A4%9D%E0%A5%88-%E0%A4%9B-%E0%A4%B8%E0%A4%B9%E0%A4%B0%E0%A4%AE%E0%A4%BE-%E0%A4%97%E0%A4%AE/375463079_7425856090764544_4198748753465056322_n/ HTTP/1.1" 404 796 "-" "Mozilla/5.0 (compatible; MJ12bot/v1.4.8; http://mj12bot.com/)"
216.244.66.231 - - [16/Mar/2026:01:32:13 +0545] "GET /robots.txt HTTP/1.1" 304 0 "-" "Mozilla/5.0 (compatible; DotBot/1.2; +https://opensiteexplorer.org/dotbot; help@moz.com)"
2001:41d0:303:875e::1 - - [16/Mar/2026:01:32:46 +0545] "GET /%E0%A4%AC%E0%A4%BE%E0%A4%97%E0%A4%AE%E0%A4%A4%E0%A5%80-%E0%A4%AA%E0%A5%8D%E0%A4%B0%E0%A4%A6%E0%A5%87%E0%A4%B6-%E0%A4%B8%E0%A5%8D%E0%A4%A4%E0%A4%B0%E0%A5%80%E0%A4%AF-%E0%A4%B8%E0%A4%82%E0%A4%B5/471200460_909190338004799_6140623822594557029_n/ HTTP/1.1" 404 796 "-" "Mozilla/5.0 (compatible; MJ12bot/v1.4.8; http://mj12bot.com/)"
2001:41d0:303:875e::1 - - [16/Mar/2026:01:32:52 +0545] "GET /%E0%A4%AC%E0%A4%BE%E0%A4%97%E0%A4%AE%E0%A4%A4%E0%A5%80-%E0%A4%AA%E0%A5%8D%E0%A4%B0%E0%A4%A6%E0%A5%87%E0%A4%B6-%E0%A4%B8%E0%A5%8D%E0%A4%A4%E0%A4%B0%E0%A5%80%E0%A4%AF-%E0%A4%B8%E0%A4%82%E0%A4%B5/471266661_909190564671443_7999177684519831071_n/ HTTP/1.1" 404 796 "-" "Mozilla/5.0 (compatible; MJ12bot/v1.4.8; http://mj12bot.com/)"
2001:41d0:303:875e::1 - - [16/Mar/2026:01:32:53 +0545] "GET /%E0%A4%AC%E0%A4%BE%E0%A4%97%E0%A4%AE%E0%A4%A4%E0%A5%80-%E0%A4%AA%E0%A5%8D%E0%A4%B0%E0%A4%A6%E0%A5%87%E0%A4%B6-%E0%A4%B8%E0%A5%8D%E0%A4%A4%E0%A4%B0%E0%A5%80%E0%A4%AF-%E0%A4%B8%E0%A4%82%E0%A4%B5/471273962_909203328003500_8426150262944463030_n/ HTTP/1.1" 404 796 "-" "Mozilla/5.0 (compatible; MJ12bot/v1.4.8; http://mj12bot.com/)"
2001:41d0:303:875e::1 - - [16/Mar/2026:01:33:05 +0545] "GET /%E0%A4%AC%E0%A4%BE%E0%A4%97%E0%A4%AE%E0%A4%A4%E0%A5%80-%E0%A4%AA%E0%A5%8D%E0%A4%B0%E0%A4%A6%E0%A5%87%E0%A4%B6-%E0%A4%B8%E0%A5%8D%E0%A4%A4%E0%A4%B0%E0%A5%80%E0%A4%AF-%E0%A4%B8%E0%A4%82%E0%A4%B5/471412948_909190628004770_2449856945177370927_n/ HTTP/1.1" 404 796 "-" "Mozilla/5.0 (compatible; MJ12bot/v1.4.8; http://mj12bot.com/)"
2001:41d0:303:875e::1 - - [16/Mar/2026:01:33:06 +0545] "GET /%E0%A4%AC%E0%A4%BE%E0%A4%97%E0%A4%AE%E0%A4%A4%E0%A5%80-%E0%A4%AA%E0%A5%8D%E0%A4%B0%E0%A4%A6%E0%A5%87%E0%A4%B6-%E0%A4%B8%E0%A5%8D%E0%A4%A4%E0%A4%B0%E0%A5%80%E0%A4%AF-%E0%A4%B8%E0%A4%82%E0%A4%B5/471489987_909190404671459_3268593194383511292_n/ HTTP/1.1" 404 796 "-" "Mozilla/5.0 (compatible; MJ12bot/v1.4.8; http://mj12bot.com/)"
2001:41d0:303:875e::1 - - [16/Mar/2026:01:33:38 +0545] "GET /better-citwan-to-organize-second-edition-of-%F0%9D%97%96%F0%9D%97%B5%F0%9D%97%B6%F0%9D%98%81%F0%9D%98%81%F0%9D%97%AE%F0%9D%98%82%F0%9D%97%BB-%F0%9D%97%9E%F0%9D%97%AE%F0%9D%97%B0%F0%9D%97%B5/ HTTP/1.1" 404 796 "-" "Mozilla/5.0 (compatible; MJ12bot/v1.4.8; http://mj12bot.com/)"
2001:41d0:303:875e::1 - - [16/Mar/2026:01:33:44 +0545] "GET /event/%E0%A4%9A%E0%A4%BF%E0%A4%A4%E0%A4%B5%E0%A4%A8%E0%A4%AE%E0%A4%BE-%E0%A4%AE%E0%A4%A8%E0%A4%BE%E0%A4%87%E0%A4%AF%E0%A5%8B-%E0%A4%B5%E0%A4%BF%E0%A4%B6%E0%A5%8D%E0%A4%B5-%E0%A4%B8%E0%A4%BF%E0%A4%AE/ HTTP/1.1" 404 796 "-" "Mozilla/5.0 (compatible; MJ12bot/v1.4.8; http://mj12bot.com/)"
2001:41d0:303:875e::1 - - [16/Mar/2026:01:33:49 +0545] "GET /event/%E0%A4%A4%E0%A4%BF%E0%A4%9C-%E0%A4%B8%E0%A4%AC%E0%A5%88%E0%A4%95%E0%A4%BE-%E0%A4%B2%E0%A4%BE%E0%A4%97%E0%A4%BF/ HTTP/1.1" 404 796 "-" "Mozilla/5.0 (compatible; MJ12bot/v1.4.8; http://mj12bot.com/)"
2001:41d0:303:875e::1 - - [16/Mar/2026:01:29:29 +0545] "GET /%D0%BB%D1%83%D1%87%D1%88%D0%B8%D0%B5-%D0%BE%D0%BD%D0%BB%D0%B0%D0%B9%D0%BD-%D0%BA%D0%B0%D0%B7%D0%B8%D0%BD%D0%BE-%D1%81-%D0%B1%D0%BE%D0%BD%D1%83%D1%81%D0%B0%D0%BC%D0%B8-%D0%B4%D0%BB%D1%8F-%D0%B8%D0%B3/ HTTP/1.1" 404 796 "-" "Mozilla/5.0 (compatible; MJ12bot/v1.4.8; http://mj12bot.com/)"
2001:41d0:303:875e::1 - - [16/Mar/2026:01:32:07 +0545] "GET /%E0%A4%98%E0%A4%B0%E0%A4%BE%E0%A4%AF%E0%A4%B8%E0%A5%80-%E0%A4%AB%E0%A5%8B%E0%A4%B9%E0%A5%8B%E0%A4%B0%E0%A4%95%E0%A5%8B-%E0%A4%AA%E0%A5%83%E0%A4%A5%E0%A4%95%E0%A5%80%E0%A4%95%E0%A4%B0%E0%A4%A3%E0%A4%95/445109563_771389388451562_7749712930101871688_n/ HTTP/1.1" 404 796 "-" "Mozilla/5.0 (compatible; MJ12bot/v1.4.8; http://mj12bot.com/)"
2001:41d0:303:875e::1 - - [16/Mar/2026:01:32:20 +0545] "GET /%E0%A4%9C%E0%A4%B2%E0%A4%B5%E0%A4%BE%E0%A4%AF%E0%A5%81-%E0%A4%AA%E0%A4%B0%E0%A4%BF%E0%A4%B5%E0%A4%B0%E0%A5%8D%E0%A4%A4%E0%A4%A8-%E0%A4%B0-%E0%A4%9C%E0%A4%B2%E0%A4%B5%E0%A4%BE%E0%A4%AF%E0%A5%81/469889332_900994385491061_6977504897381687818_n/ HTTP/1.1" 404 796 "-" "Mozilla/5.0 (compatible; MJ12bot/v1.4.8; http://mj12bot.com/)"
2001:41d0:303:875e::1 - - [16/Mar/2026:01:32:22 +0545] "GET /%E0%A4%9C%E0%A4%B2%E0%A4%B5%E0%A4%BE%E0%A4%AF%E0%A5%81-%E0%A4%AA%E0%A4%B0%E0%A4%BF%E0%A4%B5%E0%A4%B0%E0%A5%8D%E0%A4%A4%E0%A4%A8-%E0%A4%B0-%E0%A4%9C%E0%A4%B2%E0%A4%B5%E0%A4%BE%E0%A4%AF%E0%A5%81/469889336_900995275490972_7089505057858978696_n/ HTTP/1.1" 404 796 "-" "Mozilla/5.0 (compatible; MJ12bot/v1.4.8; http://mj12bot.com/)"
2001:41d0:303:875e::1 - - [16/Mar/2026:01:32:42 +0545] "GET /%E0%A4%AA%E0%A4%B0%E0%A5%8D%E0%A4%AF%E0%A4%BE%E0%A4%B5%E0%A4%B0%E0%A4%A3%E0%A4%95%E0%A4%BE-%E0%A4%B2%E0%A4%BE%E0%A4%97%E0%A4%BF-%E0%A4%AF%E0%A5%81%E0%A4%B5%E0%A4%BE-%E0%A4%86%E0%A4%B5%E0%A4%BE/ HTTP/1.1" 404 796 "-" "Mozilla/5.0 (compatible; MJ12bot/v1.4.8; http://mj12bot.com/)"
2001:41d0:303:875e::1 - - [16/Mar/2026:01:32:50 +0545] "GET /%E0%A4%AC%E0%A4%BE%E0%A4%97%E0%A4%AE%E0%A4%A4%E0%A5%80-%E0%A4%AA%E0%A5%8D%E0%A4%B0%E0%A4%A6%E0%A5%87%E0%A4%B6-%E0%A4%B8%E0%A5%8D%E0%A4%A4%E0%A4%B0%E0%A5%80%E0%A4%AF-%E0%A4%B8%E0%A4%82%E0%A4%B5/471252106_909189871338179_661176017424502534_n/ HTTP/1.1" 404 796 "-" "Mozilla/5.0 (compatible; MJ12bot/v1.4.8; http://mj12bot.com/)"
176.223.172.213 - xtw183875862 [16/Mar/2026:01:32:56 +0545] "POST /xmlrpc.php HTTP/1.1" 200 106 "-" "Mozilla/5.0 (Macintosh; Intel Mac OS X 12_5) AppleWebKit/537.36 (KHTML, like Gecko) Chrome/114.0.0.0 Safari/537.36 OPR/89.0.4447.51"
2001:41d0:303:875e::1 - - [16/Mar/2026:01:33:27 +0545] "GET /%E0%A4%B6%E0%A5%8D%E0%A4%B0%E0%A5%80-%E0%A4%9A%E0%A4%AE%E0%A5%87%E0%A4%B2%E0%A5%80-%E0%A4%A6%E0%A5%87%E0%A4%B5%E0%A5%80-%E0%A4%AA%E0%A4%BF%E0%A4%AF-%E0%A4%AE%E0%A4%BE%E0%A4%A7%E0%A5%8D%E0%A4%AF/459268932_838492811741219_1307311741222252162_n/ HTTP/1.1" 404 796 "-" "Mozilla/5.0 (compatible; MJ12bot/v1.4.8; http://mj12bot.com/)"
2001:41d0:303:875e::1 - - [16/Mar/2026:01:33:31 +0545] "GET /%E0%A4%B6%E0%A5%8D%E0%A4%B0%E0%A5%80-%E0%A4%9A%E0%A4%AE%E0%A5%87%E0%A4%B2%E0%A5%80-%E0%A4%A6%E0%A5%87%E0%A4%B5%E0%A5%80-%E0%A4%AA%E0%A4%BF%E0%A4%AF-%E0%A4%AE%E0%A4%BE%E0%A4%A7%E0%A5%8D%E0%A4%AF/459394297_838492738407893_1674884725103867205_n/ HTTP/1.1" 404 796 "-" "Mozilla/5.0 (compatible; MJ12bot/v1.4.8; http://mj12bot.com/)"
2001:41d0:303:875e::1 - - [16/Mar/2026:01:33:36 +0545] "GET /%E0%A4%B9%E0%A4%BE%E0%A4%B0%E0%A5%8D%E0%A4%A6%E0%A5%80%E0%A4%95-%E0%A4%B6%E0%A5%8D%E0%A4%B0%E0%A4%A6%E0%A5%8D%E0%A4%A7%E0%A4%BE%E0%A4%9E%E0%A5%8D%E0%A4%9C%E0%A4%B2%E0%A5%80-9n-anc-atr-72/ HTTP/1.1" 404 796 "-" "Mozilla/5.0 (compatible; MJ12bot/v1.4.8; http://mj12bot.com/)"
2001:41d0:303:875e::1 - - [16/Mar/2026:01:33:51 +0545] "GET /event/%E0%A4%A4%E0%A4%BF%E0%A4%9C-%E0%A4%B8%E0%A4%AC%E0%A5%88%E0%A4%95%E0%A4%BE-%E0%A4%B2%E0%A4%BE%E0%A4%97%E0%A4%BF/feed/ HTTP/1.1" 404 796 "-" "Mozilla/5.0 (compatible; MJ12bot/v1.4.8; http://mj12bot.com/)"
176.223.172.213 - admlnlx [16/Mar/2026:01:35:28 +0545] "POST /xmlrpc.php HTTP/1.1" 200 3130 "-" "Mozilla/5.0 (Macintosh; Intel Mac OS X 10_14_6) AppleWebKit/537.36 (KHTML, like Gecko) Chrome/80.0.3987.132 Safari/537.36"
114.119.131.235 - - [16/Mar/2026:01:31:26 +0545] "GET /events/category/youthwan/list/?tribe-bar-date=2024-07-24&outlook-ical=1 HTTP/1.1" 404 796 "https://www.betterchitwan.com/events/category/youthwan/list/?tribe-bar-date=2024-07-24" "Mozilla/5.0 (Linux; Android 7.0;) AppleWebKit/537.36 (KHTML, like Gecko) Mobile Safari/537.36 (compatible; PetalBot;+https://webmaster.petalsearch.com/site/petalbot)"
2001:41d0:303:875e::1 - - [16/Mar/2026:01:31:59 +0545] "GET /%E0%A4%97%E0%A4%BE%E0%A4%89%E0%A4%81%E0%A4%AE%E0%A4%BE-%E0%A4%96%E0%A5%87%E0%A4%A4-%E0%A4%AC%E0%A4%BE%E0%A4%9D%E0%A5%88-%E0%A4%9B-%E0%A4%B8%E0%A4%B9%E0%A4%B0%E0%A4%AE%E0%A4%BE-%E0%A4%97%E0%A4%AE/375599670_7425856780764475_1632402043154270055_n/ HTTP/1.1" 404 796 "-" "Mozilla/5.0 (compatible; MJ12bot/v1.4.8; http://mj12bot.com/)"
2001:41d0:303:875e::1 - - [16/Mar/2026:01:32:05 +0545] "GET /%E0%A4%98%E0%A4%B0%E0%A4%BE%E0%A4%AF%E0%A4%B8%E0%A5%80-%E0%A4%AB%E0%A5%8B%E0%A4%B9%E0%A5%8B%E0%A4%B0%E0%A4%95%E0%A5%8B-%E0%A4%AA%E0%A5%83%E0%A4%A5%E0%A4%95%E0%A5%80%E0%A4%95%E0%A4%B0%E0%A4%A3%E0%A4%95/445066254_771389438451557_6762590590684919331_n/ HTTP/1.1" 404 796 "-" "Mozilla/5.0 (compatible; MJ12bot/v1.4.8; http://mj12bot.com/)"
2001:41d0:303:875e::1 - - [16/Mar/2026:01:32:40 +0545] "GET /%E0%A4%A8%E0%A5%87%E0%A4%AA%E0%A4%BE%E0%A4%B2-%E0%A4%B2%E0%A4%95%E0%A4%A1%E0%A4%BE%E0%A4%89%E0%A4%A8-%E0%A4%9B-%E0%A5%A4/ HTTP/1.1" 404 796 "-" "Mozilla/5.0 (compatible; MJ12bot/v1.4.8; http://mj12bot.com/)"
