109.178.126.156 - - [16/Mar/2026:12:19:54 +0545] "POST /xmlrpc.php HTTP/1.1" 200 186 "-" "Mozilla/5.0 (Windows NT 6.3; arm64) AppleWebKit/537.36 (KHTML, like Gecko) Opera/68.0.0.0 Safari/537.36"
114.119.131.235 - - [16/Mar/2026:12:20:03 +0545] "GET /events/category/wow-women/list/?tribe-bar-date=2024-10-08&eventDisplay=past HTTP/1.1" 404 796 "https://www.betterchitwan.com/events/category/wow-women/list/?tribe-bar-date=2024-10-08" "Mozilla/5.0 (Linux; Android 7.0;) AppleWebKit/537.36 (KHTML, like Gecko) Mobile Safari/537.36 (compatible; PetalBot;+https://webmaster.petalsearch.com/site/petalbot)"
196.177.105.105 - - [16/Mar/2026:12:22:16 +0545] "GET /wp-json/tribe/events/v1/ HTTP/1.1" 404 796 "-" "Opera/9.18.(X11; Linux x86_64; af-ZA) Presto/2.9.184 Version/10.00"
2a01:4f9:5a:1745::2 - - [16/Mar/2026:12:22:54 +0545] "POST /wp-admin/admin-ajax.php?action=async_litespeed&nonce=4ef15963e2&litespeed_type=imgoptm HTTP/1.1" 200 5 "-" "WordPress/6.9.4; https://www.betterchitwan.com"
159.203.6.112 - - [16/Mar/2026:12:26:52 +0545] "GET /wp-content/plugins/helloapx/wp-apxupx.php?apx=upx HTTP/1.1" 404 796 "-" "Mozlila/5.0 (Linux; Android 7.0; SM-G892A Bulid/NRD90M; wv) AppleWebKit/537.36 (KHTML, like Gecko) Version/4.0 Chrome/60.0.3112.107 Moblie Safari/537.36"
159.203.6.112 - - [16/Mar/2026:12:27:08 +0545] "GET /wp-includes/fonts/about.php HTTP/1.1" 404 796 "-" "Mozlila/5.0 (Linux; Android 7.0; SM-G892A Bulid/NRD90M; wv) AppleWebKit/537.36 (KHTML, like Gecko) Version/4.0 Chrome/60.0.3112.107 Moblie Safari/537.36"
109.178.126.156 - - [16/Mar/2026:12:10:57 +0545] "POST /xmlrpc.php HTTP/1.1" 200 186 "-" "Mozilla/5.0 (Macintosh; Intel Mac OS X 10_15_7; x64) AppleWebKit/537.36 (KHTML, like Gecko) Opera/80.0.0.0 Safari/537.36"
2a01:4f9:5a:1745::2 - - [16/Mar/2026:12:11:56 +0545] "POST /wp-admin/admin-ajax.php?action=async_litespeed&nonce=4ef15963e2&litespeed_type=imgoptm HTTP/1.1" 200 5 "-" "WordPress/6.9.4; https://www.betterchitwan.com"
2a01:4f9:5a:1745::2 - - [16/Mar/2026:12:14:40 +0545] "POST /wp-cron.php?doing_wp_cron=1773642579.9728450775146484375000 HTTP/1.1" 200 0 "-" "WordPress/6.9.4; https://www.betterchitwan.com"
2a01:4f9:5a:1745::2 - - [16/Mar/2026:12:14:40 +0545] "POST /wp-admin/admin-ajax.php?action=async_litespeed&nonce=4ef15963e2&litespeed_type=imgoptm HTTP/1.1" 200 5 "-" "WordPress/6.9.4; https://www.betterchitwan.com"
109.178.126.156 - - [16/Mar/2026:12:16:58 +0545] "POST /xmlrpc.php HTTP/1.1" 200 186 "-" "Mozilla/5.0 (Macintosh; Intel Mac OS X 10_15_7; x86) AppleWebKit/537.36 (KHTML, like Gecko) Safari/14.0.0.0 Safari/537.36"
2a01:4f9:5a:1745::2 - - [16/Mar/2026:12:17:54 +0545] "POST /wp-cron.php?doing_wp_cron=1773642774.5443029403686523437500 HTTP/1.1" 200 0 "-" "WordPress/6.9.4; https://www.betterchitwan.com"
2a01:4f9:5a:1745::2 - - [16/Mar/2026:12:19:54 +0545] "POST /wp-cron.php?doing_wp_cron=1773642894.7133860588073730468750 HTTP/1.1" 200 0 "-" "WordPress/6.9.4; https://www.betterchitwan.com"
2a01:4f9:5a:1745::2 - - [16/Mar/2026:12:20:55 +0545] "POST /wp-admin/admin-ajax.php?action=async_litespeed&nonce=4ef15963e2&litespeed_type=imgoptm HTTP/1.1" 200 5 "-" "WordPress/6.9.4; https://www.betterchitwan.com"
216.244.66.231 - - [16/Mar/2026:12:21:40 +0545] "GET /robots.txt HTTP/1.1" 304 0 "-" "Mozilla/5.0 (compatible; DotBot/1.2; +https://opensiteexplorer.org/dotbot; help@moz.com)"
2a01:4f9:5a:1745::2 - - [16/Mar/2026:12:26:56 +0545] "POST /wp-cron.php?doing_wp_cron=1773643315.9101290702819824218750 HTTP/1.1" 200 0 "-" "WordPress/6.9.4; https://www.betterchitwan.com"
159.203.6.112 - - [16/Mar/2026:12:27:05 +0545] "GET /wp-admin/images/index.php HTTP/1.1" 404 796 "-" "Mozlila/5.0 (Linux; Android 7.0; SM-G892A Bulid/NRD90M; wv) AppleWebKit/537.36 (KHTML, like Gecko) Version/4.0 Chrome/60.0.3112.107 Moblie Safari/537.36"
2a01:4f9:5a:1745::2 - - [16/Mar/2026:12:27:08 +0545] "POST /wp-admin/admin-ajax.php?action=async_litespeed&nonce=4ef15963e2&litespeed_type=imgoptm HTTP/1.1" 200 5 "-" "WordPress/6.9.4; https://www.betterchitwan.com"
159.203.6.112 - - [16/Mar/2026:12:27:12 +0545] "GET /wp-content/plugins/pwnd/function.php HTTP/1.1" 404 796 "-" "Mozlila/5.0 (Linux; Android 7.0; SM-G892A Bulid/NRD90M; wv) AppleWebKit/537.36 (KHTML, like Gecko) Version/4.0 Chrome/60.0.3112.107 Moblie Safari/537.36"
159.203.6.112 - - [16/Mar/2026:12:27:14 +0545] "GET /wp-content/plugins/pwnd/db.php HTTP/1.1" 404 796 "-" "Mozlila/5.0 (Linux; Android 7.0; SM-G892A Bulid/NRD90M; wv) AppleWebKit/537.36 (KHTML, like Gecko) Version/4.0 Chrome/60.0.3112.107 Moblie Safari/537.36"
109.178.126.156 - - [16/Mar/2026:12:28:55 +0545] "POST /xmlrpc.php HTTP/1.1" 200 186 "-" "Mozilla/5.0 (Windows NT 6.2; x64) AppleWebKit/537.36 (KHTML, like Gecko) Opera/67.0.0.0 Safari/537.36"
2a01:4f9:5a:1745::2 - - [16/Mar/2026:12:30:58 +0545] "POST /wp-cron.php?doing_wp_cron=1773643558.7550210952758789062500 HTTP/1.1" 200 0 "-" "WordPress/6.9.4; https://www.betterchitwan.com"
2a01:4f9:5a:1745::2 - - [16/Mar/2026:12:31:56 +0545] "POST /wp-cron.php?doing_wp_cron=1773643616.1752209663391113281250 HTTP/1.1" 200 0 "-" "WordPress/6.9.4; https://www.betterchitwan.com"
74.7.175.159 - - [16/Mar/2026:12:36:57 +0545] "GET /robots.txt HTTP/1.1" 200 0 "-" "Mozilla/5.0 (Macintosh; Intel Mac OS X 10_15_7) AppleWebKit/537.36 (KHTML, like Gecko) Chrome/131.0.0.0 Safari/537.36; compatible; OAI-SearchBot/1.3; robots.txt; +https://openai.com/searchbot"
109.178.126.156 - - [16/Mar/2026:12:40:01 +0545] "POST /xmlrpc.php HTTP/1.1" 200 186 "-" "Mozilla/5.0 (Windows NT 6.2; arm64) AppleWebKit/537.36 (KHTML, like Gecko) Safari/13.0.0.0 Safari/537.36"
2a01:4f9:5a:1745::2 - - [16/Mar/2026:12:41:06 +0545] "POST /wp-cron.php?doing_wp_cron=1773644166.7570629119873046875000 HTTP/1.1" 200 0 "-" "WordPress/6.9.4; https://www.betterchitwan.com"
109.178.126.156 - - [16/Mar/2026:12:42:01 +0545] "POST /xmlrpc.php HTTP/1.1" 200 186 "-" "Mozilla/5.0 (Linux; Android 10; x86) AppleWebKit/537.36 (KHTML, like Gecko) Opera/76.0.0.0 Safari/537.36"
2a01:4f9:5a:1745::2 - - [16/Mar/2026:12:43:07 +0545] "POST /wp-cron.php?doing_wp_cron=1773644287.6866660118103027343750 HTTP/1.1" 200 0 "-" "WordPress/6.9.4; https://www.betterchitwan.com"
109.178.126.156 - - [16/Mar/2026:12:30:06 +0545] "POST /xmlrpc.php HTTP/1.1" 200 186 "-" "Mozilla/5.0 (Windows NT 10.0; x64) AppleWebKit/537.36 (KHTML, like Gecko) Chrome/91.0.0.0 Safari/537.36"
51.68.247.208 - - [16/Mar/2026:12:30:15 +0545] "GET /.lsrecap/recaptcha?tribe-bar-date=2025-01-06&outlook-ical=1 HTTP/1.1" 404 796 "-" "Mozilla/5.0 (compatible; AhrefsBot/7.0; +http://ahrefs.com/robot/)"
109.178.126.156 - - [16/Mar/2026:12:31:55 +0545] "POST /xmlrpc.php HTTP/1.1" 200 186 "-" "Mozilla/5.0 (X11; Ubuntu; Linux x86_64; arm64) AppleWebKit/537.36 (KHTML, like Gecko) Edge/99.0.0.0 Safari/537.36"
2a01:4f9:5a:1745::2 - - [16/Mar/2026:12:33:57 +0545] "POST /wp-cron.php?doing_wp_cron=1773643737.2408959865570068359375 HTTP/1.1" 200 0 "-" "WordPress/6.9.4; https://www.betterchitwan.com"
2a01:4f9:5a:1745::2 - - [16/Mar/2026:12:36:00 +0545] "POST /wp-cron.php?doing_wp_cron=1773643860.7433769702911376953125 HTTP/1.1" 200 0 "-" "WordPress/6.9.4; https://www.betterchitwan.com"
2a01:4f9:5a:1745::2 - - [16/Mar/2026:12:40:04 +0545] "POST /wp-admin/admin-ajax.php?action=async_litespeed&nonce=4ef15963e2&litespeed_type=imgoptm HTTP/1.1" 200 5 "-" "WordPress/6.9.4; https://www.betterchitwan.com"
114.119.146.77 - - [16/Mar/2026:12:42:00 +0545] "GET /events/category/wow-women/day/2024-10-09/ HTTP/1.1" 404 796 "https://www.betterchitwan.com/events/category/wow-women/list/?tribe-bar-date=2024-10-09" "Mozilla/5.0 (Linux; Android 7.0;) AppleWebKit/537.36 (KHTML, like Gecko) Mobile Safari/537.36 (compatible; PetalBot;+https://webmaster.petalsearch.com/site/petalbot)"
92.222.108.127 - - [16/Mar/2026:12:42:02 +0545] "GET /.lsrecap/recaptcha?tribe-bar-date=2025-03-25&ical=1 HTTP/1.1" 404 796 "-" "Mozilla/5.0 (compatible; AhrefsBot/7.0; +http://ahrefs.com/robot/)"
2a01:4f9:5a:1745::2 - - [16/Mar/2026:12:44:01 +0545] "POST /wp-cron.php?doing_wp_cron=1773644341.1076679229736328125000 HTTP/1.1" 200 0 "-" "WordPress/6.9.4; https://www.betterchitwan.com"
216.244.66.231 - - [16/Mar/2026:12:31:09 +0545] "GET /events/category/event/day/2024-05-28/?outlook-ical=1 HTTP/1.1" 404 796 "-" "Mozilla/5.0 (compatible; DotBot/1.2; +https://opensiteexplorer.org/dotbot; help@moz.com)"
2a01:4f9:5a:1745::2 - - [16/Mar/2026:12:31:57 +0545] "POST /wp-admin/admin-ajax.php?action=async_litespeed&nonce=4ef15963e2&litespeed_type=imgoptm HTTP/1.1" 200 5 "-" "WordPress/6.9.4; https://www.betterchitwan.com"
109.178.126.156 - - [16/Mar/2026:12:36:00 +0545] "POST /xmlrpc.php HTTP/1.1" 200 186 "-" "Mozilla/5.0 (Windows NT 10.0; x86) AppleWebKit/537.36 (KHTML, like Gecko) Firefox/86.0.0.0 Safari/537.36"
109.178.126.156 - - [16/Mar/2026:12:36:57 +0545] "POST /xmlrpc.php HTTP/1.1" 200 186 "-" "Mozilla/5.0 (Macintosh; Intel Mac OS X 10_15_7; x64) AppleWebKit/537.36 (KHTML, like Gecko) Edge/83.0.0.0 Safari/537.36"
2a01:4f9:5a:1745::2 - - [16/Mar/2026:12:41:07 +0545] "POST /wp-admin/admin-ajax.php?action=async_litespeed&nonce=4ef15963e2&litespeed_type=imgoptm HTTP/1.1" 200 5 "-" "WordPress/6.9.4; https://www.betterchitwan.com"
2a01:4f9:5a:1745::2 - - [16/Mar/2026:12:42:02 +0545] "POST /wp-cron.php?doing_wp_cron=1773644222.3362979888916015625000 HTTP/1.1" 200 0 "-" "WordPress/6.9.4; https://www.betterchitwan.com"
2a01:4f9:5a:1745::2 - - [16/Mar/2026:12:43:08 +0545] "POST /wp-admin/admin-ajax.php?action=async_litespeed&nonce=4ef15963e2&litespeed_type=imgoptm HTTP/1.1" 200 5 "-" "WordPress/6.9.4; https://www.betterchitwan.com"
216.244.66.231 - - [16/Mar/2026:12:43:28 +0545] "GET /events/tag/youwa-bich-yuwa/day/2024-12-09/?outlook-ical=1 HTTP/1.1" 404 796 "-" "Mozilla/5.0 (compatible; DotBot/1.2; +https://opensiteexplorer.org/dotbot; help@moz.com)"
109.178.126.156 - - [16/Mar/2026:12:44:00 +0545] "POST /xmlrpc.php HTTP/1.1" 200 186 "-" "Mozilla/5.0 (Windows NT 6.3; arm64) AppleWebKit/537.36 (KHTML, like Gecko) Edge/85.0.0.0 Safari/537.36"
109.178.126.156 - - [16/Mar/2026:12:30:58 +0545] "POST /xmlrpc.php HTTP/1.1" 200 186 "-" "Mozilla/5.0 (X11; Ubuntu; Linux x86_64; x64) AppleWebKit/537.36 (KHTML, like Gecko) Firefox/81.0.0.0 Safari/537.36"
109.178.126.156 - - [16/Mar/2026:12:39:04 +0545] "POST /xmlrpc.php HTTP/1.1" 200 186 "-" "Mozilla/5.0 (X11; Ubuntu; Linux x86_64; x64) AppleWebKit/537.36 (KHTML, like Gecko) Edge/84.0.0.0 Safari/537.36"
94.23.188.209 - - [16/Mar/2026:12:39:16 +0545] "GET /.lsrecap/recaptcha?tribe-bar-date=2024-12-10&eventDisplay=past HTTP/1.1" 404 796 "-" "Mozilla/5.0 (compatible; AhrefsBot/7.0; +http://ahrefs.com/robot/)"
2a01:4f9:5a:1745::2 - - [16/Mar/2026:12:28:56 +0545] "POST /wp-cron.php?doing_wp_cron=1773643435.8904769420623779296875 HTTP/1.1" 200 0 "-" "WordPress/6.9.4; https://www.betterchitwan.com"
2a01:4f9:5a:1745::2 - - [16/Mar/2026:12:33:00 +0545] "POST /wp-cron.php?doing_wp_cron=1773643680.2666370868682861328125 HTTP/1.1" 200 0 "-" "WordPress/6.9.4; https://www.betterchitwan.com"
109.178.126.156 - - [16/Mar/2026:12:32:59 +0545] "POST /xmlrpc.php HTTP/1.1" 200 186 "-" "Mozilla/5.0 (Linux; Android 10; x64) AppleWebKit/537.36 (KHTML, like Gecko) Opera/75.0.0.0 Safari/537.36"
2a01:4f9:5a:1745::2 - - [16/Mar/2026:12:35:00 +0545] "POST /wp-cron.php?doing_wp_cron=1773643800.8472030162811279296875 HTTP/1.1" 200 0 "-" "WordPress/6.9.4; https://www.betterchitwan.com"
65.19.141.115 - - [16/Mar/2026:12:35:53 +0545] "GET / HTTP/1.1" 301 0 "-" "Mozilla/5.0 (Macintosh; Intel Mac OS X 10_15_7) AppleWebKit/537.36 (KHTML, like Gecko) Chrome/141.0.7390.66 Safari/537.36"
114.119.129.33 - - [16/Mar/2026:12:38:41 +0545] "GET /events/category/wow-women/day/2024-11-02/ HTTP/1.1" 404 796 "https://www.betterchitwan.com/events/category/wow-women/list/?tribe-bar-date=2024-11-02" "Mozilla/5.0 (Linux; Android 7.0;) AppleWebKit/537.36 (KHTML, like Gecko) Mobile Safari/537.36 (compatible; PetalBot;+https://webmaster.petalsearch.com/site/petalbot)"
109.178.126.156 - - [16/Mar/2026:12:41:06 +0545] "POST /xmlrpc.php HTTP/1.1" 200 186 "-" "Mozilla/5.0 (Windows NT 6.2; x86) AppleWebKit/537.36 (KHTML, like Gecko) Opera/71.0.0.0 Safari/537.36"
2a01:4f9:5a:1745::2 - - [16/Mar/2026:12:42:04 +0545] "POST /wp-admin/admin-ajax.php?action=async_litespeed&nonce=4ef15963e2&litespeed_type=imgoptm HTTP/1.1" 200 5 "-" "WordPress/6.9.4; https://www.betterchitwan.com"
2a01:4f9:5a:1745::2 - - [16/Mar/2026:12:30:07 +0545] "POST /wp-admin/admin-ajax.php?action=async_litespeed&nonce=4ef15963e2&litespeed_type=imgoptm HTTP/1.1" 200 5 "-" "WordPress/6.9.4; https://www.betterchitwan.com"
109.178.126.156 - - [16/Mar/2026:12:33:56 +0545] "POST /xmlrpc.php HTTP/1.1" 200 186 "-" "Mozilla/5.0 (Windows NT 10.0; x64) AppleWebKit/537.36 (KHTML, like Gecko) Chrome/80.0.0.0 Safari/537.36"
2a01:4f9:5a:1745::2 - - [16/Mar/2026:12:35:54 +0545] "POST /wp-cron.php?doing_wp_cron=1773643854.3934290409088134765625 HTTP/1.1" 200 0 "-" "WordPress/6.9.4; https://www.betterchitwan.com"
92.222.108.126 - - [16/Mar/2026:12:36:52 +0545] "GET /.lsrecap/recaptcha?tribe-bar-date=2024-12-29&outlook-ical=1 HTTP/1.1" 404 796 "-" "Mozilla/5.0 (compatible; AhrefsBot/7.0; +http://ahrefs.com/robot/)"
2a01:4f9:5a:1745::2 - - [16/Mar/2026:12:37:56 +0545] "POST /wp-cron.php?doing_wp_cron=1773643976.2553269863128662109375 HTTP/1.1" 200 0 "-" "WordPress/6.9.4; https://www.betterchitwan.com"
2a01:4f9:5a:1745::2 - - [16/Mar/2026:12:37:57 +0545] "POST /wp-admin/admin-ajax.php?action=async_litespeed&nonce=4ef15963e2&litespeed_type=imgoptm HTTP/1.1" 200 5 "-" "WordPress/6.9.4; https://www.betterchitwan.com"
109.178.126.156 - - [16/Mar/2026:12:43:06 +0545] "POST /xmlrpc.php HTTP/1.1" 200 186 "-" "Mozilla/5.0 (Windows NT 6.3; x64) AppleWebKit/537.36 (KHTML, like Gecko) Firefox/76.0.0.0 Safari/537.36"
114.119.138.172 - - [16/Mar/2026:12:29:43 +0545] "GET /events/category/wow-women/list/?tribe-bar-date=2023-12-02&outlook-ical=1 HTTP/1.1" 404 796 "https://www.betterchitwan.com/events/category/wow-women/list/?tribe-bar-date=2023-12-02&eventDisplay=past" "Mozilla/5.0 (Linux; Android 7.0;) AppleWebKit/537.36 (KHTML, like Gecko) Mobile Safari/537.36 (compatible; PetalBot;+https://webmaster.petalsearch.com/site/petalbot)"
2a01:4f9:5a:1745::2 - - [16/Mar/2026:12:30:07 +0545] "POST /wp-cron.php?doing_wp_cron=1773643506.9725549221038818359375 HTTP/1.1" 200 0 "-" "WordPress/6.9.4; https://www.betterchitwan.com"
2a01:4f9:5a:1745::2 - - [16/Mar/2026:12:33:01 +0545] "POST /wp-admin/admin-ajax.php?action=async_litespeed&nonce=4ef15963e2&litespeed_type=imgoptm HTTP/1.1" 200 5 "-" "WordPress/6.9.4; https://www.betterchitwan.com"
92.222.108.127 - - [16/Mar/2026:12:33:54 +0545] "GET /.lsrecap/recaptcha?tribe-bar-date=2024-07-30&eventDisplay=past HTTP/1.1" 404 796 "-" "Mozilla/5.0 (compatible; AhrefsBot/7.0; +http://ahrefs.com/robot/)"
2a01:4f9:5a:1745::2 - - [16/Mar/2026:12:36:58 +0545] "POST /wp-cron.php?doing_wp_cron=1773643918.3877260684967041015625 HTTP/1.1" 200 0 "-" "WordPress/6.9.4; https://www.betterchitwan.com"
2a01:4f9:5a:1745::2 - - [16/Mar/2026:12:44:02 +0545] "POST /wp-admin/admin-ajax.php?action=async_litespeed&nonce=4ef15963e2&litespeed_type=imgoptm HTTP/1.1" 200 5 "-" "WordPress/6.9.4; https://www.betterchitwan.com"
34.206.76.135 - - [16/Mar/2026:12:30:44 +0545] "GET / HTTP/1.1" 401 53 "-" "Mozilla/5.0 (Macintosh; Intel Mac OS X 10_13_6) AppleWebKit/537.36 (KHTML, like Gecko) Chrome/67.0.3396.99 Safari/537.36"
216.244.66.231 - - [16/Mar/2026:12:31:14 +0545] "GET /events/tag/upahaar-nyano-maya/day/2024-12-23/?outlook-ical=1 HTTP/1.1" 404 796 "-" "Mozilla/5.0 (compatible; DotBot/1.2; +https://opensiteexplorer.org/dotbot; help@moz.com)"
216.244.66.231 - - [16/Mar/2026:12:31:18 +0545] "GET /events/tag/youwa-bich-yuwa/day/2024-03-01/?outlook-ical=1 HTTP/1.1" 404 796 "-" "Mozilla/5.0 (compatible; DotBot/1.2; +https://opensiteexplorer.org/dotbot; help@moz.com)"
109.178.126.156 - - [16/Mar/2026:12:35:00 +0545] "POST /xmlrpc.php HTTP/1.1" 200 186 "-" "Mozilla/5.0 (Windows NT 6.3; x86) AppleWebKit/537.36 (KHTML, like Gecko) Opera/74.0.0.0 Safari/537.36"
2a01:4f9:5a:1745::2 - - [16/Mar/2026:12:35:01 +0545] "POST /wp-admin/admin-ajax.php?action=async_litespeed&nonce=4ef15963e2&litespeed_type=imgoptm HTTP/1.1" 200 5 "-" "WordPress/6.9.4; https://www.betterchitwan.com"
2a01:4f9:5a:1745::2 - - [16/Mar/2026:12:36:01 +0545] "POST /wp-admin/admin-ajax.php?action=async_litespeed&nonce=4ef15963e2&litespeed_type=imgoptm HTTP/1.1" 200 5 "-" "WordPress/6.9.4; https://www.betterchitwan.com"
109.178.126.156 - - [16/Mar/2026:12:37:55 +0545] "POST /xmlrpc.php HTTP/1.1" 200 186 "-" "Mozilla/5.0 (Macintosh; Intel Mac OS X 10_15_7; arm64) AppleWebKit/537.36 (KHTML, like Gecko) Edge/99.0.0.0 Safari/537.36"
2a01:4f9:5a:1745::2 - - [16/Mar/2026:12:39:05 +0545] "POST /wp-cron.php?doing_wp_cron=1773644045.4069349765777587890625 HTTP/1.1" 200 0 "-" "WordPress/6.9.4; https://www.betterchitwan.com"
2a01:4f9:5a:1745::2 - - [16/Mar/2026:12:39:06 +0545] "POST /wp-admin/admin-ajax.php?action=async_litespeed&nonce=4ef15963e2&litespeed_type=imgoptm HTTP/1.1" 200 5 "-" "WordPress/6.9.4; https://www.betterchitwan.com"
2a01:4f9:5a:1745::2 - - [16/Mar/2026:12:40:02 +0545] "POST /wp-cron.php?doing_wp_cron=1773644102.4789969921112060546875 HTTP/1.1" 200 0 "-" "WordPress/6.9.4; https://www.betterchitwan.com"
149.104.77.190 - - [16/Mar/2026:12:52:49 +0545] "GET /wp-admin/ HTTP/1.1" 302 0 "www.google.com" "Mozilla/5.0 (Windows NT 10.0; Win64; x64) AppleWebKit/537.36 (KHTML, like Gecko) Chrome/90.0.4430.85 Safari/537.36"
2a01:4f9:5a:1745::2 - - [16/Mar/2026:12:46:10 +0545] "POST /wp-admin/admin-ajax.php?action=async_litespeed&nonce=4ef15963e2&litespeed_type=imgoptm HTTP/1.1" 200 5 "-" "WordPress/6.9.4; https://www.betterchitwan.com"
109.178.126.156 - - [16/Mar/2026:12:47:07 +0545] "POST /xmlrpc.php HTTP/1.1" 200 186 "-" "Mozilla/5.0 (Windows NT 6.2; x64) AppleWebKit/537.36 (KHTML, like Gecko) Firefox/79.0.0.0 Safari/537.36"
2a01:4f9:5a:1745::2 - - [16/Mar/2026:12:48:01 +0545] "POST /wp-cron.php?doing_wp_cron=1773644581.3567240238189697265625 HTTP/1.1" 200 0 "-" "WordPress/6.9.4; https://www.betterchitwan.com"
74.7.230.19 - - [16/Mar/2026:12:51:30 +0545] "GET /robots.txt HTTP/1.1" 304 0 "-" "Mozilla/5.0 (Macintosh; Intel Mac OS X 10_15_7) AppleWebKit/537.36 (KHTML, like Gecko) Chrome/131.0.0.0 Safari/537.36; compatible; OAI-SearchBot/1.3; robots.txt; +https://openai.com/searchbot"
2a01:4f9:5a:1745::2 - - [16/Mar/2026:12:52:50 +0545] "POST /wp-admin/admin-ajax.php?action=async_litespeed&nonce=4ef15963e2&litespeed_type=imgoptm HTTP/1.1" 200 5 "-" "WordPress/6.9.4; https://www.betterchitwan.com"
109.178.126.156 - - [16/Mar/2026:12:46:08 +0545] "POST /xmlrpc.php HTTP/1.1" 200 186 "-" "Mozilla/5.0 (Linux; Android 10; arm64) AppleWebKit/537.36 (KHTML, like Gecko) Opera/73.0.0.0 Safari/537.36"
109.178.126.156 - - [16/Mar/2026:12:47:59 +0545] "POST /xmlrpc.php HTTP/1.1" 200 186 "-" "Mozilla/5.0 (Windows NT 6.2; x86) AppleWebKit/537.36 (KHTML, like Gecko) Opera/60.0.0.0 Safari/537.36"
2a01:4f9:5a:1745::2 - - [16/Mar/2026:12:45:05 +0545] "POST /wp-cron.php?doing_wp_cron=1773644405.6558339595794677734375 HTTP/1.1" 200 0 "-" "WordPress/6.9.4; https://www.betterchitwan.com"
109.178.126.156 - - [16/Mar/2026:12:45:05 +0545] "POST /xmlrpc.php HTTP/1.1" 200 186 "-" "Mozilla/5.0 (Windows NT 10.0; x64) AppleWebKit/537.36 (KHTML, like Gecko) Firefox/71.0.0.0 Safari/537.36"
2a01:4f9:5a:1745::2 - - [16/Mar/2026:12:45:06 +0545] "POST /wp-admin/admin-ajax.php?action=async_litespeed&nonce=4ef15963e2&litespeed_type=imgoptm HTTP/1.1" 200 5 "-" "WordPress/6.9.4; https://www.betterchitwan.com"
2a01:4f9:5a:1745::2 - - [16/Mar/2026:12:46:09 +0545] "POST /wp-cron.php?doing_wp_cron=1773644469.5165610313415527343750 HTTP/1.1" 200 0 "-" "WordPress/6.9.4; https://www.betterchitwan.com"
2a01:4f9:5a:1745::2 - - [16/Mar/2026:12:48:00 +0545] "POST /wp-cron.php?doing_wp_cron=1773644579.9260160923004150390625 HTTP/1.1" 200 0 "-" "WordPress/6.9.4; https://www.betterchitwan.com"
51.75.236.148 - - [16/Mar/2026:12:50:35 +0545] "GET /events/category/chittaun-kacheheri/today/ HTTP/1.1" 404 796 "-" "Mozilla/5.0 (compatible; AhrefsBot/7.0; +http://ahrefs.com/robot/)"
149.104.77.190 - - [16/Mar/2026:12:52:48 +0545] "POST /wp-login.php HTTP/1.1" 200 974 "https://www.betterchitwan.com/wp-admin/" "Mozilla/5.0 (Windows NT 10.0; Win64; x64) AppleWebKit/537.36 (KHTML, like Gecko) Chrome/90.0.4430.85 Safari/537.36"
176.31.139.26 - - [16/Mar/2026:12:44:54 +0545] "GET /events/category/better-chitwan-mini-library/list/ HTTP/1.1" 404 796 "-" "Mozilla/5.0 (compatible; AhrefsBot/7.0; +http://ahrefs.com/robot/)"
2a01:4f9:5a:1745::2 - - [16/Mar/2026:12:52:49 +0545] "POST /wp-cron.php?doing_wp_cron=1773644869.7740550041198730468750 HTTP/1.1" 200 0 "-" "WordPress/6.9.4; https://www.betterchitwan.com"
114.119.129.33 - - [16/Mar/2026:12:53:10 +0545] "GET /events/category/wow-women/2025-02/?outlook-ical=1 HTTP/1.1" 404 796 "https://www.betterchitwan.com/events/category/wow-women/2025-02/" "Mozilla/5.0 (Linux; Android 7.0;) AppleWebKit/537.36 (KHTML, like Gecko) Mobile Safari/537.36 (compatible; PetalBot;+https://webmaster.petalsearch.com/site/petalbot)"
2a01:4f9:5a:1745::2 - - [16/Mar/2026:12:47:09 +0545] "POST /wp-admin/admin-ajax.php?action=async_litespeed&nonce=4ef15963e2&litespeed_type=imgoptm HTTP/1.1" 200 5 "-" "WordPress/6.9.4; https://www.betterchitwan.com"
92.222.108.101 - - [16/Mar/2026:12:47:32 +0545] "GET /events/category/better-chitwan-mini-library/today/ HTTP/1.1" 404 796 "-" "Mozilla/5.0 (compatible; AhrefsBot/7.0; +http://ahrefs.com/robot/)"
114.119.129.33 - - [16/Mar/2026:12:45:02 +0545] "GET /events/category/wow-women/day/2024-08-10/ HTTP/1.1" 404 796 "https://www.betterchitwan.com/events/category/wow-women/list/?tribe-bar-date=2024-08-10&eventDisplay=past" "Mozilla/5.0 (Linux; Android 7.0;) AppleWebKit/537.36 (KHTML, like Gecko) Mobile Safari/537.36 (compatible; PetalBot;+https://webmaster.petalsearch.com/site/petalbot)"
114.119.138.172 - - [16/Mar/2026:12:47:49 +0545] "GET /events/category/wow-women/day/2024-08-05/?ical=1 HTTP/1.1" 404 796 "https://www.betterchitwan.com/events/category/wow-women/day/2024-08-05/" "Mozilla/5.0 (Linux; Android 7.0;) AppleWebKit/537.36 (KHTML, like Gecko) Mobile Safari/537.36 (compatible; PetalBot;+https://webmaster.petalsearch.com/site/petalbot)"
2a01:4f9:5a:1745::2 - - [16/Mar/2026:12:48:00 +0545] "POST /wp-admin/admin-ajax.php?action=async_litespeed&nonce=4ef15963e2&litespeed_type=imgoptm HTTP/1.1" 200 5 "-" "WordPress/6.9.4; https://www.betterchitwan.com"
2a01:4f9:5a:1745::2 - - [16/Mar/2026:12:47:08 +0545] "POST /wp-cron.php?doing_wp_cron=1773644528.1802620887756347656250 HTTP/1.1" 200 0 "-" "WordPress/6.9.4; https://www.betterchitwan.com"
74.7.241.161 - - [16/Mar/2026:12:47:11 +0545] "GET /robots.txt HTTP/1.1" 200 974 "-" "Mozilla/5.0 (Macintosh; Intel Mac OS X 10_15_7) AppleWebKit/537.36 (KHTML, like Gecko) Chrome/131.0.0.0 Safari/537.36; compatible; OAI-SearchBot/1.3; robots.txt; +https://openai.com/searchbot"
2a09:bac5:55f8:25c3::3c3:52 - - [16/Mar/2026:12:49:06 +0545] "GET /wp-login.php HTTP/1.1" 200 974 "-" "Mozilla/5.0 (Windows NT 10.0; Win64; x64) AppleWebKit/537.36 (KHTML, like Gecko) Chrome/91.0.4472.124 Safari/537.36"
192.178.6.73 - - [16/Mar/2026:12:49:27 +0545] "GET /events/tag/futsal/list/?tribe-bar-date=2025-06-18&eventDisplay=past HTTP/1.1" 404 796 "-" "Mozilla/5.0 (Linux; Android 6.0.1; Nexus 5X Build/MMB29P) AppleWebKit/537.36 (KHTML, like Gecko) Chrome/145.0.7632.116 Mobile Safari/537.36 (compatible; Googlebot/2.1; +http://www.google.com/bot.html)"
149.104.77.190 - - [16/Mar/2026:12:52:50 +0545] "GET /wp-login.php?redirect_to=https%3A%2F%2Fwww.betterchitwan.com%2Fwp-admin%2F&reauth=1 HTTP/1.1" 200 1052 "www.google.com" "Mozilla/5.0 (Windows NT 10.0; Win64; x64) AppleWebKit/537.36 (KHTML, like Gecko) Chrome/90.0.4430.85 Safari/537.36"
124.248.183.139 - - [16/Mar/2026:12:54:55 +0545] "GET /wp-login.php?redirect_to=https%3A%2F%2Fwww.betterchitwan.com%2Fwp-admin%2F&reauth=1 HTTP/1.1" 200 1052 "-" "Mozilla/5.0 (Windows NT 10.0; Win64; x64) AppleWebKit/537.36 (KHTML, like Gecko) Chrome/120.0.0.0 Safari/537.36"
114.119.146.77 - - [16/Mar/2026:12:55:57 +0545] "GET /events/category/wow-women/2023-10/?outlook-ical=1 HTTP/1.1" 404 796 "https://www.betterchitwan.com/events/category/wow-women/2023-10/" "Mozilla/5.0 (Linux; Android 7.0;) AppleWebKit/537.36 (KHTML, like Gecko) Mobile Safari/537.36 (compatible; PetalBot;+https://webmaster.petalsearch.com/site/petalbot)"
47.128.36.90 - - [16/Mar/2026:12:53:54 +0545] "GET /events/tag/youwa-bich-yuwa/list/?tribe-bar-date=2023-10-13&eventDisplay=past HTTP/1.1" 404 796 "-" "Mozilla/5.0 (compatible; Bytespider; spider-feedback@bytedance.com) AppleWebKit/537.36 (KHTML, like Gecko) Chrome/70.0.0.0 Safari/537.36"
192.178.6.64 - - [16/Mar/2026:12:54:32 +0545] "GET /upcoming-events/ HTTP/1.1" 404 796 "-" "Mozilla/5.0 (compatible; Googlebot/2.1; +http://www.google.com/bot.html)"
2a01:4f9:5a:1745::2 - - [16/Mar/2026:12:53:54 +0545] "POST /wp-admin/admin-ajax.php?action=async_litespeed&nonce=4ef15963e2&litespeed_type=imgoptm HTTP/1.1" 200 5 "-" "WordPress/6.9.4; https://www.betterchitwan.com"
124.248.183.139 - - [16/Mar/2026:12:54:54 +0545] "GET /wp-login.php HTTP/1.1" 200 974 "-" "Mozilla/5.0 (Windows NT 10.0; Win64; x64) AppleWebKit/537.36 (KHTML, like Gecko) Chrome/120.0.0.0 Safari/537.36"
2a01:4f9:5a:1745::2 - - [16/Mar/2026:12:55:07 +0545] "POST /wp-admin/admin-ajax.php?action=async_litespeed&nonce=4ef15963e2&litespeed_type=imgoptm HTTP/1.1" 200 5 "-" "WordPress/6.9.4; https://www.betterchitwan.com"
2a01:4f9:5a:1745::2 - - [16/Mar/2026:12:55:11 +0545] "POST /wp-cron.php?doing_wp_cron=1773645011.0590701103210449218750 HTTP/1.1" 200 0 "-" "WordPress/6.9.4; https://www.betterchitwan.com"
192.178.6.73 - - [16/Mar/2026:12:58:16 +0545] "GET /aranytojas-vadaszat-vezesd-a-tyukot-a-chicken-road-5/ HTTP/1.1" 404 796 "-" "Mozilla/5.0 (Linux; Android 6.0.1; Nexus 5X Build/MMB29P) AppleWebKit/537.36 (KHTML, like Gecko) Chrome/145.0.7632.116 Mobile Safari/537.36 (compatible; Googlebot/2.1; +http://www.google.com/bot.html)"
2a01:4f9:5a:1745::2 - - [16/Mar/2026:13:02:44 +0545] "POST /wp-admin/admin-ajax.php?action=async_litespeed&nonce=4ef15963e2&litespeed_type=imgoptm HTTP/1.1" 200 5 "-" "WordPress/6.9.4; https://www.betterchitwan.com"
77.83.39.167 - - [16/Mar/2026:12:57:20 +0545] "GET /.git/HEAD HTTP/1.1" 403 787 "-" "Mozilla/5.0 (Windows NT 6.1; Win64; x64) AppleWebKit/537.36 (KHTML, like Gecko) Chrome/77.0.3835.0 Safari/537.36"
114.119.152.60 - - [16/Mar/2026:13:02:07 +0545] "GET /events/category/plant-a-tree/list/?tribe-bar-date=2025-04-14 HTTP/1.1" 404 796 "https://www.betterchitwan.com/events/category/plant-a-tree/list/?tribe-bar-date=2025-04-14&eventDisplay=past" "Mozilla/5.0 (Linux; Android 7.0;) AppleWebKit/537.36 (KHTML, like Gecko) Mobile Safari/537.36 (compatible; PetalBot;+https://webmaster.petalsearch.com/site/petalbot)"
2a01:4f9:5a:1745::2 - - [16/Mar/2026:12:54:55 +0545] "POST /wp-cron.php?doing_wp_cron=1773644994.9336009025573730468750 HTTP/1.1" 200 0 "-" "WordPress/6.9.4; https://www.betterchitwan.com"
2a01:4f9:5a:1745::2 - - [16/Mar/2026:12:54:55 +0545] "POST /wp-admin/admin-ajax.php?action=async_litespeed&nonce=4ef15963e2&litespeed_type=imgoptm HTTP/1.1" 200 5 "-" "WordPress/6.9.4; https://www.betterchitwan.com"
191.102.162.7 - - [16/Mar/2026:12:55:10 +0545] "POST /xmlrpc.php HTTP/1.1" 200 6097 "-" "Python-xmlrpc/3.10"
192.178.6.73 - - [16/Mar/2026:12:54:30 +0545] "GET /upcoming-events/ HTTP/1.1" 404 796 "-" "Mozilla/5.0 (Linux; Android 6.0.1; Nexus 5X Build/MMB29P) AppleWebKit/537.36 (KHTML, like Gecko) Chrome/145.0.7632.116 Mobile Safari/537.36 (compatible; Googlebot/2.1; +http://www.google.com/bot.html)"
124.248.183.139 - - [16/Mar/2026:12:54:54 +0545] "GET /wp-admin/ HTTP/1.1" 302 0 "-" "Mozilla/5.0 (Windows NT 10.0; Win64; x64) AppleWebKit/537.36 (KHTML, like Gecko) Chrome/120.0.0.0 Safari/537.36"
114.119.152.60 - - [16/Mar/2026:12:57:38 +0545] "GET /events/category/plant-a-tree/month/ HTTP/1.1" 404 796 "https://www.betterchitwan.com/events/category/plant-a-tree/2025-08/" "Mozilla/5.0 (Linux; Android 7.0;) AppleWebKit/537.36 (KHTML, like Gecko) Mobile Safari/537.36 (compatible; PetalBot;+https://webmaster.petalsearch.com/site/petalbot)"
94.23.188.220 - - [16/Mar/2026:13:01:55 +0545] "GET /events/category/wow-women/today/ HTTP/1.1" 404 796 "-" "Mozilla/5.0 (compatible; AhrefsBot/7.0; +http://ahrefs.com/robot/)"
2a01:4f9:5a:1745::2 - - [16/Mar/2026:12:53:54 +0545] "POST /wp-cron.php?doing_wp_cron=1773644934.0451409816741943359375 HTTP/1.1" 200 0 "-" "WordPress/6.9.4; https://www.betterchitwan.com"
192.178.6.65 - - [16/Mar/2026:12:54:00 +0545] "GET /wp-content/uploads/2019/11/divider.svg HTTP/1.1" 404 796 "https://www.betterchitwan.com/" "Mozilla/5.0 (Linux; Android 6.0.1; Nexus 5X Build/MMB29P) AppleWebKit/537.36 (KHTML, like Gecko) Chrome/145.0.7632.116 Mobile Safari/537.36 (compatible; Googlebot/2.1; +http://www.google.com/bot.html)"
191.102.162.7 - - [16/Mar/2026:12:55:07 +0545] "POST /xmlrpc.php HTTP/1.1" 200 109 "-" "Python-xmlrpc/3.10"
47.128.36.68 - - [16/Mar/2026:12:57:58 +0545] "GET /robots.txt HTTP/1.1" 403 787 "-" "Mozilla/5.0 (Linux; Android 5.0) AppleWebKit/537.36 (KHTML, like Gecko) Mobile Safari/537.36 (compatible; Bytespider; spider-feedback@bytedance.com)"
176.31.139.7 - - [16/Mar/2026:12:59:14 +0545] "GET /events/category/save-narayani-movement/list/ HTTP/1.1" 404 796 "-" "Mozilla/5.0 (compatible; AhrefsBot/7.0; +http://ahrefs.com/robot/)"
114.119.138.172 - - [16/Mar/2026:13:00:08 +0545] "GET /events/category/plant-a-tree/list/?tribe-bar-date=2025-04-27&eventDisplay=past&ical=1 HTTP/1.1" 404 796 "https://www.betterchitwan.com/events/category/plant-a-tree/list/?tribe-bar-date=2025-04-27&eventDisplay=past" "Mozilla/5.0 (Linux; Android 7.0;) AppleWebKit/537.36 (KHTML, like Gecko) Mobile Safari/537.36 (compatible; PetalBot;+https://webmaster.petalsearch.com/site/petalbot)"
2a01:4f9:5a:1745::2 - - [16/Mar/2026:13:02:43 +0545] "POST /wp-cron.php?doing_wp_cron=1773645463.2556960582733154296875 HTTP/1.1" 200 0 "-" "WordPress/6.9.4; https://www.betterchitwan.com"
51.75.236.142 - - [16/Mar/2026:12:53:33 +0545] "GET /events/category/better-chitwan-mini-library/month/ HTTP/1.1" 404 796 "-" "Mozilla/5.0 (compatible; AhrefsBot/7.0; +http://ahrefs.com/robot/)"
192.178.6.73 - - [16/Mar/2026:12:53:51 +0545] "GET / HTTP/1.1" 200 23013 "-" "Mozilla/5.0 (Linux; Android 6.0.1; Nexus 5X Build/MMB29P) AppleWebKit/537.36 (KHTML, like Gecko) Chrome/145.0.7632.116 Mobile Safari/537.36 (compatible; Googlebot/2.1; +http://www.google.com/bot.html)"
2a01:4f9:5a:1745::2 - - [16/Mar/2026:12:55:06 +0545] "POST /wp-cron.php?doing_wp_cron=1773645006.2725050449371337890625 HTTP/1.1" 200 0 "-" "WordPress/6.9.4; https://www.betterchitwan.com"
191.102.162.7 - - [16/Mar/2026:12:55:05 +0545] "POST /xmlrpc.php HTTP/1.1" 200 595 "-" "Python-xmlrpc/3.10"
94.23.188.211 - - [16/Mar/2026:12:56:24 +0545] "GET /events/category/wow-women/list/ HTTP/1.1" 404 796 "-" "Mozilla/5.0 (compatible; AhrefsBot/7.0; +http://ahrefs.com/robot/)"
192.178.6.64 - - [16/Mar/2026:12:57:26 +0545] "GET /aranytojas-vadaszat-vezesd-a-tyukot-a-chicken-road-5/ HTTP/1.1" 404 796 "-" "Mozilla/5.0 (Linux; Android 6.0.1; Nexus 5X Build/MMB29P) AppleWebKit/537.36 (KHTML, like Gecko) Chrome/145.0.7632.116 Mobile Safari/537.36 (compatible; GoogleOther)"
192.178.6.68 - - [16/Mar/2026:13:02:41 +0545] "GET / HTTP/1.1" 200 23213 "-" "Mozilla/5.0 (Linux; Android 6.0.1; Nexus 5X Build/MMB29P) AppleWebKit/537.36 (KHTML, like Gecko) Chrome/145.0.7632.116 Mobile Safari/537.36 (compatible; Googlebot/2.1; +http://www.google.com/bot.html)"
114.119.128.196 - - [16/Mar/2026:13:06:05 +0545] "GET /events/category/plant-a-tree/list/?tribe-bar-date=2025-04-01&outlook-ical=1 HTTP/1.1" 404 796 "https://www.betterchitwan.com/events/category/plant-a-tree/list/?tribe-bar-date=2025-04-01&eventDisplay=past" "Mozilla/5.0 (Linux; Android 7.0;) AppleWebKit/537.36 (KHTML, like Gecko) Mobile Safari/537.36 (compatible; PetalBot;+https://webmaster.petalsearch.com/site/petalbot)"
2a01:4f9:5a:1745::2 - - [16/Mar/2026:13:07:49 +0545] "POST /wp-cron.php?doing_wp_cron=1773645769.3994159698486328125000 HTTP/1.1" 200 0 "-" "WordPress/6.9.4; https://www.betterchitwan.com"
51.75.236.148 - - [16/Mar/2026:13:11:07 +0545] "GET /tag/byc2022/feed/ HTTP/1.1" 404 796 "-" "Mozilla/5.0 (compatible; AhrefsBot/7.0; +http://ahrefs.com/robot/)"
2a01:4f9:5a:1745::2 - - [16/Mar/2026:13:11:37 +0545] "POST /wp-cron.php?doing_wp_cron=1773645997.0027298927307128906250 HTTP/1.1" 200 0 "-" "WordPress/6.9.4; https://www.betterchitwan.com"
2a01:4f9:5a:1745::2 - - [16/Mar/2026:13:14:43 +0545] "POST /wp-cron.php?doing_wp_cron=1773646183.5960640907287597656250 HTTP/1.1" 200 0 "-" "WordPress/6.9.4; https://www.betterchitwan.com"
37.59.204.147 - - [16/Mar/2026:13:16:54 +0545] "GET /?sitemap665_xml HTTP/1.1" 200 27147 "-" "Mozilla/5.0 (compatible; AhrefsBot/7.0; +http://ahrefs.com/robot/)"
149.104.77.190 - - [16/Mar/2026:13:16:55 +0545] "GET /wp-login.php?redirect_to=https%3A%2F%2Fwww.betterchitwan.com%2Fwp-admin%2F&reauth=1 HTTP/1.1" 200 1052 "www.google.com" "Mozilla/5.0 (Windows NT 10.0; Win64; x64) AppleWebKit/537.36 (KHTML, like Gecko) Chrome/90.0.4430.85 Safari/537.36"
46.151.198.16 - - [16/Mar/2026:13:04:16 +0545] "POST /xmlrpc.php HTTP/1.1" 200 4411 "-" "Mozilla/5.0 (X11; Linux x86_64) AppleWebKit/537.36 (KHTML, like Gecko) Chrome/114.0.0.0 Safari/537.36 Vivaldi/5.3.2679.68"
16.63.28.33 - - [16/Mar/2026:13:06:29 +0545] "POST /xmlrpc.php HTTP/1.1" 200 5204 "-" "Mozilla/5.0 (Windows NT 10.0; Win64; x64) AppleWebKit/537.36 (KHTML, like Gecko) Chrome/139.0.0.0 Safari/537.36"
193.34.75.30 - - [16/Mar/2026:13:07:04 +0545] "POST /xmlrpc.php HTTP/1.1" 200 595 "-" "Python-xmlrpc/3.10"
2a01:4f9:5a:1745::2 - - [16/Mar/2026:13:07:47 +0545] "POST /wp-cron.php?doing_wp_cron=1773645767.5422480106353759765625 HTTP/1.1" 200 0 "-" "WordPress/6.9.4; https://www.betterchitwan.com"
2a01:4f9:5a:1745::2 - - [16/Mar/2026:13:04:11 +0545] "POST /wp-cron.php?doing_wp_cron=1773645551.7084650993347167968750 HTTP/1.1" 200 0 "-" "WordPress/6.9.4; https://www.betterchitwan.com"
2a01:4f9:5a:1745::2 - - [16/Mar/2026:13:04:14 +0545] "POST /wp-cron.php?doing_wp_cron=1773645554.2254679203033447265625 HTTP/1.1" 200 0 "-" "WordPress/6.9.4; https://www.betterchitwan.com"
16.63.28.33 - - [16/Mar/2026:13:06:25 +0545] "POST /xmlrpc.php HTTP/1.1" 200 3130 "-" "Mozilla/5.0 (Windows NT 10.0; Win64; x64) AppleWebKit/537.36 (KHTML, like Gecko) Chrome/139.0.0.0 Safari/537.36"
149.104.77.190 - - [16/Mar/2026:13:11:36 +0545] "GET /wp-admin/ HTTP/1.1" 302 0 "www.google.com" "Mozilla/5.0 (Windows NT 10.0; Win64; x64) AppleWebKit/537.36 (KHTML, like Gecko) Chrome/90.0.4430.85 Safari/537.36"
2a01:4f9:5a:1745::2 - - [16/Mar/2026:13:14:31 +0545] "POST /wp-cron.php?doing_wp_cron=1773646171.6691710948944091796875 HTTP/1.1" 200 0 "-" "WordPress/6.9.4; https://www.betterchitwan.com"
103.219.169.168 - - [16/Mar/2026:13:14:30 +0545] "POST /xmlrpc.php HTTP/1.1" 200 109 "-" "Mozilla/5.0 (Windows NT 10.0; Win64; x64) AppleWebKit/537.36 (KHTML, like Gecko) Chrome/114.0.0.0 Safari/537.36"
2a01:4f9:5a:1745::2 - - [16/Mar/2026:13:14:32 +0545] "POST /wp-admin/admin-ajax.php?action=async_litespeed&nonce=4ef15963e2&litespeed_type=imgoptm HTTP/1.1" 200 5 "-" "WordPress/6.9.4; https://www.betterchitwan.com"
103.219.169.168 - - [16/Mar/2026:13:14:38 +0545] "POST /xmlrpc.php HTTP/1.1" 200 4845 "-" "Mozilla/5.0 (Windows NT 10.0; Win64; x64) AppleWebKit/537.36 (KHTML, like Gecko) Chrome/114.0.0.0 Safari/537.36"
149.104.77.190 - - [16/Mar/2026:13:16:54 +0545] "POST /wp-login.php HTTP/1.1" 200 974 "https://www.betterchitwan.com/wp-admin/" "Mozilla/5.0 (Windows NT 10.0; Win64; x64) AppleWebKit/537.36 (KHTML, like Gecko) Chrome/90.0.4430.85 Safari/537.36"
2a01:4f9:5a:1745::2 - - [16/Mar/2026:13:07:05 +0545] "POST /wp-cron.php?doing_wp_cron=1773645725.0702209472656250000000 HTTP/1.1" 200 0 "-" "WordPress/6.9.4; https://www.betterchitwan.com"
185.3.237.164 - - [16/Mar/2026:13:07:48 +0545] "POST /xmlrpc.php HTTP/1.1" 200 109 "-" "Mozilla/5.0 (Windows NT 10.0; Win64; x64) AppleWebKit/537.36 (KHTML, like Gecko) Chrome/79.0.3945.130 Safari/537.36 OPR/66.0.3515.103"
37.59.204.153 - - [16/Mar/2026:13:08:02 +0545] "GET /events/tag/mailey-padheko-kitaab/list/?tribe-bar-date=2024-12-16&eventDisplay=past&ical=1 HTTP/1.1" 404 796 "-" "Mozilla/5.0 (compatible; AhrefsBot/7.0; +http://ahrefs.com/robot/)"
192.178.6.68 - - [16/Mar/2026:13:11:30 +0545] "GET /events/tag/dashain-for-all/list/?tribe-bar-date=2026-06-13&eventDisplay=past HTTP/1.1" 404 796 "-" "Mozilla/5.0 (Linux; Android 6.0.1; Nexus 5X Build/MMB29P) AppleWebKit/537.36 (KHTML, like Gecko) Chrome/145.0.7632.116 Mobile Safari/537.36 (compatible; Googlebot/2.1; +http://www.google.com/bot.html)"
45.227.253.15 - - [16/Mar/2026:13:15:40 +0545] "GET /index.php/jk HTTP/1.1" 301 0 "-" "Mozilla/5.0 (Windows NT 6.1; WOW64; rv:70.0) Gecko/20100101 Firefox/70.0"
2a01:4f9:5a:1745::2 - - [16/Mar/2026:13:16:54 +0545] "POST /wp-cron.php?doing_wp_cron=1773646314.4149680137634277343750 HTTP/1.1" 200 0 "-" "WordPress/6.9.4; https://www.betterchitwan.com"
2a01:4f9:5a:1745::2 - - [16/Mar/2026:13:16:56 +0545] "GET /wp-content/uploads/2019/11/divider.svg HTTP/1.1" 404 796 "-" "-"
114.119.146.77 - - [16/Mar/2026:13:03:21 +0545] "GET /events/category/plant-a-tree/list/?tribe-bar-date=2025-04-12&eventDisplay=past HTTP/1.1" 404 796 "https://www.betterchitwan.com/events/category/plant-a-tree/list/?tribe-bar-date=2025-04-12" "Mozilla/5.0 (Linux; Android 7.0;) AppleWebKit/537.36 (KHTML, like Gecko) Mobile Safari/537.36 (compatible; PetalBot;+https://webmaster.petalsearch.com/site/petalbot)"
2a01:4f9:5a:1745::2 - - [16/Mar/2026:13:06:30 +0545] "POST /wp-cron.php?doing_wp_cron=1773645689.8793458938598632812500 HTTP/1.1" 200 0 "-" "WordPress/6.9.4; https://www.betterchitwan.com"
216.244.66.231 - - [16/Mar/2026:13:07:26 +0545] "GET /robots.txt HTTP/1.1" 200 109 "-" "Mozilla/5.0 (compatible; DotBot/1.2; +https://opensiteexplorer.org/dotbot; help@moz.com)"
114.119.131.235 - - [16/Mar/2026:13:13:52 +0545] "GET /events/category/plant-a-tree/list/?tribe-bar-date=2025-03-26 HTTP/1.1" 404 796 "https://www.betterchitwan.com/events/category/plant-a-tree/list/?tribe-bar-date=2025-03-26&eventDisplay=past" "Mozilla/5.0 (Linux; Android 7.0;) AppleWebKit/537.36 (KHTML, like Gecko) Mobile Safari/537.36 (compatible; PetalBot;+https://webmaster.petalsearch.com/site/petalbot)"
37.59.204.147 - - [16/Mar/2026:13:16:53 +0545] "GET /?sitemap665.xml HTTP/1.1" 301 0 "-" "Mozilla/5.0 (compatible; AhrefsBot/7.0; +http://ahrefs.com/robot/)"
2a01:4f9:5a:1745::2 - - [16/Mar/2026:13:16:55 +0545] "POST /wp-admin/admin-ajax.php?action=async_litespeed&nonce=4ef15963e2&litespeed_type=imgoptm HTTP/1.1" 200 5 "-" "WordPress/6.9.4; https://www.betterchitwan.com"
2a01:4f9:5a:1745::2 - - [16/Mar/2026:13:06:26 +0545] "POST /wp-cron.php?doing_wp_cron=1773645686.5736629962921142578125 HTTP/1.1" 200 0 "-" "WordPress/6.9.4; https://www.betterchitwan.com"
192.178.6.66 - - [16/Mar/2026:13:07:06 +0545] "GET /mailey-padheko-kitab-reading-series-2023-feb/ HTTP/1.1" 404 796 "-" "Mozilla/5.0 (Linux; Android 6.0.1; Nexus 5X Build/MMB29P) AppleWebKit/537.36 (KHTML, like Gecko) Chrome/145.0.7632.116 Mobile Safari/537.36 (compatible; Googlebot/2.1; +http://www.google.com/bot.html)"
185.3.237.164 - - [16/Mar/2026:13:07:50 +0545] "POST /xmlrpc.php HTTP/1.1" 200 3941 "-" "Mozilla/5.0 (Windows NT 10.0; Win64; x64) AppleWebKit/537.36 (KHTML, like Gecko) Chrome/79.0.3945.130 Safari/537.36 OPR/66.0.3515.103"
114.119.128.196 - - [16/Mar/2026:13:10:07 +0545] "GET /events/category/plant-a-tree/list/?tribe-bar-date=2025-03-31&outlook-ical=1 HTTP/1.1" 404 796 "https://www.betterchitwan.com/events/category/plant-a-tree/list/?tribe-bar-date=2025-03-31&eventDisplay=past" "Mozilla/5.0 (Linux; Android 7.0;) AppleWebKit/537.36 (KHTML, like Gecko) Mobile Safari/537.36 (compatible; PetalBot;+https://webmaster.petalsearch.com/site/petalbot)"
176.31.139.30 - - [16/Mar/2026:13:13:45 +0545] "GET /tea-chiya-for-charity/feed/ HTTP/1.1" 404 796 "-" "Mozilla/5.0 (compatible; AhrefsBot/7.0; +http://ahrefs.com/robot/)"
103.219.169.168 - - [16/Mar/2026:13:14:42 +0545] "POST /xmlrpc.php HTTP/1.1" 200 100 "-" "Mozilla/5.0 (Windows NT 10.0; Win64; x64) AppleWebKit/537.36 (KHTML, like Gecko) Chrome/114.0.0.0 Safari/537.36"
45.227.253.15 - - [16/Mar/2026:13:15:41 +0545] "GET /jk HTTP/1.1" 404 796 "https://www.betterchitwan.com/index.php/jk" "Mozilla/5.0 (Windows NT 6.1; WOW64; rv:70.0) Gecko/20100101 Firefox/70.0"
192.178.6.68 - - [16/Mar/2026:13:15:55 +0545] "GET /events/category/youthwan/list/?tribe-bar-date=2023-02-14&eventDisplay=past HTTP/1.1" 404 796 "-" "Mozilla/5.0 (Linux; Android 6.0.1; Nexus 5X Build/MMB29P) AppleWebKit/537.36 (KHTML, like Gecko) Chrome/145.0.7632.116 Mobile Safari/537.36 (compatible; Googlebot/2.1; +http://www.google.com/bot.html)"
216.244.66.231 - - [16/Mar/2026:13:16:50 +0545] "GET /events/category/plant-a-tree/day/2024-08-03/?outlook-ical=1 HTTP/1.1" 404 796 "-" "Mozilla/5.0 (compatible; DotBot/1.2; +https://opensiteexplorer.org/dotbot; help@moz.com)"
114.119.128.196 - - [16/Mar/2026:13:17:09 +0545] "GET /events/category/plant-a-tree/list/?tribe-bar-date=2025-03-23&eventDisplay=past HTTP/1.1" 404 796 "https://www.betterchitwan.com/events/category/plant-a-tree/list/?tribe-bar-date=2025-03-23" "Mozilla/5.0 (Linux; Android 7.0;) AppleWebKit/537.36 (KHTML, like Gecko) Mobile Safari/537.36 (compatible; PetalBot;+https://webmaster.petalsearch.com/site/petalbot)"
46.151.198.16 - - [16/Mar/2026:13:04:11 +0545] "POST /xmlrpc.php HTTP/1.1" 200 3130 "-" "Mozilla/5.0 (X11; Linux x86_64) AppleWebKit/537.36 (KHTML, like Gecko) Chrome/114.0.0.0 Safari/537.36 Vivaldi/5.3.2679.68"
2a01:4f9:5a:1745::2 - - [16/Mar/2026:13:04:12 +0545] "POST /wp-admin/admin-ajax.php?action=async_litespeed&nonce=4ef15963e2&litespeed_type=imgoptm HTTP/1.1" 200 5 "-" "WordPress/6.9.4; https://www.betterchitwan.com"
46.151.198.16 - - [16/Mar/2026:13:04:13 +0545] "POST /xmlrpc.php HTTP/1.1" 200 106 "-" "Mozilla/5.0 (X11; Linux x86_64) AppleWebKit/537.36 (KHTML, like Gecko) Chrome/114.0.0.0 Safari/537.36 Vivaldi/5.3.2679.68"
54.37.118.95 - - [16/Mar/2026:13:04:56 +0545] "GET /events/category/save-narayani-movement/today/ HTTP/1.1" 404 796 "-" "Mozilla/5.0 (compatible; AhrefsBot/7.0; +http://ahrefs.com/robot/)"
193.34.75.30 - - [16/Mar/2026:13:07:06 +0545] "POST /xmlrpc.php HTTP/1.1" 200 106 "-" "Python-xmlrpc/3.10"
103.219.169.168 - - [16/Mar/2026:13:14:41 +0545] "GET /neue-erreichbar-casinos-apple-pay-casino-uber-startguthaben-abzuglich-einzahlung-2026/ HTTP/1.1" 404 796 "-" "Mozilla/5.0 (Windows NT 10.0; Win64; x64; rv:125.0) Gecko/20100101 Firefox/125.0"
2a01:4f9:5a:1745::2 - - [16/Mar/2026:13:15:41 +0545] "POST /wp-cron.php?doing_wp_cron=1773646241.2078549861907958984375 HTTP/1.1" 200 0 "-" "WordPress/6.9.4; https://www.betterchitwan.com"
2a01:4f9:5a:1745::2 - - [16/Mar/2026:13:15:42 +0545] "POST /wp-admin/admin-ajax.php?action=async_litespeed&nonce=4ef15963e2&litespeed_type=imgoptm HTTP/1.1" 200 5 "-" "WordPress/6.9.4; https://www.betterchitwan.com"
149.104.77.190 - - [16/Mar/2026:13:16:54 +0545] "GET /wp-admin/ HTTP/1.1" 302 0 "www.google.com" "Mozilla/5.0 (Windows NT 10.0; Win64; x64) AppleWebKit/537.36 (KHTML, like Gecko) Chrome/90.0.4430.85 Safari/537.36"
2a01:4f9:5a:1745::2 - - [16/Mar/2026:13:06:27 +0545] "POST /wp-admin/admin-ajax.php?action=async_litespeed&nonce=4ef15963e2&litespeed_type=imgoptm HTTP/1.1" 200 5 "-" "WordPress/6.9.4; https://www.betterchitwan.com"
16.63.28.33 - - [16/Mar/2026:13:06:27 +0545] "POST /xmlrpc.php HTTP/1.1" 200 109 "-" "Mozilla/5.0 (Windows NT 10.0; Win64; x64) AppleWebKit/537.36 (KHTML, like Gecko) Chrome/139.0.0.0 Safari/537.36"
2a01:4f9:5a:1745::2 - - [16/Mar/2026:13:07:06 +0545] "POST /wp-admin/admin-ajax.php?action=async_litespeed&nonce=4ef15963e2&litespeed_type=imgoptm HTTP/1.1" 200 5 "-" "WordPress/6.9.4; https://www.betterchitwan.com"
2a01:4f9:5a:1745::2 - - [16/Mar/2026:13:07:08 +0545] "POST /wp-cron.php?doing_wp_cron=1773645728.8107330799102783203125 HTTP/1.1" 200 0 "-" "WordPress/6.9.4; https://www.betterchitwan.com"
193.34.75.30 - - [16/Mar/2026:13:07:08 +0545] "POST /xmlrpc.php HTTP/1.1" 200 6661 "-" "Python-xmlrpc/3.10"
185.3.237.164 - - [16/Mar/2026:13:07:46 +0545] "POST /xmlrpc.php HTTP/1.1" 200 3130 "-" "Mozilla/5.0 (Windows NT 10.0; Win64; x64) AppleWebKit/537.36 (KHTML, like Gecko) Chrome/79.0.3945.130 Safari/537.36 OPR/66.0.3515.103"
149.104.77.190 - - [16/Mar/2026:13:11:36 +0545] "POST /wp-login.php HTTP/1.1" 200 974 "https://www.betterchitwan.com/wp-admin/" "Mozilla/5.0 (Windows NT 10.0; Win64; x64) AppleWebKit/537.36 (KHTML, like Gecko) Chrome/90.0.4430.85 Safari/537.36"
2a01:4f9:5a:1745::2 - - [16/Mar/2026:13:11:37 +0545] "POST /wp-admin/admin-ajax.php?action=async_litespeed&nonce=4ef15963e2&litespeed_type=imgoptm HTTP/1.1" 200 5 "-" "WordPress/6.9.4; https://www.betterchitwan.com"
149.104.77.190 - - [16/Mar/2026:13:11:37 +0545] "GET /wp-login.php?redirect_to=https%3A%2F%2Fwww.betterchitwan.com%2Fwp-admin%2F&reauth=1 HTTP/1.1" 200 1052 "www.google.com" "Mozilla/5.0 (Windows NT 10.0; Win64; x64) AppleWebKit/537.36 (KHTML, like Gecko) Chrome/90.0.4430.85 Safari/537.36"
38.180.158.36 - - [16/Mar/2026:13:15:43 +0545] "GET /color-theory-and-psychological-reaction-in-electronic-interfaces/ HTTP/1.1" 404 796 "-" "Mozilla/5.0 (Macintosh; Intel Mac OS X 10_12_6) AppleWebKit/603.3.8 (KHTML, like Gecko) Version/10.1.2 Safari/603.3.8"
216.244.66.231 - - [16/Mar/2026:13:17:14 +0545] "GET /events/tag/futsal/list/?tribe-bar-date=2025-06-29 HTTP/1.1" 404 796 "-" "Mozilla/5.0 (compatible; DotBot/1.2; +https://opensiteexplorer.org/dotbot; help@moz.com)"
2a01:4f9:5a:1745::2 - - [16/Mar/2026:13:21:34 +0545] "POST /wp-admin/admin-ajax.php?action=async_litespeed&nonce=4ef15963e2&litespeed_type=imgoptm HTTP/1.1" 200 5 "-" "WordPress/6.9.4; https://www.betterchitwan.com"
51.75.236.138 - - [16/Mar/2026:13:22:12 +0545] "GET /?sitemap36_xml HTTP/1.1" 200 27158 "-" "Mozilla/5.0 (compatible; AhrefsBot/7.0; +http://ahrefs.com/robot/)"
95.164.233.251 - - [16/Mar/2026:13:24:20 +0545] "POST /xmlrpc.php HTTP/1.1" 200 595 "-" "Python-xmlrpc/3.10"
95.164.233.251 - - [16/Mar/2026:13:24:22 +0545] "POST /xmlrpc.php HTTP/1.1" 200 106 "-" "Python-xmlrpc/3.10"
194.39.127.117 - - [16/Mar/2026:13:27:29 +0545] "POST /xmlrpc.php HTTP/1.1" 200 4235 "-" "Mozilla/5.0 (Macintosh; Intel Mac OS X 10_14_6) AppleWebKit/537.36 (KHTML, like Gecko) Chrome/80.0.3987.132 Safari/537.36"
149.104.77.190 - - [16/Mar/2026:13:32:11 +0545] "GET /wp-admin/ HTTP/1.1" 302 0 "www.google.com" "Mozilla/5.0 (Windows NT 10.0; Win64; x64) AppleWebKit/537.36 (KHTML, like Gecko) Chrome/90.0.4430.85 Safari/537.36"
2a01:4f9:5a:1745::2 - - [16/Mar/2026:13:32:13 +0545] "POST /wp-admin/admin-ajax.php?action=async_litespeed&nonce=4ef15963e2&litespeed_type=imgoptm HTTP/1.1" 200 5 "-" "WordPress/6.9.4; https://www.betterchitwan.com"
2a01:4f9:5a:1745::2 - - [16/Mar/2026:13:24:20 +0545] "POST /wp-cron.php?doing_wp_cron=1773646760.8260960578918457031250 HTTP/1.1" 200 0 "-" "WordPress/6.9.4; https://www.betterchitwan.com"
2a01:4f9:5a:1745::2 - - [16/Mar/2026:13:27:28 +0545] "POST /wp-cron.php?doing_wp_cron=1773646947.9031200408935546875000 HTTP/1.1" 200 0 "-" "WordPress/6.9.4; https://www.betterchitwan.com"
176.31.139.29 - - [16/Mar/2026:13:29:53 +0545] "GET /.lsrecap/recaptcha?tribe-bar-date=2023-02-02&eventDisplay=past HTTP/1.1" 404 796 "-" "Mozilla/5.0 (compatible; AhrefsBot/7.0; +http://ahrefs.com/robot/)"
149.104.77.190 - - [16/Mar/2026:13:32:11 +0545] "POST /wp-login.php HTTP/1.1" 200 974 "https://www.betterchitwan.com/wp-admin/" "Mozilla/5.0 (Windows NT 10.0; Win64; x64) AppleWebKit/537.36 (KHTML, like Gecko) Chrome/90.0.4430.85 Safari/537.36"
2a01:4f9:5a:1745::2 - - [16/Mar/2026:13:32:12 +0545] "POST /wp-cron.php?doing_wp_cron=1773647232.0001020431518554687500 HTTP/1.1" 200 0 "-" "WordPress/6.9.4; https://www.betterchitwan.com"
54.37.118.92 - - [16/Mar/2026:13:33:37 +0545] "GET /.lsrecap/recaptcha?tribe-bar-date=2023-04-23&eventDisplay=past HTTP/1.1" 404 796 "-" "Mozilla/5.0 (compatible; AhrefsBot/7.0; +http://ahrefs.com/robot/)"
95.164.33.238 - - [16/Mar/2026:13:33:49 +0545] "POST /xmlrpc.php HTTP/1.1" 200 106 "-" "Python-xmlrpc/3.10"
216.73.216.171 - - [16/Mar/2026:13:21:32 +0545] "GET /robots.txt HTTP/1.1" 200 109 "-" "Mozilla/5.0 AppleWebKit/537.36 (KHTML, like Gecko; compatible; ClaudeBot/1.0; +claudebot@anthropic.com)"
2a01:4f9:5a:1745::2 - - [16/Mar/2026:13:21:35 +0545] "GET /wp-content/uploads/2019/11/divider.svg HTTP/1.1" 404 796 "-" "-"
2a01:4f9:5a:1745::2 - - [16/Mar/2026:13:27:25 +0545] "POST /wp-cron.php?doing_wp_cron=1773646945.1519570350646972656250 HTTP/1.1" 200 0 "-" "WordPress/6.9.4; https://www.betterchitwan.com"
194.39.127.117 - - [16/Mar/2026:13:27:24 +0545] "POST /xmlrpc.php HTTP/1.1" 200 3130 "-" "Mozilla/5.0 (Macintosh; Intel Mac OS X 10_14_6) AppleWebKit/537.36 (KHTML, like Gecko) Chrome/80.0.3987.132 Safari/537.36"
192.178.6.66 - - [16/Mar/2026:13:27:28 +0545] "GET /usanze-folkloristiche-connesse-alla-fortuna-nel-sud-italia/ HTTP/1.1" 404 796 "-" "Mozilla/5.0 (Linux; Android 6.0.1; Nexus 5X Build/MMB29P) AppleWebKit/537.36 (KHTML, like Gecko) Chrome/145.0.7632.116 Mobile Safari/537.36 (compatible; Googlebot/2.1; +http://www.google.com/bot.html)"
95.164.33.238 - - [16/Mar/2026:13:33:48 +0545] "POST /xmlrpc.php HTTP/1.1" 200 595 "-" "Python-xmlrpc/3.10"
2a01:4f9:5a:1745::2 - - [16/Mar/2026:13:33:52 +0545] "POST /wp-cron.php?doing_wp_cron=1773647332.3596060276031494140625 HTTP/1.1" 200 0 "-" "WordPress/6.9.4; https://www.betterchitwan.com"
2a01:4f9:5a:1745::2 - - [16/Mar/2026:13:21:33 +0545] "POST /wp-cron.php?doing_wp_cron=1773646593.5969080924987792968750 HTTP/1.1" 200 0 "-" "WordPress/6.9.4; https://www.betterchitwan.com"
