192.178.6.65 - - [15/Mar/2026:18:27:55 +0545] "GET /events/category/youthwan/list/?tribe-bar-date=2023-02-08&eventDisplay=past HTTP/1.1" 404 796 "-" "Mozilla/5.0 (Linux; Android 6.0.1; Nexus 5X Build/MMB29P) AppleWebKit/537.36 (KHTML, like Gecko) Chrome/145.0.7632.116 Mobile Safari/537.36 (compatible; Googlebot/2.1; +http://www.google.com/bot.html)"
2a01:4f9:5a:1745::2 - - [15/Mar/2026:18:30:21 +0545] "POST /wp-cron.php?doing_wp_cron=1773578721.0059540271759033203125 HTTP/1.1" 200 0 "-" "WordPress/6.9.4; https://www.betterchitwan.com"
2a01:4f9:5a:1745::2 - - [15/Mar/2026:18:30:25 +0545] "POST /wp-cron.php?doing_wp_cron=1773578725.3980689048767089843750 HTTP/1.1" 200 0 "-" "WordPress/6.9.4; https://www.betterchitwan.com"
114.119.131.235 - - [15/Mar/2026:18:38:52 +0545] "GET /events/category/youthwan/day/2023-12-23/ HTTP/1.1" 404 796 "https://www.betterchitwan.com/events/category/youthwan/day/2023-12-23/" "Mozilla/5.0 (Linux; Android 7.0;) AppleWebKit/537.36 (KHTML, like Gecko) Mobile Safari/537.36 (compatible; PetalBot;+https://webmaster.petalsearch.com/site/petalbot)"
2a01:4f9:5a:1745::2 - - [15/Mar/2026:18:42:55 +0545] "POST /wp-admin/admin-ajax.php?action=async_litespeed&nonce=661b1bd860&litespeed_type=imgoptm HTTP/1.1" 200 5 "-" "WordPress/6.9.4; https://www.betterchitwan.com"
109.248.149.116 - - [15/Mar/2026:18:57:47 +0545] "POST /xmlrpc.php HTTP/1.1" 200 3550 "-" "Mozilla/5.0 (Windows NT 10.0; Win64; x64) AppleWebKit/537.36 (KHTML, like Gecko) Chrome/64.0.3282.140 Safari/537.36 Edge/18.17763"
43.166.255.122 - - [15/Mar/2026:18:24:09 +0545] "GET /fortunes-favor-the-bold-explore-thrilling-games-2/ HTTP/1.1" 404 796 "-" "Mozilla/5.0 (iPhone; CPU iPhone OS 13_2_3 like Mac OS X) AppleWebKit/605.1.15 (KHTML, like Gecko) Version/13.0.3 Mobile/15E148 Safari/604.1"
185.217.71.89 - - [15/Mar/2026:18:27:40 +0545] "POST /xmlrpc.php HTTP/1.1" 200 4245 "-" "Mozilla/5.0 (Windows NT 10.0; Win64; x64) AppleWebKit/537.36 (KHTML, like Gecko) Chrome/114.0.0.0 Safari/537.36 Edg/114.0.1823.43"
114.119.146.77 - - [15/Mar/2026:18:28:57 +0545] "GET /events/category/youthwan/day/2025-01-19 HTTP/1.1" 404 796 "-" "Mozilla/5.0 (Linux; Android 7.0;) AppleWebKit/537.36 (KHTML, like Gecko) Mobile Safari/537.36 (compatible; PetalBot;+https://webmaster.petalsearch.com/site/petalbot)"
114.119.129.33 - - [15/Mar/2026:18:35:49 +0545] "GET /events/category/youthwan/day/2024-04-09/ HTTP/1.1" 404 796 "https://www.betterchitwan.com/events/category/youthwan/list/?tribe-bar-date=2024-04-09&eventDisplay=past" "Mozilla/5.0 (Linux; Android 7.0;) AppleWebKit/537.36 (KHTML, like Gecko) Mobile Safari/537.36 (compatible; PetalBot;+https://webmaster.petalsearch.com/site/petalbot)"
52.167.144.156 - - [15/Mar/2026:18:40:22 +0545] "GET /enviroyouth-dialogue-building-a-greener-future/ HTTP/1.1" 404 796 "-" "Mozilla/5.0 AppleWebKit/537.36 (KHTML, like Gecko; compatible; bingbot/2.0; +http://www.bing.com/bingbot.htm) Chrome/116.0.1938.76 Safari/537.36"
114.119.152.60 - - [15/Mar/2026:18:41:25 +0545] "GET /events/category/youth-motivators-club-ymc/list?tribe-bar-date=2025-03-31&ical=1 HTTP/1.1" 404 796 "-" "Mozilla/5.0 (Linux; Android 7.0;) AppleWebKit/537.36 (KHTML, like Gecko) Mobile Safari/537.36 (compatible; PetalBot;+https://webmaster.petalsearch.com/site/petalbot)"
192.178.6.64 - - [15/Mar/2026:18:54:54 +0545] "GET /events/tag/drawing-contest/list/?tribe-bar-date=2023-09-09&eventDisplay=past HTTP/1.1" 404 796 "-" "Mozilla/5.0 (Linux; Android 6.0.1; Nexus 5X Build/MMB29P) AppleWebKit/537.36 (KHTML, like Gecko) Chrome/145.0.7632.116 Mobile Safari/537.36 (compatible; Googlebot/2.1; +http://www.google.com/bot.html)"
15.220.168.224 - - [15/Mar/2026:18:42:55 +0545] "POST /xmlrpc.php HTTP/1.1" 200 106 "-" "Mozilla/5.0 (Windows NT 6.1) AppleWebKit/537.36 (KHTML, like Gecko) Chrome/49.0.2623.112 Safari/537.36"
2a01:4f9:5a:1745::2 - - [15/Mar/2026:18:57:48 +0545] "POST /wp-cron.php?doing_wp_cron=1773580367.8843560218811035156250 HTTP/1.1" 200 0 "-" "WordPress/6.9.4; https://www.betterchitwan.com"
192.178.6.64 - - [15/Mar/2026:18:39:54 +0545] "GET /%E0%A4%9C%E0%A5%80%E0%A4%B5%E0%A4%BF%E0%A4%A4-%E0%A4%AA%E0%A4%B6%E0%A5%81-%E0%A4%A2%E0%A5%81%E0%A4%B5%E0%A4%BE%E0%A4%A8%E0%A5%80-%E0%A4%AA%E0%A5%8D%E0%A4%B0%E0%A4%A4%E0%A4%BF%E0%A4%AC%E0%A4%A8/ HTTP/1.1" 404 796 "-" "Mozilla/5.0 (Linux; Android 6.0.1; Nexus 5X Build/MMB29P) AppleWebKit/537.36 (KHTML, like Gecko) Chrome/145.0.7632.116 Mobile Safari/537.36 (compatible; Googlebot/2.1; +http://www.google.com/bot.html)"
15.220.168.224 - - [15/Mar/2026:18:42:53 +0545] "POST /xmlrpc.php HTTP/1.1" 200 3100 "-" "Mozilla/5.0 (Windows NT 6.1) AppleWebKit/537.36 (KHTML, like Gecko) Chrome/49.0.2623.112 Safari/537.36"
54.37.118.77 - - [15/Mar/2026:18:49:47 +0545] "GET /afila-tu-cana-y-tu-estrategia-es-posible-convertir/ HTTP/1.1" 404 796 "-" "Mozilla/5.0 (compatible; AhrefsBot/7.0; +http://ahrefs.com/robot/)"
43.130.102.7 - - [15/Mar/2026:18:55:47 +0545] "GET /elvezd-a-nyeres-izgalmat-98-os-kifizetesi-arannyal-a-betmatch/ HTTP/1.1" 404 796 "-" "Mozilla/5.0 (iPhone; CPU iPhone OS 13_2_3 like Mac OS X) AppleWebKit/605.1.15 (KHTML, like Gecko) Version/13.0.3 Mobile/15E148 Safari/604.1"
191.5.154.30 - - [15/Mar/2026:18:18:08 +0545] "GET /wp-login.php?redirect_to=https%3A%2F%2Fwww.betterchitwan.com%2Fwp-admin%2F&reauth=1 HTTP/1.1" 200 1052 "https://www.betterchitwan.com/wp-admin/" "Mozilla/5.0 (Windows NT 10.0; Win64; x64) AppleWebKit/537.36 (KHTML, like Gecko) Chrome/145.0.0.0 Safari/537.36"
105.214.16.165 - - [15/Mar/2026:18:18:51 +0545] "GET /wp-login.php?redirect_to=https%3A%2F%2Fwww.betterchitwan.com%2Fwp-admin%2F&reauth=1 HTTP/1.1" 200 1052 "https://www.betterchitwan.com/wp-admin/" "Mozilla/5.0 (Windows NT 10.0; Win64; x64) AppleWebKit/537.36 (KHTML, like Gecko) Chrome/145.0.0.0 Safari/537.36"
105.214.16.165 - - [15/Mar/2026:18:18:53 +0545] "GET /wp-login.php HTTP/1.1" 200 974 "-" "Mozilla/5.0 (Windows NT 10.0; Win64; x64) AppleWebKit/537.36 (KHTML, like Gecko) Chrome/145.0.0.0 Safari/537.36"
136.158.27.79 - - [15/Mar/2026:18:19:22 +0545] "GET /wp-login.php HTTP/1.1" 200 974 "-" "Mozilla/5.0 (Windows NT 10.0; Win64; x64) AppleWebKit/537.36 (KHTML, like Gecko) Chrome/145.0.0.0 Safari/537.36"
154.242.191.78 - - [15/Mar/2026:18:19:51 +0545] "GET /wp-login.php?redirect_to=https%3A%2F%2Fwww.betterchitwan.com%2Fwp-admin%2F&reauth=1 HTTP/1.1" 200 1052 "https://www.betterchitwan.com/wp-admin/" "Mozilla/5.0 (Windows NT 10.0; Win64; x64) AppleWebKit/537.36 (KHTML, like Gecko) Chrome/145.0.0.0 Safari/537.36"
96.0.24.240 - - [15/Mar/2026:18:21:30 +0545] "POST /xmlrpc.php HTTP/1.1" 200 3100 "-" "Mozilla/5.0 (Windows NT 6.1; Win64; x64) AppleWebKit/537.36 (KHTML, like Gecko) Chrome/80.0.3987.149 Safari/537.36"
2a01:4f9:5a:1745::2 - - [15/Mar/2026:18:21:34 +0545] "POST /wp-cron.php?doing_wp_cron=1773578194.5925209522247314453125 HTTP/1.1" 200 0 "-" "WordPress/6.9.4; https://www.betterchitwan.com"
185.217.71.89 - - [15/Mar/2026:18:27:38 +0545] "POST /xmlrpc.php HTTP/1.1" 200 108 "-" "Mozilla/5.0 (Windows NT 10.0; Win64; x64) AppleWebKit/537.36 (KHTML, like Gecko) Chrome/114.0.0.0 Safari/537.36 Edg/114.0.1823.43"
68.66.116.63 - - [15/Mar/2026:18:30:22 +0545] "POST /xmlrpc.php HTTP/1.1" 200 108 "-" "Mozilla/5.0 (X11; Linux i686) AppleWebKit/537.36 (KHTML, like Gecko) Chrome/114.0.0.0 Safari/537.36 Vivaldi/5.3.2679.68"
192.178.6.64 - - [15/Mar/2026:18:50:54 +0545] "GET /event/%E0%A4%AE%E0%A4%BE%E0%A4%A8%E0%A4%B5-%E0%A4%AC%E0%A5%87%E0%A4%9A%E0%A4%AC%E0%A4%BF%E0%A4%96%E0%A4%A8-%E0%A4%A4%E0%A4%A5%E0%A4%BE-%E0%A4%93%E0%A4%B8%E0%A4%BE%E0%A4%B0%E0%A4%AA%E0%A4%B8%E0%A4%BE/ HTTP/1.1" 404 796 "-" "Mozilla/5.0 (Linux; Android 6.0.1; Nexus 5X Build/MMB29P) AppleWebKit/537.36 (KHTML, like Gecko) Chrome/145.0.7632.116 Mobile Safari/537.36 (compatible; Googlebot/2.1; +http://www.google.com/bot.html)"
109.248.149.116 - - [15/Mar/2026:18:57:45 +0545] "POST /xmlrpc.php HTTP/1.1" 200 106 "-" "Mozilla/5.0 (Windows NT 10.0; Win64; x64) AppleWebKit/537.36 (KHTML, like Gecko) Chrome/64.0.3282.140 Safari/537.36 Edge/18.17763"
191.102.179.221 - - [15/Mar/2026:18:59:01 +0545] "POST /wp-login.php HTTP/1.1" 200 974 "-" "Mozilla/5.0 (Windows NT 10.0; Win64; x64) AppleWebKit/537.36 (KHTML, like Gecko) Chrome/91.0.4472.124 Safari/537.36"
114.119.138.172 - - [15/Mar/2026:18:59:42 +0545] "GET /events/category/youth-motivators-club-ymc/day/2025-06-01/?ical=1 HTTP/1.1" 404 796 "https://www.betterchitwan.com/events/category/youth-motivators-club-ymc/day/2025-06-01/" "Mozilla/5.0 (Linux; Android 7.0;) AppleWebKit/537.36 (KHTML, like Gecko) Mobile Safari/537.36 (compatible; PetalBot;+https://webmaster.petalsearch.com/site/petalbot)"
216.244.66.231 - - [15/Mar/2026:19:06:51 +0545] "GET /page/2/?post_type=tribe_events&outlook-ical=1 HTTP/1.1" 404 796 "-" "Mozilla/5.0 (compatible; DotBot/1.2; +https://opensiteexplorer.org/dotbot; help@moz.com)"
192.178.6.67 - - [15/Mar/2026:19:12:31 +0545] "GET /events/tag/futsal/list/?tribe-bar-date=2025-08-12&eventDisplay=past HTTP/1.1" 404 796 "-" "Mozilla/5.0 (Linux; Android 6.0.1; Nexus 5X Build/MMB29P) AppleWebKit/537.36 (KHTML, like Gecko) Chrome/145.0.7632.116 Mobile Safari/537.36 (compatible; Googlebot/2.1; +http://www.google.com/bot.html)"
114.119.129.33 - - [15/Mar/2026:19:14:36 +0545] "GET /events/category/wow-women/list/?tribe-bar-date=2025-02-01&eventDisplay=past HTTP/1.1" 404 796 "https://www.betterchitwan.com/events/category/wow-women/list/?tribe-bar-date=2025-02-01&eventDisplay=past" "Mozilla/5.0 (Linux; Android 7.0;) AppleWebKit/537.36 (KHTML, like Gecko) Mobile Safari/537.36 (compatible; PetalBot;+https://webmaster.petalsearch.com/site/petalbot)"
114.119.128.196 - - [15/Mar/2026:19:18:34 +0545] "GET /events/category/wow-women/list/?tribe-bar-date=2025-01-30 HTTP/1.1" 404 796 "https://www.betterchitwan.com/events/category/wow-women/list?tribe-bar-date=2025-01-30&eventDisplay=past" "Mozilla/5.0 (Linux; Android 7.0;) AppleWebKit/537.36 (KHTML, like Gecko) Mobile Safari/537.36 (compatible; PetalBot;+https://webmaster.petalsearch.com/site/petalbot)"
2a01:4f9:5a:1745::2 - - [15/Mar/2026:19:22:43 +0545] "POST /wp-cron.php?doing_wp_cron=1773581863.5950720310211181640625 HTTP/1.1" 200 0 "-" "WordPress/6.9.4; https://www.betterchitwan.com"
35.225.238.34 - - [15/Mar/2026:19:22:45 +0545] "GET / HTTP/1.1" 200 26920 "https://betterchitwan.com/" "Mozilla/5.0 (compatible; CMS-Checker/1.0; +https://example.com)"
2a01:4f9:5a:1745::2 - - [15/Mar/2026:19:25:32 +0545] "POST /wp-cron.php?doing_wp_cron=1773582032.6188499927520751953125 HTTP/1.1" 200 0 "-" "WordPress/6.9.4; https://www.betterchitwan.com"
2a01:4f9:5a:1745::2 - - [15/Mar/2026:19:25:33 +0545] "POST /wp-admin/admin-ajax.php?action=async_litespeed&nonce=661b1bd860&litespeed_type=imgoptm HTTP/1.1" 200 5 "-" "WordPress/6.9.4; https://www.betterchitwan.com"
129.153.94.60 - - [15/Mar/2026:19:29:11 +0545] "GET /wp-admin/ HTTP/1.1" 200 12428 "http://cpanel.betterchitwan.com/wp-admin/" "Mozilla/5.0 (iPhone; CPU iPhone OS 17_4_1 like Mac OS X) AppleWebKit/605.1.15 Mobile/15E148"
129.153.94.60 - - [15/Mar/2026:19:29:13 +0545] "GET /register HTTP/1.1" 200 12420 "http://cpanel.betterchitwan.com/register" "Mozilla/5.0 (Android 13; Mobile; rv:117.0) Gecko/117.0 Firefox/117.0"
192.178.6.73 - - [15/Mar/2026:19:30:16 +0545] "GET /events/tag/international-youth-day-2023/list/?tribe-bar-date=2033-06-24&eventDisplay=past HTTP/1.1" 404 796 "-" "Mozilla/5.0 (Linux; Android 6.0.1; Nexus 5X Build/MMB29P) AppleWebKit/537.36 (KHTML, like Gecko) Chrome/145.0.7632.116 Mobile Safari/537.36 (compatible; Googlebot/2.1; +http://www.google.com/bot.html)"
114.119.152.60 - - [15/Mar/2026:19:45:33 +0545] "GET /events/category/youthwan/day/2025-06-17/ HTTP/1.1" 404 796 "https://www.betterchitwan.com/events/category/youthwan/list/?tribe-bar-date=2025-06-17&eventDisplay=past" "Mozilla/5.0 (Linux; Android 7.0;) AppleWebKit/537.36 (KHTML, like Gecko) Mobile Safari/537.36 (compatible; PetalBot;+https://webmaster.petalsearch.com/site/petalbot)"
74.243.251.125 - - [15/Mar/2026:19:47:56 +0545] "GET /wp-scxy.php HTTP/1.1" 404 796 "-" "-"
192.178.6.66 - - [15/Mar/2026:19:21:23 +0545] "GET /%E0%A4%9C%E0%A4%B2%E0%A4%B5%E0%A4%BE%E0%A4%AF%E0%A5%81-%E0%A4%AA%E0%A4%B0%E0%A4%BF%E0%A4%B5%E0%A4%B0%E0%A5%8D%E0%A4%A4%E0%A4%A8-%E0%A4%B0-%E0%A4%9C%E0%A4%B2%E0%A4%B5%E0%A4%BE%E0%A4%AF%E0%A5%81/469877798_900993455491154_5512680120295589825_n/ HTTP/1.1" 404 796 "-" "Mozilla/5.0 (Linux; Android 6.0.1; Nexus 5X Build/MMB29P) AppleWebKit/537.36 (KHTML, like Gecko) Chrome/145.0.7632.116 Mobile Safari/537.36 (compatible; Googlebot/2.1; +http://www.google.com/bot.html)"
114.119.138.172 - - [15/Mar/2026:19:21:47 +0545] "GET /events/category/wow-women/list/?tribe-bar-date=2024-12-31&outlook-ical=1 HTTP/1.1" 404 796 "https://www.betterchitwan.com/events/category/wow-women/list/?tribe-bar-date=2024-12-31" "Mozilla/5.0 (Linux; Android 7.0;) AppleWebKit/537.36 (KHTML, like Gecko) Mobile Safari/537.36 (compatible; PetalBot;+https://webmaster.petalsearch.com/site/petalbot)"
114.119.155.54 - - [15/Mar/2026:19:24:08 +0545] "GET /?sitemapindex.xml HTTP/1.1" 301 0 "-" "Mozilla/5.0 (Linux; Android 7.0;) AppleWebKit/537.36 (KHTML, like Gecko) Mobile Safari/537.36 (compatible; PetalBot;+https://webmaster.petalsearch.com/site/petalbot)"
129.153.94.60 - - [15/Mar/2026:19:29:12 +0545] "GET /admin HTTP/1.1" 200 12428 "http://cpanel.betterchitwan.com/admin" "Mozilla/5.0 (Android 13; Mobile; rv:117.0) Gecko/117.0 Firefox/117.0"
129.153.94.60 - - [15/Mar/2026:19:29:12 +0545] "GET /login HTTP/1.1" 401 12414 "http://cpanel.betterchitwan.com/login" "Mozilla/5.0 (Macintosh; Intel Mac OS X 13_5_1) AppleWebKit/605.1.15 Safari/605.1.15"
129.153.94.60 - - [15/Mar/2026:19:29:13 +0545] "GET /login HTTP/1.1" 401 12418 "http://cpanel.betterchitwan.com/login" "Mozilla/5.0 (iPad; CPU OS 17_4 like Mac OS X) AppleWebKit/605.1.15 Mobile/15E148"
114.119.138.172 - - [15/Mar/2026:19:32:00 +0545] "GET /fortunes-favor-the-swift-amplify-your-winnings/ HTTP/1.1" 404 796 "https://www.betterchitwan.com/" "Mozilla/5.0 (Linux; Android 7.0;) AppleWebKit/537.36 (KHTML, like Gecko) Mobile Safari/537.36 (compatible; PetalBot;+https://webmaster.petalsearch.com/site/petalbot)"
114.119.136.5 - - [15/Mar/2026:19:47:04 +0545] "GET /events/category/youthwan/day/2024-11-08/ HTTP/1.1" 404 796 "https://www.betterchitwan.com/events/category/youthwan/day/2024-11-07/" "Mozilla/5.0 (Linux; Android 7.0;) AppleWebKit/537.36 (KHTML, like Gecko) Mobile Safari/537.36 (compatible; PetalBot;+https://webmaster.petalsearch.com/site/petalbot)"
114.119.146.77 - - [15/Mar/2026:19:55:33 +0545] "GET /events/category/youth-motivators-club-ymc/list/?tribe-bar-date=2026-03-01&eventDisplay=past HTTP/1.1" 404 796 "https://www.betterchitwan.com/events/category/youth-motivators-club-ymc/list/?tribe-bar-date=2026-03-01" "Mozilla/5.0 (Linux; Android 7.0;) AppleWebKit/537.36 (KHTML, like Gecko) Mobile Safari/537.36 (compatible; PetalBot;+https://webmaster.petalsearch.com/site/petalbot)"
152.233.20.149 - - [15/Mar/2026:19:57:52 +0545] "POST /xmlrpc.php HTTP/1.1" 200 3100 "-" "Mozilla/5.0 (Windows NT 10.0; Win64; x64) AppleWebKit/537.36 (KHTML, like Gecko) Chrome/143.0.0.0 Safari/537.36"
103.149.93.160 - - [15/Mar/2026:20:03:34 +0545] "GET /feed/ HTTP/1.1" 404 796 "-" "Mozilla/5.0 (compatible; FeedChecker/1.0)"
152.233.4.162 - - [15/Mar/2026:20:05:37 +0545] "POST /xmlrpc.php HTTP/1.1" 200 3838 "-" "Mozilla/5.0 (Windows NT 10.0; Win64; x64) AppleWebKit/537.36 (KHTML, like Gecko) Chrome/114.0.0.0 YaBrowser/22.7.0 Yowser/2.5 Safari/537.36"
192.178.6.67 - - [15/Mar/2026:20:05:47 +0545] "GET /events/tag/save-narayani-movement/list/?tribe-bar-date=2024-11-22&eventDisplay=past HTTP/1.1" 404 796 "-" "Mozilla/5.0 (Linux; Android 6.0.1; Nexus 5X Build/MMB29P) AppleWebKit/537.36 (KHTML, like Gecko) Chrome/145.0.7632.116 Mobile Safari/537.36 (compatible; Googlebot/2.1; +http://www.google.com/bot.html)"
114.119.138.172 - - [15/Mar/2026:19:02:15 +0545] "GET /events/category/youth-motivators-club-ymc/day/2025-03-10/ HTTP/1.1" 404 796 "https://www.betterchitwan.com/events/category/youth-motivators-club-ymc/day/2025-03-11" "Mozilla/5.0 (Linux; Android 7.0;) AppleWebKit/537.36 (KHTML, like Gecko) Mobile Safari/537.36 (compatible; PetalBot;+https://webmaster.petalsearch.com/site/petalbot)"
114.119.146.77 - - [15/Mar/2026:19:04:38 +0545] "GET /events/category/youth-motivators-club-ymc/day/2024-07-30/ HTTP/1.1" 404 796 "https://www.betterchitwan.com/events/category/youth-motivators-club-ymc/list?tribe-bar-date=2024-07-30&eventDisplay=past" "Mozilla/5.0 (Linux; Android 7.0;) AppleWebKit/537.36 (KHTML, like Gecko) Mobile Safari/537.36 (compatible; PetalBot;+https://webmaster.petalsearch.com/site/petalbot)"
43.165.70.220 - - [15/Mar/2026:19:05:37 +0545] "GET /pinco-online-kazino-azrbaycanda-oyun-seimlri-v-4/ HTTP/1.1" 404 796 "-" "Mozilla/5.0 (iPhone; CPU iPhone OS 13_2_3 like Mac OS X) AppleWebKit/605.1.15 (KHTML, like Gecko) Version/13.0.3 Mobile/15E148 Safari/604.1"
92.222.108.97 - - [15/Mar/2026:19:15:24 +0545] "GET /?sitemap665.xml HTTP/1.1" 301 0 "-" "Mozilla/5.0 (compatible; AhrefsBot/7.0; +http://ahrefs.com/robot/)"
114.119.155.54 - - [15/Mar/2026:19:24:11 +0545] "GET /?sitemapindex_xml HTTP/1.1" 200 22929 "-" "Mozilla/5.0 (Linux; Android 7.0;) AppleWebKit/537.36 (KHTML, like Gecko) Mobile Safari/537.36 (compatible; PetalBot;+https://webmaster.petalsearch.com/site/petalbot)"
114.119.134.207 - - [15/Mar/2026:19:25:31 +0545] "GET /?sitemap905.xml HTTP/1.1" 301 0 "-" "Mozilla/5.0 (Linux; Android 7.0;) AppleWebKit/537.36 (KHTML, like Gecko) Mobile Safari/537.36 (compatible; PetalBot;+https://webmaster.petalsearch.com/site/petalbot)"
2a01:4f9:5a:1745::2 - - [15/Mar/2026:19:26:57 +0545] "POST /wp-admin/admin-ajax.php?action=async_litespeed&nonce=661b1bd860&litespeed_type=imgoptm HTTP/1.1" 200 5 "-" "WordPress/6.9.4; https://www.betterchitwan.com"
54.37.118.67 - - [15/Mar/2026:19:27:28 +0545] "GET /?sitemap36_xml HTTP/1.1" 200 26911 "-" "Mozilla/5.0 (compatible; AhrefsBot/7.0; +http://ahrefs.com/robot/)"
129.153.94.60 - - [15/Mar/2026:19:29:10 +0545] "GET / HTTP/1.1" 200 12433 "http://cpanel.betterchitwan.com" "Mozilla/5.0 (Macintosh; Intel Mac OS X 13_5_1) AppleWebKit/605.1.15 Safari/605.1.15"
129.153.94.60 - - [15/Mar/2026:19:29:11 +0545] "GET /wp-login.php HTTP/1.1" 200 974 "http://cpanel.betterchitwan.com/wp-login.php" "Mozilla/5.0 (iPhone; CPU iPhone OS 17_4_1 like Mac OS X) AppleWebKit/605.1.15 Mobile/15E148"
114.119.152.60 - - [15/Mar/2026:19:39:09 +0545] "GET /events/tag/futsal/day/2025-02-08?outlook-ical=1 HTTP/1.1" 404 796 "-" "Mozilla/5.0 (Linux; Android 7.0;) AppleWebKit/537.36 (KHTML, like Gecko) Mobile Safari/537.36 (compatible; PetalBot;+https://webmaster.petalsearch.com/site/petalbot)"
192.178.6.67 - - [15/Mar/2026:19:43:35 +0545] "GET /events/tag/teej-for-all/list/?tribe-bar-date=2022-11-05&eventDisplay=past HTTP/1.1" 404 796 "-" "Mozilla/5.0 (Linux; Android 6.0.1; Nexus 5X Build/MMB29P) AppleWebKit/537.36 (KHTML, like Gecko) Chrome/145.0.7632.116 Mobile Safari/537.36 (compatible; Googlebot/2.1; +http://www.google.com/bot.html)"
74.243.251.125 - - [15/Mar/2026:19:47:56 +0545] "GET /nz.php HTTP/1.1" 404 796 "-" "-"
17.241.227.44 - - [15/Mar/2026:19:51:31 +0545] "GET /2023/02/17/safa-urja/feed/ HTTP/1.1" 404 796 "-" "Mozilla/5.0 (Macintosh; Intel Mac OS X 10_15_7) AppleWebKit/605.1.15 (KHTML, like Gecko) Version/17.4 Safari/605.1.15 (Applebot/0.1; +http://www.apple.com/go/applebot)"
2a01:4f9:5a:1745::2 - - [15/Mar/2026:19:57:53 +0545] "POST /wp-cron.php?doing_wp_cron=1773583973.3846271038055419921875 HTTP/1.1" 200 0 "-" "WordPress/6.9.4; https://www.betterchitwan.com"
2a01:4f9:5a:1745::2 - - [15/Mar/2026:19:57:54 +0545] "POST /wp-admin/admin-ajax.php?action=async_litespeed&nonce=661b1bd860&litespeed_type=imgoptm HTTP/1.1" 200 5 "-" "WordPress/6.9.4; https://www.betterchitwan.com"
192.178.6.67 - - [15/Mar/2026:19:03:38 +0545] "GET /tea-chiya-for-charity/ HTTP/1.1" 404 796 "-" "Mozilla/5.0 (Linux; Android 6.0.1; Nexus 5X Build/MMB29P) AppleWebKit/537.36 (KHTML, like Gecko) Chrome/145.0.7632.116 Mobile Safari/537.36 (compatible; Googlebot/2.1; +http://www.google.com/bot.html)"
2a01:4f9:5a:1745::2 - - [15/Mar/2026:19:15:27 +0545] "GET /wp-content/uploads/2019/11/divider.svg HTTP/1.1" 404 796 "-" "-"
92.222.108.97 - - [15/Mar/2026:19:15:25 +0545] "GET /?sitemap665_xml HTTP/1.1" 200 26907 "-" "Mozilla/5.0 (compatible; AhrefsBot/7.0; +http://ahrefs.com/robot/)"
192.178.6.67 - - [15/Mar/2026:19:16:57 +0545] "GET /events/category/better-environment/list/?tribe-bar-date=2023-12-03&eventDisplay=past HTTP/1.1" 404 796 "-" "Mozilla/5.0 (Linux; Android 6.0.1; Nexus 5X Build/MMB29P) AppleWebKit/537.36 (KHTML, like Gecko) Chrome/145.0.7632.116 Mobile Safari/537.36 (compatible; Googlebot/2.1; +http://www.google.com/bot.html)"
35.225.238.34 - - [15/Mar/2026:19:22:42 +0545] "GET / HTTP/1.1" 301 0 "http://betterchitwan.com" "Mozilla/5.0 (compatible; CMS-Checker/1.0; +https://example.com)"
114.119.128.77 - - [15/Mar/2026:19:22:51 +0545] "GET /buy.php?sitemap725.xml HTTP/1.1" 200 0 "-" "Mozilla/5.0 (Linux; Android 7.0;) AppleWebKit/537.36 (KHTML, like Gecko) Mobile Safari/537.36 (compatible; PetalBot;+https://webmaster.petalsearch.com/site/petalbot)"
2a01:4f9:5a:1745::2 - - [15/Mar/2026:19:27:01 +0545] "POST /wp-cron.php?doing_wp_cron=1773582121.5602118968963623046875 HTTP/1.1" 200 0 "-" "WordPress/6.9.4; https://www.betterchitwan.com"
2a01:4f9:5a:1745::2 - - [15/Mar/2026:19:27:02 +0545] "POST /wp-admin/admin-ajax.php?action=async_litespeed&nonce=661b1bd860&litespeed_type=imgoptm HTTP/1.1" 200 5 "-" "WordPress/6.9.4; https://www.betterchitwan.com"
129.153.94.60 - - [15/Mar/2026:19:29:12 +0545] "GET /administrator/ HTTP/1.1" 200 12424 "http://cpanel.betterchitwan.com/administrator/" "Mozilla/5.0 (iPhone; CPU iPhone OS 17_4_1 like Mac OS X) AppleWebKit/605.1.15 Mobile/15E148"
51.68.247.205 - - [15/Mar/2026:19:37:55 +0545] "GET /.lsrecap/recaptcha?post_type=tribe_events&eventDisplay=day&eventDate=2024-01-12 HTTP/1.1" 404 796 "-" "Mozilla/5.0 (compatible; AhrefsBot/7.0; +http://ahrefs.com/robot/)"
114.119.152.60 - - [15/Mar/2026:19:42:42 +0545] "GET /events/category/youthwan/list/?tribe-bar-date=2024-10-15&eventDisplay=past HTTP/1.1" 404 796 "https://www.betterchitwan.com/events/category/youthwan/list?tribe-bar-date=2024-10-15&eventDisplay=past" "Mozilla/5.0 (Linux; Android 7.0;) AppleWebKit/537.36 (KHTML, like Gecko) Mobile Safari/537.36 (compatible; PetalBot;+https://webmaster.petalsearch.com/site/petalbot)"
192.178.6.66 - - [15/Mar/2026:19:48:01 +0545] "GET /events/tag/teej-for-all/list/?tribe-bar-date=2024-09-28&eventDisplay=past HTTP/1.1" 404 796 "-" "Mozilla/5.0 (Linux; Android 6.0.1; Nexus 5X Build/MMB29P) AppleWebKit/537.36 (KHTML, like Gecko) Chrome/145.0.7632.116 Mobile Safari/537.36 (compatible; Googlebot/2.1; +http://www.google.com/bot.html)"
152.233.20.149 - - [15/Mar/2026:19:57:55 +0545] "POST /xmlrpc.php HTTP/1.1" 200 4322 "-" "Mozilla/5.0 (Windows NT 10.0; Win64; x64) AppleWebKit/537.36 (KHTML, like Gecko) Chrome/143.0.0.0 Safari/537.36"
152.233.4.162 - - [15/Mar/2026:20:05:36 +0545] "POST /xmlrpc.php HTTP/1.1" 200 106 "-" "Mozilla/5.0 (Windows NT 10.0; Win64; x64) AppleWebKit/537.36 (KHTML, like Gecko) Chrome/114.0.0.0 YaBrowser/22.7.0 Yowser/2.5 Safari/537.36"
192.178.6.68 - - [15/Mar/2026:20:10:13 +0545] "GET /events/category/wow-women/list/?tribe-bar-date=2025-07-25&eventDisplay=past HTTP/1.1" 404 796 "-" "Mozilla/5.0 (Linux; Android 6.0.1; Nexus 5X Build/MMB29P) AppleWebKit/537.36 (KHTML, like Gecko) Chrome/145.0.7632.116 Mobile Safari/537.36 (compatible; Googlebot/2.1; +http://www.google.com/bot.html)"
35.225.238.34 - - [15/Mar/2026:20:15:04 +0545] "GET //wp-includes/wlwmanifest.xml HTTP/1.1" 404 796 "-" "Mozilla/5.0 (Windows NT 10.0; Win64; x64) AppleWebKit/537.36 (KHTML, like Gecko) Chrome/78.0.3904.108 Safari/537.36"
191.102.179.221 - - [15/Mar/2026:18:59:01 +0545] "GET /wp-login.php HTTP/1.1" 200 974 "-" "Mozilla/5.0 (Windows NT 10.0; Win64; x64) AppleWebKit/537.36 (KHTML, like Gecko) Chrome/91.0.4472.124 Safari/537.36"
192.178.6.66 - - [15/Mar/2026:19:03:23 +0545] "GET /events/list/?tribe-bar-date=2024-07-20&eventDisplay=past HTTP/1.1" 404 796 "-" "Mozilla/5.0 (Linux; Android 6.0.1; Nexus 5X Build/MMB29P) AppleWebKit/537.36 (KHTML, like Gecko) Chrome/145.0.7632.116 Mobile Safari/537.36 (compatible; Googlebot/2.1; +http://www.google.com/bot.html)"
114.119.152.60 - - [15/Mar/2026:19:06:01 +0545] "GET /events/category/youth-motivators-club-ymc/day/2024-05-03/?ical=1 HTTP/1.1" 404 796 "https://www.betterchitwan.com/events/category/youth-motivators-club-ymc/day/2024-05-03/" "Mozilla/5.0 (Linux; Android 7.0;) AppleWebKit/537.36 (KHTML, like Gecko) Mobile Safari/537.36 (compatible; PetalBot;+https://webmaster.petalsearch.com/site/petalbot)"
114.119.146.77 - - [15/Mar/2026:19:17:30 +0545] "GET /events/category/wow-women/list/?tribe-bar-date=2025-01-31&eventDisplay=past&ical=1 HTTP/1.1" 404 796 "https://www.betterchitwan.com/events/category/wow-women/list?tribe-bar-date=2025-01-31&eventDisplay=past" "Mozilla/5.0 (Linux; Android 7.0;) AppleWebKit/537.36 (KHTML, like Gecko) Mobile Safari/537.36 (compatible; PetalBot;+https://webmaster.petalsearch.com/site/petalbot)"
2a01:4f9:5a:1745::2 - - [15/Mar/2026:19:22:43 +0545] "POST /wp-cron.php?doing_wp_cron=1773581863.7803869247436523437500 HTTP/1.1" 200 0 "-" "WordPress/6.9.4; https://www.betterchitwan.com"
2a01:4f9:5a:1745::2 - - [15/Mar/2026:19:22:44 +0545] "POST /wp-admin/admin-ajax.php?action=async_litespeed&nonce=661b1bd860&litespeed_type=imgoptm HTTP/1.1" 200 5 "-" "WordPress/6.9.4; https://www.betterchitwan.com"
114.119.150.37 - - [15/Mar/2026:19:26:55 +0545] "GET /?sitemap203.xml HTTP/1.1" 301 0 "-" "Mozilla/5.0 (Linux; Android 7.0;) AppleWebKit/537.36 (KHTML, like Gecko) Mobile Safari/537.36 (compatible; PetalBot;+https://webmaster.petalsearch.com/site/petalbot)"
114.119.150.37 - - [15/Mar/2026:19:26:59 +0545] "GET /?sitemap203_xml HTTP/1.1" 200 22922 "-" "Mozilla/5.0 (Linux; Android 7.0;) AppleWebKit/537.36 (KHTML, like Gecko) Mobile Safari/537.36 (compatible; PetalBot;+https://webmaster.petalsearch.com/site/petalbot)"
129.153.94.60 - - [15/Mar/2026:19:29:13 +0545] "GET /admin HTTP/1.1" 200 12433 "http://cpanel.betterchitwan.com/admin" "Mozilla/5.0 (Android 13; Mobile; rv:117.0) Gecko/117.0 Firefox/117.0"
114.119.146.77 - - [15/Mar/2026:19:40:27 +0545] "GET /events/month/2026-09/ HTTP/1.1" 404 796 "https://www.betterchitwan.com/events/month/2026-08" "Mozilla/5.0 (Linux; Android 7.0;) AppleWebKit/537.36 (KHTML, like Gecko) Mobile Safari/537.36 (compatible; PetalBot;+https://webmaster.petalsearch.com/site/petalbot)"
92.222.108.109 - - [15/Mar/2026:19:57:52 +0545] "GET /event/ymc-youth-forum-on-municipal-waste-management/feed/ HTTP/1.1" 404 796 "-" "Mozilla/5.0 (compatible; AhrefsBot/7.0; +http://ahrefs.com/robot/)"
114.119.145.188 - - [15/Mar/2026:20:03:23 +0545] "GET /events/category/youth-motivators-club-ymc/list/?tribe-bar-date=2024-08-01&ical=1 HTTP/1.1" 404 796 "https://www.betterchitwan.com/events/category/youth-motivators-club-ymc/list/?tribe-bar-date=2024-08-01" "Mozilla/5.0 (Linux; Android 7.0;) AppleWebKit/537.36 (KHTML, like Gecko) Mobile Safari/537.36 (compatible; PetalBot;+https://webmaster.petalsearch.com/site/petalbot)"
2a03:2880:f806:a:: - - [15/Mar/2026:20:04:25 +0545] "GET /events/tag/earth-hour/2025-04/ HTTP/1.1" 404 796 "-" "meta-externalagent/1.1 (+https://developers.facebook.com/docs/sharing/webmasters/crawler)"
35.225.238.34 - - [15/Mar/2026:20:15:04 +0545] "GET //xmlrpc.php?rsd HTTP/1.1" 200 297 "-" "Mozilla/5.0 (Windows NT 10.0; Win64; x64) AppleWebKit/537.36 (KHTML, like Gecko) Chrome/78.0.3904.108 Safari/537.36"
35.225.238.34 - - [15/Mar/2026:20:15:07 +0545] "GET //?author=2 HTTP/1.1" 301 0 "-" "Mozilla/5.0 (Windows NT 10.0; Win64; x64) AppleWebKit/537.36 (KHTML, like Gecko) Chrome/78.0.3904.108 Safari/537.36"
2a01:4f9:5a:1745::2 - - [15/Mar/2026:18:58:27 +0545] "POST /wp-cron.php?doing_wp_cron=1773580407.2318129539489746093750 HTTP/1.1" 200 0 "-" "WordPress/6.9.4; https://www.betterchitwan.com"
2a01:4f9:5a:1745::2 - - [15/Mar/2026:18:58:28 +0545] "POST /wp-admin/admin-ajax.php?action=async_litespeed&nonce=661b1bd860&litespeed_type=imgoptm HTTP/1.1" 200 5 "-" "WordPress/6.9.4; https://www.betterchitwan.com"
37.59.204.150 - - [15/Mar/2026:19:07:03 +0545] "GET /event/monthly-meeting-3/feed/ HTTP/1.1" 404 796 "-" "Mozilla/5.0 (compatible; AhrefsBot/7.0; +http://ahrefs.com/robot/)"
114.119.131.235 - - [15/Mar/2026:19:11:50 +0545] "GET /events/category/wow-women/list/?tribe-bar-date=2025-02-24&ical=1 HTTP/1.1" 404 796 "https://www.betterchitwan.com/events/category/wow-women/list/?tribe-bar-date=2025-02-24" "Mozilla/5.0 (Linux; Android 7.0;) AppleWebKit/537.36 (KHTML, like Gecko) Mobile Safari/537.36 (compatible; PetalBot;+https://webmaster.petalsearch.com/site/petalbot)"
216.244.66.231 - - [15/Mar/2026:19:11:51 +0545] "GET /events/category/youth-motivators-club-ymc/list/?tribe-bar-date=2025-02-01&eventDisplay=past&ical=1 HTTP/1.1" 404 796 "-" "Mozilla/5.0 (compatible; DotBot/1.2; +https://opensiteexplorer.org/dotbot; help@moz.com)"
2a01:4f9:5a:1745::2 - - [15/Mar/2026:19:15:24 +0545] "POST /wp-cron.php?doing_wp_cron=1773581424.8325669765472412109375 HTTP/1.1" 200 0 "-" "WordPress/6.9.4; https://www.betterchitwan.com"
2a01:4f9:5a:1745::2 - - [15/Mar/2026:19:15:25 +0545] "POST /wp-admin/admin-ajax.php?action=async_litespeed&nonce=661b1bd860&litespeed_type=imgoptm HTTP/1.1" 200 5 "-" "WordPress/6.9.4; https://www.betterchitwan.com"
2a01:4f9:5a:1745::2 - - [15/Mar/2026:19:24:09 +0545] "POST /wp-cron.php?doing_wp_cron=1773581948.9849610328674316406250 HTTP/1.1" 200 0 "-" "WordPress/6.9.4; https://www.betterchitwan.com"
114.119.134.207 - - [15/Mar/2026:19:25:33 +0545] "GET /?sitemap905_xml HTTP/1.1" 200 22927 "-" "Mozilla/5.0 (Linux; Android 7.0;) AppleWebKit/537.36 (KHTML, like Gecko) Mobile Safari/537.36 (compatible; PetalBot;+https://webmaster.petalsearch.com/site/petalbot)"
192.178.6.64 - - [15/Mar/2026:19:25:50 +0545] "GET /%E0%A4%A7%E0%A4%A8%E0%A4%95%E0%A5%8B-%E0%A4%A6%E0%A4%B9%E0%A4%A8-%E0%A4%A1%E0%A4%A2%E0%A5%87%E0%A4%B2%E0%A5%8B-%E0%A4%A8%E0%A4%BF%E0%A4%AF%E0%A4%A8%E0%A5%8D%E0%A4%A4%E0%A5%8D%E0%A4%B0%E0%A4%A3/ HTTP/1.1" 404 796 "-" "Mozilla/5.0 (Linux; Android 6.0.1; Nexus 5X Build/MMB29P) AppleWebKit/537.36 (KHTML, like Gecko) Chrome/145.0.7632.116 Mobile Safari/537.36 (compatible; Googlebot/2.1; +http://www.google.com/bot.html)"
129.153.94.60 - - [15/Mar/2026:19:29:11 +0545] "GET / HTTP/1.1" 200 12426 "http://cpanel.betterchitwan.com" "Go-http-client/2.0"
129.153.94.60 - - [15/Mar/2026:19:29:12 +0545] "GET /user/login HTTP/1.1" 200 12423 "http://cpanel.betterchitwan.com/user/login" "Mozilla/5.0 (X11; Linux x86_64) Gecko/20100101 Firefox/117.0"
192.178.6.66 - - [15/Mar/2026:20:01:20 +0545] "GET /events/tag/youth-motivators-club-ymc/list/?tribe-bar-date=2023-11-09&eventDisplay=past HTTP/1.1" 404 796 "-" "Mozilla/5.0 (Linux; Android 6.0.1; Nexus 5X Build/MMB29P) AppleWebKit/537.36 (KHTML, like Gecko) Chrome/145.0.7632.116 Mobile Safari/537.36 (compatible; Googlebot/2.1; +http://www.google.com/bot.html)"
2a01:4f9:5a:1745::2 - - [15/Mar/2026:20:05:35 +0545] "POST /wp-cron.php?doing_wp_cron=1773584435.4308280944824218750000 HTTP/1.1" 200 0 "-" "WordPress/6.9.4; https://www.betterchitwan.com"
2a01:4f9:5a:1745::2 - - [15/Mar/2026:20:05:36 +0545] "POST /wp-admin/admin-ajax.php?action=async_litespeed&nonce=661b1bd860&litespeed_type=imgoptm HTTP/1.1" 200 5 "-" "WordPress/6.9.4; https://www.betterchitwan.com"
35.225.238.34 - - [15/Mar/2026:20:15:08 +0545] "POST //xmlrpc.php HTTP/1.1" 200 205 "-" "Mozilla/5.0 (Windows NT 10.0; Win64; x64) AppleWebKit/537.36 (KHTML, like Gecko) Chrome/78.0.3904.108 Safari/537.36"
35.225.238.34 - - [15/Mar/2026:20:15:12 +0545] "POST //xmlrpc.php HTTP/1.1" 200 974 "-" "Mozilla/5.0 (Windows NT 10.0; Win64; x64) AppleWebKit/537.36 (KHTML, like Gecko) Chrome/78.0.3904.108 Safari/537.36"
114.119.152.60 - - [15/Mar/2026:19:04:05 +0545] "GET /events/category/youth-motivators-club-ymc/day/2024-10-28/ HTTP/1.1" 404 796 "https://www.betterchitwan.com/events/category/youth-motivators-club-ymc/day/2024-10-28/" "Mozilla/5.0 (Linux; Android 7.0;) AppleWebKit/537.36 (KHTML, like Gecko) Mobile Safari/537.36 (compatible; PetalBot;+https://webmaster.petalsearch.com/site/petalbot)"
192.178.6.68 - - [15/Mar/2026:19:08:05 +0545] "GET /events/tag/nature-cycling-event/list/?tribe-bar-date=2031-08-25&eventDisplay=past HTTP/1.1" 404 796 "-" "Mozilla/5.0 (Linux; Android 6.0.1; Nexus 5X Build/MMB29P) AppleWebKit/537.36 (KHTML, like Gecko) Chrome/145.0.7632.116 Mobile Safari/537.36 (compatible; Googlebot/2.1; +http://www.google.com/bot.html)"
216.244.66.231 - - [15/Mar/2026:19:11:46 +0545] "GET /events/category/better-environment/list/?tribe-bar-date=2024-12-02&eventDisplay=past&ical=1 HTTP/1.1" 404 796 "-" "Mozilla/5.0 (compatible; DotBot/1.2; +https://opensiteexplorer.org/dotbot; help@moz.com)"
2a01:4f9:5a:1745::2 - - [15/Mar/2026:19:26:56 +0545] "POST /wp-cron.php?doing_wp_cron=1773582116.3007769584655761718750 HTTP/1.1" 200 0 "-" "WordPress/6.9.4; https://www.betterchitwan.com"
2a01:4f9:5a:1745::2 - - [15/Mar/2026:19:27:29 +0545] "GET /wp-content/uploads/2019/11/divider.svg HTTP/1.1" 404 796 "-" "-"
114.119.131.235 - - [15/Mar/2026:19:29:04 +0545] "GET /lander?outlook-ical=1&tribe-bar-date=2024-11-12 HTTP/1.1" 404 796 "-" "Mozilla/5.0 (Linux; Android 7.0;) AppleWebKit/537.36 (KHTML, like Gecko) Mobile Safari/537.36 (compatible; PetalBot;+https://webmaster.petalsearch.com/site/petalbot)"
192.178.6.67 - - [15/Mar/2026:19:34:42 +0545] "GET /events/list/?tribe-bar-date=2022-10-25 HTTP/1.1" 404 796 "-" "Mozilla/5.0 (Linux; Android 6.0.1; Nexus 5X Build/MMB29P) AppleWebKit/537.36 (KHTML, like Gecko) Chrome/145.0.7632.116 Mobile Safari/537.36 (compatible; Googlebot/2.1; +http://www.google.com/bot.html)"
192.178.6.67 - - [15/Mar/2026:19:39:09 +0545] "GET /events/category/event/list/?tribe-bar-date=2025-08-03&eventDisplay=past HTTP/1.1" 404 796 "-" "Mozilla/5.0 (Linux; Android 6.0.1; Nexus 5X Build/MMB29P) AppleWebKit/537.36 (KHTML, like Gecko) Chrome/145.0.7632.116 Mobile Safari/537.36 (compatible; Googlebot/2.1; +http://www.google.com/bot.html)"
114.119.146.77 - - [15/Mar/2026:19:41:34 +0545] "GET /events/month/2026-01/?outlook-ical=1 HTTP/1.1" 404 796 "https://www.betterchitwan.com/events/month/2026-01/" "Mozilla/5.0 (Linux; Android 7.0;) AppleWebKit/537.36 (KHTML, like Gecko) Mobile Safari/537.36 (compatible; PetalBot;+https://webmaster.petalsearch.com/site/petalbot)"
114.119.129.33 - - [15/Mar/2026:20:02:35 +0545] "GET /events/category/youth-motivators-club-ymc/list/?tribe-bar-date=2024-12-25 HTTP/1.1" 404 796 "https://www.betterchitwan.com/events/category/youth-motivators-club-ymc/day/2024-12-25/" "Mozilla/5.0 (Linux; Android 7.0;) AppleWebKit/537.36 (KHTML, like Gecko) Mobile Safari/537.36 (compatible; PetalBot;+https://webmaster.petalsearch.com/site/petalbot)"
2a01:4f9:5a:1745::2 - - [15/Mar/2026:20:05:38 +0545] "POST /wp-cron.php?doing_wp_cron=1773584438.5081789493560791015625 HTTP/1.1" 200 0 "-" "WordPress/6.9.4; https://www.betterchitwan.com"
114.119.129.33 - - [15/Mar/2026:20:12:14 +0545] "GET /events/category/youth-motivators-club-ymc/day/2025-03-16/?ical=1 HTTP/1.1" 404 796 "https://www.betterchitwan.com/events/category/youth-motivators-club-ymc/day/2025-03-16/" "Mozilla/5.0 (Linux; Android 7.0;) AppleWebKit/537.36 (KHTML, like Gecko) Mobile Safari/537.36 (compatible; PetalBot;+https://webmaster.petalsearch.com/site/petalbot)"
2a01:4f9:5a:1745::2 - - [15/Mar/2026:20:17:11 +0545] "POST /wp-cron.php?doing_wp_cron=1773585131.6122059822082519531250 HTTP/1.1" 200 0 "-" "WordPress/6.9.4; https://www.betterchitwan.com"
170.9.247.197 - - [15/Mar/2026:20:17:38 +0545] "GET /wp-login.php HTTP/1.1" 200 974 "-" "Mozilla/5.0 (Macintosh; Intel Mac OS X 10_15_7) AppleWebKit/537.36 (KHTML, like Gecko) Chrome/120.0.0.0 Safari/537.36"
5.39.1.253 - - [15/Mar/2026:18:58:26 +0545] "GET /?page_id=4023 HTTP/1.1" 301 0 "-" "Mozilla/5.0 (compatible; AhrefsBot/7.0; +http://ahrefs.com/robot/)"
192.178.6.67 - - [15/Mar/2026:18:59:23 +0545] "GET /events/tag/drawing-contest/list/?tribe-bar-date=2026-07-29&eventDisplay=past HTTP/1.1" 404 796 "-" "Mozilla/5.0 (Linux; Android 6.0.1; Nexus 5X Build/MMB29P) AppleWebKit/537.36 (KHTML, like Gecko) Chrome/145.0.7632.116 Mobile Safari/537.36 (compatible; Googlebot/2.1; +http://www.google.com/bot.html)"
2a01:4f9:5a:1745::2 - - [15/Mar/2026:19:22:46 +0545] "GET /wp-content/uploads/2019/11/divider.svg HTTP/1.1" 404 796 "-" "-"
2a01:4f9:5a:1745::2 - - [15/Mar/2026:19:24:09 +0545] "POST /wp-admin/admin-ajax.php?action=async_litespeed&nonce=661b1bd860&litespeed_type=imgoptm HTTP/1.1" 200 5 "-" "WordPress/6.9.4; https://www.betterchitwan.com"
54.37.118.67 - - [15/Mar/2026:19:27:27 +0545] "GET /?sitemap36.xml HTTP/1.1" 301 0 "-" "Mozilla/5.0 (compatible; AhrefsBot/7.0; +http://ahrefs.com/robot/)"
74.243.251.125 - - [15/Mar/2026:19:47:55 +0545] "GET /wp-content/plugins/hellopress/wp_filemanager.php HTTP/1.1" 404 796 "-" "-"
114.119.152.60 - - [15/Mar/2026:19:52:06 +0545] "GET /events/category/youth-motivators-club-ymc/list?tribe-bar-date=2024-12-27&eventDisplay=past HTTP/1.1" 404 796 "-" "Mozilla/5.0 (Linux; Android 7.0;) AppleWebKit/537.36 (KHTML, like Gecko) Mobile Safari/537.36 (compatible; PetalBot;+https://webmaster.petalsearch.com/site/petalbot)"
192.178.6.73 - - [15/Mar/2026:19:52:28 +0545] "GET /event/mailey-padheko-kitab-a-reading-series/ HTTP/1.1" 404 796 "-" "Mozilla/5.0 (Linux; Android 6.0.1; Nexus 5X Build/MMB29P) AppleWebKit/537.36 (KHTML, like Gecko) Chrome/145.0.7632.116 Mobile Safari/537.36 (compatible; Googlebot/2.1; +http://www.google.com/bot.html)"
114.119.129.33 - - [15/Mar/2026:20:11:08 +0545] "GET /events/category/youth-motivators-club-ymc/day/2025-05-25/ HTTP/1.1" 404 796 "https://www.betterchitwan.com/events/category/youth-motivators-club-ymc/list/?tribe-bar-date=2025-05-25&eventDisplay=past" "Mozilla/5.0 (Linux; Android 7.0;) AppleWebKit/537.36 (KHTML, like Gecko) Mobile Safari/537.36 (compatible; PetalBot;+https://webmaster.petalsearch.com/site/petalbot)"
2a01:4f9:5a:1745::2 - - [15/Mar/2026:20:15:03 +0545] "POST /wp-cron.php?doing_wp_cron=1773585003.1604220867156982421875 HTTP/1.1" 200 0 "-" "WordPress/6.9.4; https://www.betterchitwan.com"
35.225.238.34 - - [15/Mar/2026:20:15:07 +0545] "GET //wp-json/wp/v2/users/ HTTP/1.1" 404 796 "-" "Mozilla/5.0 (Windows NT 10.0; Win64; x64) AppleWebKit/537.36 (KHTML, like Gecko) Chrome/78.0.3904.108 Safari/537.36"
170.9.247.197 - - [15/Mar/2026:20:15:47 +0545] "GET /wp-login.php HTTP/1.1" 200 974 "-" "Mozilla/5.0 (Windows NT 10.0; Win64; x64; rv:119.0) Gecko/20100101 Firefox/119.0"
170.9.247.197 - - [15/Mar/2026:20:16:17 +0545] "GET /wp-login.php HTTP/1.1" 200 974 "-" "Mozilla/5.0 (Macintosh; Intel Mac OS X 13_6_1; rv:121.0) Gecko/20100101 Firefox/121.0"
170.9.247.197 - - [15/Mar/2026:20:16:12 +0545] "GET /wp-login.php?redirect_to=https%3A%2F%2Fbetterchitwan.com%2Fwp-admin%2F&reauth=1 HTTP/1.1" 200 1049 "https://t.co/" "Mozilla/5.0 (Windows NT 10.0; Win64; x64) AppleWebKit/537.36 (KHTML, like Gecko) Chrome/118.0.0.0 Safari/537.36"
170.9.247.197 - - [15/Mar/2026:20:16:31 +0545] "GET /wp-login.php HTTP/1.1" 200 974 "https://www.bing.com/" "Mozilla/5.0 (Macintosh; Intel Mac OS X 13_6_1; rv:118.0) Gecko/20100101 Firefox/118.0"
170.9.247.197 - - [15/Mar/2026:20:16:40 +0545] "GET /wp-login.php HTTP/1.1" 200 974 "https://www.facebook.com/" "Mozilla/5.0 (Windows NT 11.0; Win64; x64; rv:118.0) Gecko/20100101 Firefox/118.0"
2a01:4f9:5a:1745::2 - - [15/Mar/2026:20:17:12 +0545] "POST /wp-admin/admin-ajax.php?action=async_litespeed&nonce=661b1bd860&litespeed_type=imgoptm HTTP/1.1" 200 5 "-" "WordPress/6.9.4; https://www.betterchitwan.com"
5.39.1.234 - - [15/Mar/2026:19:47:58 +0545] "GET /event/friendly-futsal-on-youthwan2023/feed/ HTTP/1.1" 404 796 "-" "Mozilla/5.0 (compatible; AhrefsBot/7.0; +http://ahrefs.com/robot/)"
192.178.6.73 - - [15/Mar/2026:19:56:54 +0545] "GET /events/category/youthwan/list/?tribe-bar-date=2023-03-16&eventDisplay=past HTTP/1.1" 404 796 "-" "Mozilla/5.0 (Linux; Android 6.0.1; Nexus 5X Build/MMB29P) AppleWebKit/537.36 (KHTML, like Gecko) Chrome/145.0.7632.116 Mobile Safari/537.36 (compatible; Googlebot/2.1; +http://www.google.com/bot.html)"
152.233.20.149 - - [15/Mar/2026:19:57:54 +0545] "POST /xmlrpc.php HTTP/1.1" 200 108 "-" "Mozilla/5.0 (Windows NT 10.0; Win64; x64) AppleWebKit/537.36 (KHTML, like Gecko) Chrome/143.0.0.0 Safari/537.36"
35.144.24.153 - - [15/Mar/2026:20:01:57 +0545] "GET /author/betterchitwan-sdtech/ HTTP/1.1" 404 796 "-" "Mozilla/5.0 (iPod; U; CPU iPhone OS 3_0 like Mac OS X; ln-CD) AppleWebKit/534.20.6 (KHTML, like Gecko) Version/3.0.5 Mobile/8B113 Safari/6534.20.6"
152.233.4.162 - - [15/Mar/2026:20:05:34 +0545] "POST /xmlrpc.php HTTP/1.1" 200 3100 "-" "Mozilla/5.0 (Windows NT 10.0; Win64; x64) AppleWebKit/537.36 (KHTML, like Gecko) Chrome/114.0.0.0 YaBrowser/22.7.0 Yowser/2.5 Safari/537.36"
51.68.247.213 - - [15/Mar/2026:20:07:36 +0545] "GET /events/category/event/list/?eventDisplay=past HTTP/1.1" 404 796 "-" "Mozilla/5.0 (compatible; AhrefsBot/7.0; +http://ahrefs.com/robot/)"
35.225.238.34 - - [15/Mar/2026:20:15:05 +0545] "GET //?author=1 HTTP/1.1" 301 0 "-" "Mozilla/5.0 (Windows NT 10.0; Win64; x64) AppleWebKit/537.36 (KHTML, like Gecko) Chrome/78.0.3904.108 Safari/537.36"
170.9.247.197 - - [15/Mar/2026:20:15:47 +0545] "GET /wp-login.php HTTP/1.1" 200 974 "https://duckduckgo.com/" "Mozilla/5.0 (X11; Linux x86_64) AppleWebKit/537.36 (KHTML, like Gecko) Chrome/118.0.0.0 Safari/537.36"
170.9.247.197 - - [15/Mar/2026:20:15:56 +0545] "GET /wp-login.php HTTP/1.1" 200 974 "https://t.co/" "Mozilla/5.0 (Windows NT 10.0; Win64; x64; rv:118.0) Gecko/20100101 Firefox/118.0"
5.39.109.181 - - [15/Mar/2026:20:16:40 +0545] "GET /events/category/better-youth/list/?eventDisplay=past HTTP/1.1" 404 796 "-" "Mozilla/5.0 (compatible; AhrefsBot/7.0; +http://ahrefs.com/robot/)"
170.9.247.197 - - [15/Mar/2026:20:16:20 +0545] "GET /wp-login.php HTTP/1.1" 200 974 "-" "Mozilla/5.0 (X11; Linux x86_64) AppleWebKit/537.36 (KHTML, like Gecko) Chrome/120.0.0.0 Safari/537.36"
170.9.247.197 - - [15/Mar/2026:20:16:51 +0545] "GET /wp-login.php HTTP/1.1" 200 974 "-" "Mozilla/5.0 (Macintosh; Intel Mac OS X 13_6_1) AppleWebKit/537.36 (KHTML, like Gecko) Chrome/118.0.0.0 Safari/537.36"
170.9.247.197 - - [15/Mar/2026:20:17:10 +0545] "GET /wp-admin/ HTTP/1.1" 302 0 "-" "Mozilla/5.0 (Macintosh; Intel Mac OS X 10_15_7) AppleWebKit/605.1.15 (KHTML, like Gecko) Version/16.6 Safari/605.1.15"
170.9.247.197 - - [15/Mar/2026:20:17:27 +0545] "GET /wp-admin/ HTTP/1.1" 401 53 "https://duckduckgo.com/" "Mozilla/5.0 (Windows NT 11.0; Win64; x64; rv:120.0) Gecko/20100101 Firefox/120.0"
2a01:4f9:5a:1745::2 - - [15/Mar/2026:20:19:34 +0545] "POST /wp-admin/admin-ajax.php?action=async_litespeed&nonce=661b1bd860&litespeed_type=imgoptm HTTP/1.1" 200 5 "-" "WordPress/6.9.4; https://www.betterchitwan.com"
54.37.118.70 - - [15/Mar/2026:20:25:32 +0545] "GET /sample-page/ HTTP/1.1" 404 796 "-" "Mozilla/5.0 (compatible; AhrefsBot/7.0; +http://ahrefs.com/robot/)"
198.235.24.136 - - [15/Mar/2026:20:38:24 +0545] "GET / HTTP/1.1" 401 53 "-" "Hello from Palo Alto Networks, find out more about our scans in https://docs-cortex.paloaltonetworks.com/r/1/Cortex-Xpanse/Scanning-activity"
2a01:4f9:5a:1745::2 - - [15/Mar/2026:20:43:40 +0545] "POST /wp-admin/admin-ajax.php?action=async_litespeed&nonce=661b1bd860&litespeed_type=imgoptm HTTP/1.1" 200 5 "-" "WordPress/6.9.4; https://www.betterchitwan.com"
170.9.247.197 - - [15/Mar/2026:20:16:30 +0545] "GET /wp-admin/ HTTP/1.1" 200 12425 "-" "Mozilla/5.0 (Macintosh; Intel Mac OS X 13_6_1; rv:118.0) Gecko/20100101 Firefox/118.0"
170.9.247.197 - - [15/Mar/2026:20:16:50 +0545] "GET /wp-admin/ HTTP/1.1" 401 53 "-" "Mozilla/5.0 (Windows NT 11.0; Win64; x64; rv:119.0) Gecko/20100101 Firefox/119.0"
170.9.247.197 - - [15/Mar/2026:20:17:00 +0545] "GET /wp-login.php HTTP/1.1" 200 974 "https://www.facebook.com/" "Mozilla/5.0 (Windows NT 11.0; Win64; x64) AppleWebKit/537.36 (KHTML, like Gecko) Chrome/119.0.0.0 Safari/537.36"
170.9.247.197 - - [15/Mar/2026:20:17:00 +0545] "GET /wp-admin/ HTTP/1.1" 401 53 "https://duckduckgo.com/" "Mozilla/5.0 (Windows NT 11.0; Win64; x64) AppleWebKit/537.36 (KHTML, like Gecko) Chrome/120.0.0.0 Safari/537.36"
114.119.152.60 - - [15/Mar/2026:20:19:04 +0545] "GET /events/category/youth-motivators-club-ymc/day/2024-07-26/?outlook-ical=1 HTTP/1.1" 404 796 "-" "Mozilla/5.0 (Linux; Android 7.0;) AppleWebKit/537.36 (KHTML, like Gecko) Mobile Safari/537.36 (compatible; PetalBot;+https://webmaster.petalsearch.com/site/petalbot)"
192.178.6.68 - - [15/Mar/2026:20:19:24 +0545] "GET /donor-dashboard/ HTTP/1.1" 404 796 "-" "Mozilla/5.0 (Linux; Android 6.0.1; Nexus 5X Build/MMB29P) AppleWebKit/537.36 (KHTML, like Gecko) Chrome/145.0.7632.116 Mobile Safari/537.36 (compatible; Googlebot/2.1; +http://www.google.com/bot.html)"
192.178.6.68 - - [15/Mar/2026:20:23:32 +0545] "GET /events/tag/dashain-for-all/list/?tribe-bar-date=2026-06-16&eventDisplay=past HTTP/1.1" 404 796 "-" "Mozilla/5.0 (Linux; Android 6.0.1; Nexus 5X Build/MMB29P) AppleWebKit/537.36 (KHTML, like Gecko) Chrome/145.0.7632.116 Mobile Safari/537.36 (compatible; Googlebot/2.1; +http://www.google.com/bot.html)"
114.119.136.5 - - [15/Mar/2026:20:25:45 +0545] "GET /events/category/youth-motivators-club-ymc/2024-04/?outlook-ical=1 HTTP/1.1" 404 796 "https://www.betterchitwan.com/events/category/youth-motivators-club-ymc/2024-04/" "Mozilla/5.0 (Linux; Android 7.0;) AppleWebKit/537.36 (KHTML, like Gecko) Mobile Safari/537.36 (compatible; PetalBot;+https://webmaster.petalsearch.com/site/petalbot)"
114.119.129.33 - - [15/Mar/2026:20:31:55 +0545] "GET /events/category/wow-women/list?tribe-bar-date=2024-10-05&outlook-ical=1 HTTP/1.1" 404 796 "-" "Mozilla/5.0 (Linux; Android 7.0;) AppleWebKit/537.36 (KHTML, like Gecko) Mobile Safari/537.36 (compatible; PetalBot;+https://webmaster.petalsearch.com/site/petalbot)"
192.178.6.73 - - [15/Mar/2026:20:32:25 +0545] "GET /events/category/better-environment/list/?tribe-bar-date=2023-10-04&eventDisplay=past HTTP/1.1" 404 796 "-" "Mozilla/5.0 (Linux; Android 6.0.1; Nexus 5X Build/MMB29P) AppleWebKit/537.36 (KHTML, like Gecko) Chrome/145.0.7632.116 Mobile Safari/537.36 (compatible; Googlebot/2.1; +http://www.google.com/bot.html)"
94.23.188.223 - - [15/Mar/2026:20:34:32 +0545] "GET /events/category/youth-motivators-club-ymc/list/?eventDisplay=past HTTP/1.1" 404 796 "-" "Mozilla/5.0 (compatible; AhrefsBot/7.0; +http://ahrefs.com/robot/)"
192.178.6.64 - - [15/Mar/2026:20:36:51 +0545] "GET /events/list/?tribe-bar-date=2024-12-07&eventDisplay=past HTTP/1.1" 404 796 "-" "Mozilla/5.0 (Linux; Android 6.0.1; Nexus 5X Build/MMB29P) AppleWebKit/537.36 (KHTML, like Gecko) Chrome/145.0.7632.116 Mobile Safari/537.36 (compatible; Googlebot/2.1; +http://www.google.com/bot.html)"
46.224.140.177 - - [15/Mar/2026:20:43:45 +0545] "POST /xmlrpc.php HTTP/1.1" 200 100 "-" "Mozilla/5.0 (Windows NT 10.0; Win64; x64) AppleWebKit/537.36 (KHTML, like Gecko) Chrome/108.0.0.0 Safari/537.36"
2a01:4f9:5a:1745::2 - - [15/Mar/2026:20:47:45 +0545] "POST /wp-admin/admin-ajax.php?action=async_litespeed&nonce=661b1bd860&litespeed_type=imgoptm HTTP/1.1" 200 5 "-" "WordPress/6.9.4; https://www.betterchitwan.com"
91.107.208.255 - - [15/Mar/2026:20:47:49 +0545] "GET /happyslots-casino-premium-online-slots-games/ HTTP/1.1" 404 796 "-" "Mozilla/5.0 (Windows NT 10.0; Win64; x64) AppleWebKit/537.36 (KHTML, like Gecko) Chrome/108.0.0.0 Safari/537.36"
170.9.247.197 - - [15/Mar/2026:20:15:51 +0545] "GET /wp-admin/ HTTP/1.1" 200 974 "-" "Mozilla/5.0 (Macintosh; Intel Mac OS X 10_15_7) AppleWebKit/605.1.15 (KHTML, like Gecko) Version/16.6 Safari/605.1.15"
170.9.247.197 - - [15/Mar/2026:20:16:00 +0545] "GET /wp-login.php HTTP/1.1" 200 974 "-" "Mozilla/5.0 (Windows NT 10.0; Win64; x64) AppleWebKit/537.36 (KHTML, like Gecko) Chrome/120.0.0.0 Safari/537.36"
2a01:4f9:5a:1745::2 - - [15/Mar/2026:20:16:12 +0545] "POST /wp-admin/admin-ajax.php?action=async_litespeed&nonce=661b1bd860&litespeed_type=imgoptm HTTP/1.1" 200 5 "-" "WordPress/6.9.4; https://www.betterchitwan.com"
170.9.247.197 - - [15/Mar/2026:20:17:27 +0545] "GET /wp-login.php HTTP/1.1" 200 974 "https://www.google.com/search?q=wordpress" "Mozilla/5.0 (Windows NT 10.0; Win64; x64; rv:120.0) Gecko/20100101 Firefox/120.0"
114.119.138.172 - - [15/Mar/2026:20:36:13 +0545] "GET /events/category/wow-women/list/?tribe-bar-date=2025-02-01 HTTP/1.1" 404 796 "https://www.betterchitwan.com/events/category/wow-women/list/?tribe-bar-date=2025-02-01&eventDisplay=past" "Mozilla/5.0 (Linux; Android 7.0;) AppleWebKit/537.36 (KHTML, like Gecko) Mobile Safari/537.36 (compatible; PetalBot;+https://webmaster.petalsearch.com/site/petalbot)"
5.78.159.87 - - [15/Mar/2026:20:44:53 +0545] "GET /online-casino-nederland-nieuwe-spelers-tot-250-extra-speelgeld-hoogste-rtp/ HTTP/1.1" 404 796 "-" "Mozilla/5.0 (Windows NT 10.0; Win64; x64) AppleWebKit/537.36 (KHTML, like Gecko) Chrome/108.0.0.0 Safari/537.36"
114.119.129.33 - - [15/Mar/2026:20:45:19 +0545] "GET /events/category/wow-women/list/?tribe-bar-date=2024-11-24&eventDisplay=past HTTP/1.1" 404 796 "https://www.betterchitwan.com/events/category/wow-women/list/?tribe-bar-date=2024-11-24&eventDisplay=past" "Mozilla/5.0 (Linux; Android 7.0;) AppleWebKit/537.36 (KHTML, like Gecko) Mobile Safari/537.36 (compatible; PetalBot;+https://webmaster.petalsearch.com/site/petalbot)"
91.107.208.255 - - [15/Mar/2026:20:47:45 +0545] "POST /xmlrpc.php HTTP/1.1" 200 2753 "-" "Mozilla/5.0 (Windows NT 10.0; Win64; x64) AppleWebKit/537.36 (KHTML, like Gecko) Chrome/108.0.0.0 Safari/537.36"
