114.119.131.235 - - [15/Mar/2026:21:37:29 +0545] "GET /events/category/wow-women/list/?tribe-bar-date=2024-09-03&ical=1 HTTP/1.1" 404 796 "https://www.betterchitwan.com/events/category/wow-women/list/?tribe-bar-date=2024-09-03" "Mozilla/5.0 (Linux; Android 7.0;) AppleWebKit/537.36 (KHTML, like Gecko) Mobile Safari/537.36 (compatible; PetalBot;+https://webmaster.petalsearch.com/site/petalbot)"
51.92.52.146 - - [15/Mar/2026:21:39:00 +0545] "POST /xmlrpc.php HTTP/1.1" 200 3109 "-" "Mozilla/5.0 (Windows NT 10.0; Win64; x64) AppleWebKit/537.36 (KHTML, like Gecko) Chrome/114.0.0.0 Safari/537.36 OPR/89.0.4447.51"
2a01:4f9:5a:1745::2 - - [15/Mar/2026:21:50:10 +0545] "POST /wp-admin/admin-ajax.php?action=async_litespeed&nonce=661b1bd860&litespeed_type=imgoptm HTTP/1.1" 200 5 "-" "WordPress/6.9.4; https://www.betterchitwan.com"
3.139.242.79 - - [15/Mar/2026:21:53:44 +0545] "GET / HTTP/1.1" 200 12426 "-" "visionheight.com/scan Mozilla/5.0 (Macintosh; Intel Mac OS X 10_15_7) Chrome/126.0.0.0 Safari/537.36"
2a01:4f9:5a:1745::2 - - [15/Mar/2026:21:54:27 +0545] "POST /wp-cron.php?doing_wp_cron=1773590967.5551249980926513671875 HTTP/1.1" 200 0 "-" "WordPress/6.9.4; https://www.betterchitwan.com"
5.39.109.165 - - [15/Mar/2026:21:56:25 +0545] "GET /events/tag/youwa-bich-yuwa/today/ HTTP/1.1" 404 796 "-" "Mozilla/5.0 (compatible; AhrefsBot/7.0; +http://ahrefs.com/robot/)"
130.49.77.245 - - [15/Mar/2026:21:54:27 +0545] "GET /?p=9712 HTTP/1.1" 301 0 "-" "Mozilla/5.0 (Windows NT 10.0; Win64; x64) AppleWebKit/537.36 (KHTML, like Gecko) Chrome/120.0.0.0 Safari/537.36"
87.164.84.111 - - [15/Mar/2026:21:50:15 +0545] "POST /wp-admin/admin-ajax.php?action=hnpt_ping HTTP/1.1" 400 5 "-" "Mozilla/5.0 (Windows NT 10.0; Win64; x64) AppleWebKit/537.36 (KHTML, like Gecko) Chrome/120.0.0.0 Safari/537.36"
216.244.66.231 - - [15/Mar/2026:22:05:51 +0545] "GET /events/tag/save-narayani-movement/list/?tribe-bar-date=2024-12-04&eventDisplay=past&ical=1 HTTP/1.1" 404 796 "-" "Mozilla/5.0 (compatible; DotBot/1.2; +https://opensiteexplorer.org/dotbot; help@moz.com)"
114.119.152.60 - - [15/Mar/2026:22:05:12 +0545] "GET /lander?ical=1&tribe-bar-date=2025-03-15 HTTP/1.1" 404 796 "-" "Mozilla/5.0 (Linux; Android 7.0;) AppleWebKit/537.36 (KHTML, like Gecko) Mobile Safari/537.36 (compatible; PetalBot;+https://webmaster.petalsearch.com/site/petalbot)"
51.68.247.206 - - [15/Mar/2026:22:07:42 +0545] "GET /events/2024-08-16/ HTTP/1.1" 404 796 "-" "Mozilla/5.0 (compatible; AhrefsBot/7.0; +http://ahrefs.com/robot/)"
54.37.118.94 - - [15/Mar/2026:22:02:03 +0545] "GET /events/list/?tribe-bar-date=2024-08-16&ical=1 HTTP/1.1" 404 796 "-" "Mozilla/5.0 (compatible; AhrefsBot/7.0; +http://ahrefs.com/robot/)"
198.235.24.11 - - [15/Mar/2026:22:00:23 +0545] "GET / HTTP/1.1" 200 12430 "-" "Hello from Palo Alto Networks, find out more about our scans in https://docs-cortex.paloaltonetworks.com/r/1/Cortex-Xpanse/Scanning-activity"
104.234.4.98 - - [15/Mar/2026:21:58:09 +0545] "POST /wp-login.php HTTP/1.1" 200 974 "-" "Mozilla/5.0 (Windows NT 10.0; Win64; x64) AppleWebKit/537.36 (KHTML, like Gecko) Chrome/87.0.4280.141 Safari/537.36"
114.119.152.60 - - [15/Mar/2026:22:01:12 +0545] "GET /events/category/wow-women/list/?tribe-bar-date=2024-08-10&eventDisplay=past HTTP/1.1" 404 796 "https://www.betterchitwan.com/events/category/wow-women/list/?tribe-bar-date=2024-08-10&eventDisplay=past" "Mozilla/5.0 (Linux; Android 7.0;) AppleWebKit/537.36 (KHTML, like Gecko) Mobile Safari/537.36 (compatible; PetalBot;+https://webmaster.petalsearch.com/site/petalbot)"
216.244.66.231 - - [15/Mar/2026:22:05:45 +0545] "GET /events/tag/futsal/list/?tribe-bar-date=2025-02-27&eventDisplay=past&ical=1 HTTP/1.1" 404 796 "-" "Mozilla/5.0 (compatible; DotBot/1.2; +https://opensiteexplorer.org/dotbot; help@moz.com)"
104.234.4.98 - - [15/Mar/2026:21:58:08 +0545] "GET /wp-login.php HTTP/1.1" 200 974 "-" "Mozilla/5.0 (Windows NT 10.0; Win64; x64) AppleWebKit/537.36 (KHTML, like Gecko) Chrome/87.0.4280.141 Safari/537.36"
192.178.6.65 - - [15/Mar/2026:22:01:18 +0545] "GET /events/tag/youwa-bich-yuwa/list/?tribe-bar-date=2025-03-04&eventDisplay=past HTTP/1.1" 404 796 "-" "Mozilla/5.0 (Linux; Android 6.0.1; Nexus 5X Build/MMB29P) AppleWebKit/537.36 (KHTML, like Gecko) Chrome/145.0.7632.116 Mobile Safari/537.36 (compatible; Googlebot/2.1; +http://www.google.com/bot.html)"
114.119.131.235 - - [15/Mar/2026:22:01:59 +0545] "GET /events/category/wow-women/list/?tribe-bar-date=2024-08-09&ical=1 HTTP/1.1" 404 796 "https://www.betterchitwan.com/events/category/wow-women/list/?tribe-bar-date=2024-08-09" "Mozilla/5.0 (Linux; Android 7.0;) AppleWebKit/537.36 (KHTML, like Gecko) Mobile Safari/537.36 (compatible; PetalBot;+https://webmaster.petalsearch.com/site/petalbot)"
114.119.129.33 - - [15/Mar/2026:22:09:23 +0545] "GET /events/tag/youth-motivators-club-ymc/list?tribe-bar-date=2023-12-11&eventDisplay=past&ical=1 HTTP/1.1" 404 796 "-" "Mozilla/5.0 (Linux; Android 7.0;) AppleWebKit/537.36 (KHTML, like Gecko) Mobile Safari/537.36 (compatible; PetalBot;+https://webmaster.petalsearch.com/site/petalbot)"
51.68.247.210 - - [15/Mar/2026:22:13:18 +0545] "GET /events/tag/youwa-bich-yuwa/day/2025-04-22/?outlook-ical=1 HTTP/1.1" 404 796 "-" "Mozilla/5.0 (compatible; AhrefsBot/7.0; +http://ahrefs.com/robot/)"
114.119.131.235 - - [15/Mar/2026:22:18:59 +0545] "GET /events/tag/futsal/list?tribe-bar-date=2025-04-09&outlook-ical=1 HTTP/1.1" 404 796 "-" "Mozilla/5.0 (Linux; Android 7.0;) AppleWebKit/537.36 (KHTML, like Gecko) Mobile Safari/537.36 (compatible; PetalBot;+https://webmaster.petalsearch.com/site/petalbot)"
114.119.146.77 - - [15/Mar/2026:22:21:35 +0545] "GET /events/tag/earth-hour/list/?tribe-bar-date=2024-09-03&outlook-ical=1 HTTP/1.1" 404 796 "https://www.betterchitwan.com/events/tag/earth-hour/list/?tribe-bar-date=2024-09-03" "Mozilla/5.0 (Linux; Android 7.0;) AppleWebKit/537.36 (KHTML, like Gecko) Mobile Safari/537.36 (compatible; PetalBot;+https://webmaster.petalsearch.com/site/petalbot)"
146.174.166.16 - - [15/Mar/2026:22:21:43 +0545] "GET /spielspa-unter-der-lupe-nutzerberichte-und/ HTTP/1.1" 404 796 "-" "Mozilla/5.0 (X11; U; Linux i686; en-US) AppleWebKit/532.2 (KHTML, like Gecko) Chrome/4.0.223.2 Safari/532.2"
114.119.138.172 - - [15/Mar/2026:22:10:32 +0545] "GET /events/tag/youth-motivators-club-ymc/list/?eventDisplay=past HTTP/1.1" 404 796 "https://www.betterchitwan.com/events/tag/youth-motivators-club-ymc/list/?eventDisplay=past" "Mozilla/5.0 (Linux; Android 7.0;) AppleWebKit/537.36 (KHTML, like Gecko) Mobile Safari/537.36 (compatible; PetalBot;+https://webmaster.petalsearch.com/site/petalbot)"
37.59.204.146 - - [15/Mar/2026:22:19:09 +0545] "GET /events/tag/youwa-bich-yuwa/day/2025-04-21/ HTTP/1.1" 404 796 "-" "Mozilla/5.0 (compatible; AhrefsBot/7.0; +http://ahrefs.com/robot/)"
114.119.131.235 - - [15/Mar/2026:22:13:03 +0545] "GET /events/tag/plant-a-tree/day/2025-01-12?outlook-ical=1 HTTP/1.1" 404 796 "-" "Mozilla/5.0 (Linux; Android 7.0;) AppleWebKit/537.36 (KHTML, like Gecko) Mobile Safari/537.36 (compatible; PetalBot;+https://webmaster.petalsearch.com/site/petalbot)"
114.119.138.172 - - [15/Mar/2026:22:22:52 +0545] "GET /events/month/2026-01/?ical=1 HTTP/1.1" 404 796 "https://www.betterchitwan.com/events/month/2026-01/" "Mozilla/5.0 (Linux; Android 7.0;) AppleWebKit/537.36 (KHTML, like Gecko) Mobile Safari/537.36 (compatible; PetalBot;+https://webmaster.petalsearch.com/site/petalbot)"
114.119.128.196 - - [15/Mar/2026:22:12:23 +0545] "GET /events/tag/wow-women-2023/list?tribe-bar-date=2024-08-25 HTTP/1.1" 404 796 "-" "Mozilla/5.0 (Linux; Android 7.0;) AppleWebKit/537.36 (KHTML, like Gecko) Mobile Safari/537.36 (compatible; PetalBot;+https://webmaster.petalsearch.com/site/petalbot)"
114.119.152.60 - - [15/Mar/2026:22:20:17 +0545] "GET /events/tag/earth-hour/list/?tribe-bar-date=2025-05-09 HTTP/1.1" 404 796 "https://www.betterchitwan.com/events/tag/earth-hour/list/?tribe-bar-date=2025-05-09" "Mozilla/5.0 (Linux; Android 7.0;) AppleWebKit/537.36 (KHTML, like Gecko) Mobile Safari/537.36 (compatible; PetalBot;+https://webmaster.petalsearch.com/site/petalbot)"
192.178.6.64 - - [15/Mar/2026:22:21:17 +0545] "GET /events/category/better-environment/list/?tribe-bar-date=2023-03-06&eventDisplay=past HTTP/1.1" 404 796 "-" "Mozilla/5.0 (Linux; Android 6.0.1; Nexus 5X Build/MMB29P) AppleWebKit/537.36 (KHTML, like Gecko) Chrome/145.0.7632.116 Mobile Safari/537.36 (compatible; Googlebot/2.1; +http://www.google.com/bot.html)"
3.151.194.164 - - [15/Mar/2026:22:25:06 +0545] "GET / HTTP/1.1" 401 53 "http://webdisk.betterchitwan.com/" "visionheight.com/scan Mozilla/5.0 (Macintosh; Intel Mac OS X 10_15_7) Chrome/126.0.0.0 Safari/537.36"
2a01:4f9:5a:1745::2 - - [15/Mar/2026:22:32:42 +0545] "POST /wp-cron.php?doing_wp_cron=1773593262.5265069007873535156250 HTTP/1.1" 200 0 "-" "WordPress/6.9.4; https://www.betterchitwan.com"
89.222.112.34 - - [15/Mar/2026:22:34:38 +0545] "POST /xmlrpc.php HTTP/1.1" 200 108 "-" "Mozilla/5.0 (Windows NT 10.0; Win64; x64) AppleWebKit/537.36 (KHTML, like Gecko) Chrome/114.0.0.0 YaBrowser/22.7.0 Yowser/2.5 Safari/537.36"
2a02:c207:3018:3706::1 - - [15/Mar/2026:22:25:09 +0545] "GET /%E0%A4%AF%E0%A5%81%E0%A4%B5%E0%A4%BE-%E0%A4%A6%E0%A4%BF%E0%A4%B5%E0%A4%B8%E0%A4%AE%E0%A4%BE-%E0%A4%AC%E0%A5%87%E0%A4%9F%E0%A4%B0-%E0%A4%9A%E0%A4%BF%E0%A4%A4%E0%A4%B5%E0%A4%A8%E0%A4%95%E0%A5%8B/ HTTP/1.1" 404 796 "-" "Mozilla/5.0 (compatible; MJ12bot/v1.4.8; http://mj12bot.com/)"
2a01:4f9:5a:1745::2 - - [15/Mar/2026:22:25:19 +0545] "POST /wp-cron.php?doing_wp_cron=1773592819.8080430030822753906250 HTTP/1.1" 200 0 "-" "WordPress/6.9.4; https://www.betterchitwan.com"
114.119.145.188 - - [15/Mar/2026:22:36:11 +0545] "GET /events/category/youthwan/day/2024-01-14/ HTTP/1.1" 404 796 "https://www.betterchitwan.com/events/category/youthwan/day/2024-01-14/" "Mozilla/5.0 (Linux; Android 7.0;) AppleWebKit/537.36 (KHTML, like Gecko) Mobile Safari/537.36 (compatible; PetalBot;+https://webmaster.petalsearch.com/site/petalbot)"
51.75.236.147 - - [15/Mar/2026:22:40:32 +0545] "GET /tag/better-environment/feed/ HTTP/1.1" 404 796 "-" "Mozilla/5.0 (compatible; AhrefsBot/7.0; +http://ahrefs.com/robot/)"
2a01:4f9:5a:1745::2 - - [15/Mar/2026:22:25:20 +0545] "POST /wp-admin/admin-ajax.php?action=async_litespeed&nonce=661b1bd860&litespeed_type=imgoptm HTTP/1.1" 200 5 "-" "WordPress/6.9.4; https://www.betterchitwan.com"
3.151.194.164 - - [15/Mar/2026:22:26:12 +0545] "GET / HTTP/1.1" 401 53 "-" "visionheight.com/scan Mozilla/5.0 (Macintosh; Intel Mac OS X 10_15_7) Chrome/126.0.0.0 Safari/537.36"
114.119.152.60 - - [15/Mar/2026:22:28:16 +0545] "GET /events/category/youthwan/day/2025-05-03?outlook-ical=1 HTTP/1.1" 404 796 "-" "Mozilla/5.0 (Linux; Android 7.0;) AppleWebKit/537.36 (KHTML, like Gecko) Mobile Safari/537.36 (compatible; PetalBot;+https://webmaster.petalsearch.com/site/petalbot)"
36.111.67.189 - - [15/Mar/2026:22:32:40 +0545] "GET / HTTP/1.1" 200 22989 "http://www.betterchitwan.com" "Mozilla/5.0 (iPhone; CPU iPhone OS 13_2_3 like Mac OS X) AppleWebKit/605.1.15 (KHTML, like Gecko) Version/13.0.3 Mobile/15E148 Safari/604.1"
89.222.112.34 - - [15/Mar/2026:22:34:36 +0545] "POST /xmlrpc.php HTTP/1.1" 200 3100 "-" "Mozilla/5.0 (Windows NT 10.0; Win64; x64) AppleWebKit/537.36 (KHTML, like Gecko) Chrome/114.0.0.0 YaBrowser/22.7.0 Yowser/2.5 Safari/537.36"
2a01:4f9:5a:1745::2 - - [15/Mar/2026:22:34:41 +0545] "POST /wp-cron.php?doing_wp_cron=1773593381.5585908889770507812500 HTTP/1.1" 200 0 "-" "WordPress/6.9.4; https://www.betterchitwan.com"
2a01:4f9:5a:1745::2 - - [15/Mar/2026:22:25:17 +0545] "POST /wp-cron.php?doing_wp_cron=1773592817.0966250896453857421875 HTTP/1.1" 200 0 "-" "WordPress/6.9.4; https://www.betterchitwan.com"
13.38.39.20 - - [15/Mar/2026:22:25:16 +0545] "POST /xmlrpc.php HTTP/1.1" 200 3100 "-" "Mozilla/5.0 (Macintosh; Intel Mac OS X 10_15_7) AppleWebKit/537.36 (KHTML, like Gecko) Chrome/127.0.0 Safari/537.36"
51.68.247.216 - - [15/Mar/2026:22:30:17 +0545] "GET /events/tag/youwa-bich-yuwa/day/2025-04-26/ HTTP/1.1" 404 796 "-" "Mozilla/5.0 (compatible; AhrefsBot/7.0; +http://ahrefs.com/robot/)"
2a01:4f9:5a:1745::2 - - [15/Mar/2026:22:34:37 +0545] "POST /wp-cron.php?doing_wp_cron=1773593377.5573260784149169921875 HTTP/1.1" 200 0 "-" "WordPress/6.9.4; https://www.betterchitwan.com"
89.222.112.34 - - [15/Mar/2026:22:34:37 +0545] "POST /xmlrpc.php HTTP/1.1" 200 107 "-" "Mozilla/5.0 (Windows NT 10.0; Win64; x64) AppleWebKit/537.36 (KHTML, like Gecko) Chrome/114.0.0.0 YaBrowser/22.7.0 Yowser/2.5 Safari/537.36"
89.222.112.34 - - [15/Mar/2026:22:34:39 +0545] "POST /xmlrpc.php HTTP/1.1" 200 5479 "-" "Mozilla/5.0 (Windows NT 10.0; Win64; x64) AppleWebKit/537.36 (KHTML, like Gecko) Chrome/114.0.0.0 YaBrowser/22.7.0 Yowser/2.5 Safari/537.36"
5.39.1.241 - - [15/Mar/2026:22:24:42 +0545] "GET /events/tag/youwa-bich-yuwa/day/2025-04-23/ HTTP/1.1" 404 796 "-" "Mozilla/5.0 (compatible; AhrefsBot/7.0; +http://ahrefs.com/robot/)"
2a02:c207:3018:3706::1 - - [15/Mar/2026:22:25:08 +0545] "GET /robots.txt HTTP/1.1" 304 0 "-" "Mozilla/5.0 (compatible; MJ12bot/v1.4.8; http://mj12bot.com/)"
2a01:4f9:5a:1745::2 - - [15/Mar/2026:22:25:17 +0545] "POST /wp-admin/admin-ajax.php?action=async_litespeed&nonce=661b1bd860&litespeed_type=imgoptm HTTP/1.1" 200 5 "-" "WordPress/6.9.4; https://www.betterchitwan.com"
2a01:4f9:5a:1745::2 - - [15/Mar/2026:22:34:38 +0545] "POST /wp-admin/admin-ajax.php?action=async_litespeed&nonce=661b1bd860&litespeed_type=imgoptm HTTP/1.1" 200 5 "-" "WordPress/6.9.4; https://www.betterchitwan.com"
114.119.145.188 - - [15/Mar/2026:22:41:07 +0545] "GET /events/category/youthwan/day/2023-11-02/ HTTP/1.1" 404 796 "https://www.betterchitwan.com/events/category/youthwan/list/?tribe-bar-date=2023-11-02" "Mozilla/5.0 (Linux; Android 7.0;) AppleWebKit/537.36 (KHTML, like Gecko) Mobile Safari/537.36 (compatible; PetalBot;+https://webmaster.petalsearch.com/site/petalbot)"
114.119.146.77 - - [15/Mar/2026:22:26:53 +0545] "GET /events/category/youthwan/list/?tribe-bar-date=2024-01-08 HTTP/1.1" 404 796 "https://www.betterchitwan.com/events/category/youthwan/list/?tribe-bar-date=2024-01-08" "Mozilla/5.0 (Linux; Android 7.0;) AppleWebKit/537.36 (KHTML, like Gecko) Mobile Safari/537.36 (compatible; PetalBot;+https://webmaster.petalsearch.com/site/petalbot)"
114.119.129.33 - - [15/Mar/2026:22:39:59 +0545] "GET /events/category/youthwan/day/2023-12-01/ HTTP/1.1" 404 796 "https://www.betterchitwan.com/events/category/youthwan/2023-12" "Mozilla/5.0 (Linux; Android 7.0;) AppleWebKit/537.36 (KHTML, like Gecko) Mobile Safari/537.36 (compatible; PetalBot;+https://webmaster.petalsearch.com/site/petalbot)"
13.38.39.20 - - [15/Mar/2026:22:25:17 +0545] "POST /xmlrpc.php HTTP/1.1" 200 109 "-" "Mozilla/5.0 (Macintosh; Intel Mac OS X 10_15_7) AppleWebKit/537.36 (KHTML, like Gecko) Chrome/127.0.0 Safari/537.36"
114.119.146.77 - - [15/Mar/2026:22:25:27 +0545] "GET /events/category/youthwan/list/?tribe-bar-date=2024-12-30 HTTP/1.1" 404 796 "https://www.betterchitwan.com/events/category/youthwan/list/?tribe-bar-date=2024-12-30&eventDisplay=past" "Mozilla/5.0 (Linux; Android 7.0;) AppleWebKit/537.36 (KHTML, like Gecko) Mobile Safari/537.36 (compatible; PetalBot;+https://webmaster.petalsearch.com/site/petalbot)"
2a01:4f9:5a:1745::2 - - [15/Mar/2026:22:32:43 +0545] "POST /wp-admin/admin-ajax.php?action=async_litespeed&nonce=661b1bd860&litespeed_type=imgoptm HTTP/1.1" 200 5 "-" "WordPress/6.9.4; https://www.betterchitwan.com"
13.38.39.20 - - [15/Mar/2026:22:25:19 +0545] "POST /xmlrpc.php HTTP/1.1" 200 4141 "-" "Mozilla/5.0 (Macintosh; Intel Mac OS X 10_15_7) AppleWebKit/537.36 (KHTML, like Gecko) Chrome/127.0.0 Safari/537.36"
94.23.188.212 - - [15/Mar/2026:22:35:33 +0545] "GET /events/month/ HTTP/1.1" 404 796 "-" "Mozilla/5.0 (compatible; AhrefsBot/7.0; +http://ahrefs.com/robot/)"
114.119.136.5 - - [15/Mar/2026:22:38:29 +0545] "GET /events/category/youthwan/day/2023-12-05/?outlook-ical=1 HTTP/1.1" 404 796 "https://www.betterchitwan.com/events/category/youthwan/day/2023-12-05/" "Mozilla/5.0 (Linux; Android 7.0;) AppleWebKit/537.36 (KHTML, like Gecko) Mobile Safari/537.36 (compatible; PetalBot;+https://webmaster.petalsearch.com/site/petalbot)"
114.119.129.33 - - [15/Mar/2026:22:42:37 +0545] "GET /events/category/youth-motivators-club-ymc/list?tribe-bar-date=2024-11-03 HTTP/1.1" 404 796 "-" "Mozilla/5.0 (Linux; Android 7.0;) AppleWebKit/537.36 (KHTML, like Gecko) Mobile Safari/537.36 (compatible; PetalBot;+https://webmaster.petalsearch.com/site/petalbot)"
114.119.146.77 - - [15/Mar/2026:22:49:56 +0545] "GET /events/category/youth-motivators-club-ymc/list/?tribe-bar-date=2025-12-29 HTTP/1.1" 404 796 "https://www.betterchitwan.com/events/category/youth-motivators-club-ymc/list/?tribe-bar-date=2025-12-29&eventDisplay=past" "Mozilla/5.0 (Linux; Android 7.0;) AppleWebKit/537.36 (KHTML, like Gecko) Mobile Safari/537.36 (compatible; PetalBot;+https://webmaster.petalsearch.com/site/petalbot)"
94.23.188.203 - - [15/Mar/2026:22:51:20 +0545] "GET /.lsrecap/recaptcha?post_type=tribe_events&eventDisplay=day&eventDate=2024-07-20 HTTP/1.1" 404 796 "-" "Mozilla/5.0 (compatible; AhrefsBot/7.0; +http://ahrefs.com/robot/)"
45.227.253.15 - - [15/Mar/2026:22:56:11 +0545] "GET /index.php/jk HTTP/1.1" 301 0 "-" "Mozilla/5.0 (iPad; U; CPU OS 4_2_3 like Mac OS X; ja) AppleWebKit/533.17.9 (KHTML, like Gecko) Version/5.0.2 Mobile/8J2 Safari/6533.18.5"
5.39.1.234 - - [15/Mar/2026:22:45:32 +0545] "GET /cart/ HTTP/1.1" 404 796 "-" "Mozilla/5.0 (compatible; AhrefsBot/7.0; +http://ahrefs.com/robot/)"
43.157.153.236 - - [15/Mar/2026:22:49:15 +0545] "GET / HTTP/1.1" 200 22966 "http://www.betterchitwan.com" "Mozilla/5.0 (iPhone; CPU iPhone OS 13_2_3 like Mac OS X) AppleWebKit/605.1.15 (KHTML, like Gecko) Version/13.0.3 Mobile/15E148 Safari/604.1"
114.119.128.196 - - [15/Mar/2026:22:48:19 +0545] "GET /events/category/youth-motivators-club-ymc/list/?tribe-bar-date=2026-01-30&eventDisplay=past HTTP/1.1" 404 796 "https://www.betterchitwan.com/events/category/youth-motivators-club-ymc/list/?tribe-bar-date=2026-01-30&eventDisplay=past" "Mozilla/5.0 (Linux; Android 7.0;) AppleWebKit/537.36 (KHTML, like Gecko) Mobile Safari/537.36 (compatible; PetalBot;+https://webmaster.petalsearch.com/site/petalbot)"
2a01:4f9:5a:1745::2 - - [15/Mar/2026:22:49:17 +0545] "POST /wp-cron.php?doing_wp_cron=1773594257.0322079658508300781250 HTTP/1.1" 200 0 "-" "WordPress/6.9.4; https://www.betterchitwan.com"
2a01:4f9:5a:1745::2 - - [15/Mar/2026:22:56:12 +0545] "POST /wp-cron.php?doing_wp_cron=1773594672.5231699943542480468750 HTTP/1.1" 200 0 "-" "WordPress/6.9.4; https://www.betterchitwan.com"
45.227.253.15 - - [15/Mar/2026:22:56:13 +0545] "GET /jk HTTP/1.1" 404 796 "https://www.betterchitwan.com/index.php/jk" "Mozilla/5.0 (iPad; U; CPU OS 4_2_3 like Mac OS X; ja) AppleWebKit/533.17.9 (KHTML, like Gecko) Version/5.0.2 Mobile/8J2 Safari/6533.18.5"
2a01:4f9:5a:1745::2 - - [15/Mar/2026:22:56:13 +0545] "POST /wp-admin/admin-ajax.php?action=async_litespeed&nonce=661b1bd860&litespeed_type=imgoptm HTTP/1.1" 200 5 "-" "WordPress/6.9.4; https://www.betterchitwan.com"
176.31.139.12 - - [15/Mar/2026:22:56:52 +0545] "GET /checkout/ HTTP/1.1" 404 796 "-" "Mozilla/5.0 (compatible; AhrefsBot/7.0; +http://ahrefs.com/robot/)"
114.119.128.196 - - [15/Mar/2026:22:52:42 +0545] "GET /events/category/youth-motivators-club-ymc/list/?tribe-bar-date=2025-08-28 HTTP/1.1" 404 796 "https://www.betterchitwan.com/events/category/youth-motivators-club-ymc/list/?tribe-bar-date=2025-08-28" "Mozilla/5.0 (Linux; Android 7.0;) AppleWebKit/537.36 (KHTML, like Gecko) Mobile Safari/537.36 (compatible; PetalBot;+https://webmaster.petalsearch.com/site/petalbot)"
2a01:4f9:5a:1745::2 - - [15/Mar/2026:22:56:12 +0545] "POST /wp-cron.php?doing_wp_cron=1773594672.8543388843536376953125 HTTP/1.1" 200 0 "-" "WordPress/6.9.4; https://www.betterchitwan.com"
2a01:4f9:5a:1745::2 - - [15/Mar/2026:22:49:18 +0545] "POST /wp-admin/admin-ajax.php?action=async_litespeed&nonce=661b1bd860&litespeed_type=imgoptm HTTP/1.1" 200 5 "-" "WordPress/6.9.4; https://www.betterchitwan.com"
114.119.152.60 - - [15/Mar/2026:22:50:45 +0545] "GET /events/category/youth-motivators-club-ymc/list/?tribe-bar-date=2025-11-29&outlook-ical=1 HTTP/1.1" 404 796 "https://www.betterchitwan.com/events/category/youth-motivators-club-ymc/list/?tribe-bar-date=2025-11-29" "Mozilla/5.0 (Linux; Android 7.0;) AppleWebKit/537.36 (KHTML, like Gecko) Mobile Safari/537.36 (compatible; PetalBot;+https://webmaster.petalsearch.com/site/petalbot)"
114.119.145.188 - - [15/Mar/2026:22:55:08 +0545] "GET /events/category/youth-motivators-club-ymc/list/?tribe-bar-date=2025-07-29&eventDisplay=past HTTP/1.1" 404 796 "https://www.betterchitwan.com/events/category/youth-motivators-club-ymc/list/?tribe-bar-date=2025-07-29&eventDisplay=past" "Mozilla/5.0 (Linux; Android 7.0;) AppleWebKit/537.36 (KHTML, like Gecko) Mobile Safari/537.36 (compatible; PetalBot;+https://webmaster.petalsearch.com/site/petalbot)"
195.225.49.149 - - [15/Mar/2026:23:00:03 +0545] "POST /xmlrpc.php HTTP/1.1" 200 186 "-" "Mozilla/5.0 (Windows NT 10.0; x64) AppleWebKit/537.36 (KHTML, like Gecko) Edge/87.0.0.0 Safari/537.36"
114.119.131.235 - - [15/Mar/2026:22:58:56 +0545] "GET /events/category/youth-motivators-club-ymc/list/?tribe-bar-date=2025-05-05&ical=1 HTTP/1.1" 404 796 "https://www.betterchitwan.com/events/category/youth-motivators-club-ymc/list/?tribe-bar-date=2025-05-05" "Mozilla/5.0 (Linux; Android 7.0;) AppleWebKit/537.36 (KHTML, like Gecko) Mobile Safari/537.36 (compatible; PetalBot;+https://webmaster.petalsearch.com/site/petalbot)"
2a01:4f9:5a:1745::2 - - [15/Mar/2026:23:00:04 +0545] "POST /wp-cron.php?doing_wp_cron=1773594904.5268509387969970703125 HTTP/1.1" 200 0 "-" "WordPress/6.9.4; https://www.betterchitwan.com"
116.179.33.144 - - [15/Mar/2026:22:59:09 +0545] "GET /%E0%A4%AC%E0%A4%BE%E0%A4%97%E0%A4%AE%E0%A4%A4%E0%A5%80-%E0%A4%AA%E0%A5%8D%E0%A4%B0%E0%A4%A6%E0%A5%87%E0%A4%B6-%E0%A4%B8%E0%A5%8D%E0%A4%A4%E0%A4%B0%E0%A5%80%E0%A4%AF-%E0%A4%B8%E0%A4%82%E0%A4%B5/471316889_909190764671423_8733141686345880872_n/ HTTP/1.1" 404 796 "-" "Mozilla/5.0 (Windows NT 10.0; Win64; x64) AppleWebKit/537.36 (KHTML, like Gecko) Chrome/99.0.4844.51 Safari/537.36"
3.110.218.178 - - [15/Mar/2026:22:58:58 +0545] "GET / HTTP/1.1" 301 0 "-" "Mozilla/5.0 (Windows NT 10.0; Win64; x64) AppleWebKit/537.36 (KHTML, like Gecko) Chrome/131.0.0.0 Safari/537.36"
2a01:4f9:5a:1745::2 - - [15/Mar/2026:23:00:05 +0545] "POST /wp-admin/admin-ajax.php?action=async_litespeed&nonce=661b1bd860&litespeed_type=imgoptm HTTP/1.1" 200 5 "-" "WordPress/6.9.4; https://www.betterchitwan.com"
119.249.100.244 - - [15/Mar/2026:22:58:54 +0545] "GET /%E0%A4%AC%E0%A4%BE%E0%A4%97%E0%A4%AE%E0%A4%A4%E0%A5%80-%E0%A4%AA%E0%A5%8D%E0%A4%B0%E0%A4%A6%E0%A5%87%E0%A4%B6-%E0%A4%B8%E0%A5%8D%E0%A4%A4%E0%A4%B0%E0%A5%80%E0%A4%AF-%E0%A4%B8%E0%A4%82%E0%A4%B5/471316889_909190764671423_8733141686345880872_n/ HTTP/1.1" 404 796 "-" "Mozilla/5.0 (Windows NT 10.0; WOW64) AppleWebKit/537.36 (KHTML, like Gecko) Chrome/48.0.2564.116 Safari/537.36"
176.31.139.5 - - [15/Mar/2026:23:02:08 +0545] "GET /my-account/ HTTP/1.1" 404 796 "-" "Mozilla/5.0 (compatible; AhrefsBot/7.0; +http://ahrefs.com/robot/)"
114.119.138.172 - - [15/Mar/2026:23:02:08 +0545] "GET /events/category/youth-motivators-club-ymc/list/?tribe-bar-date=2025-01-08 HTTP/1.1" 404 796 "https://www.betterchitwan.com/events/category/youth-motivators-club-ymc/day/2025-01-08/" "Mozilla/5.0 (Linux; Android 7.0;) AppleWebKit/537.36 (KHTML, like Gecko) Mobile Safari/537.36 (compatible; PetalBot;+https://webmaster.petalsearch.com/site/petalbot)"
2a01:4f9:5a:1745::2 - - [15/Mar/2026:23:03:53 +0545] "POST /wp-cron.php?doing_wp_cron=1773595133.3872799873352050781250 HTTP/1.1" 200 0 "-" "WordPress/6.9.4; https://www.betterchitwan.com"
114.119.152.60 - - [15/Mar/2026:23:08:45 +0545] "GET /events/category/youth-motivators-club-ymc/day/2025-06-26/ HTTP/1.1" 404 796 "https://www.betterchitwan.com/events/category/youth-motivators-club-ymc/day/2025-06-26/" "Mozilla/5.0 (Linux; Android 7.0;) AppleWebKit/537.36 (KHTML, like Gecko) Mobile Safari/537.36 (compatible; PetalBot;+https://webmaster.petalsearch.com/site/petalbot)"
141.148.134.19 - - [15/Mar/2026:23:11:00 +0545] "GET /wp-admin/ HTTP/1.1" 302 0 "https://www.google.com/" "Mozilla/5.0 (Macintosh; Intel Mac OS X 13_6_1; rv:119.0) Gecko/20100101 Firefox/119.0"
2a01:4f9:5a:1745::2 - - [15/Mar/2026:23:11:02 +0545] "POST /wp-admin/admin-ajax.php?action=async_litespeed&nonce=661b1bd860&litespeed_type=imgoptm HTTP/1.1" 200 5 "-" "WordPress/6.9.4; https://www.betterchitwan.com"
192.178.6.68 - - [15/Mar/2026:23:11:17 +0545] "GET /robots.txt HTTP/1.1" 304 0 "-" "Mozilla/5.0 (compatible; Googlebot/2.1; +http://www.google.com/bot.html)"
141.148.134.19 - - [15/Mar/2026:23:11:17 +0545] "GET /wp-login.php HTTP/1.1" 200 974 "-" "Mozilla/5.0 (Macintosh; Intel Mac OS X 10_15_7; rv:119.0) Gecko/20100101 Firefox/119.0"
2a01:4f9:5a:1745::2 - - [15/Mar/2026:23:13:28 +0545] "POST /wp-admin/admin-ajax.php?action=async_litespeed&nonce=661b1bd860&litespeed_type=imgoptm HTTP/1.1" 200 5 "-" "WordPress/6.9.4; https://www.betterchitwan.com"
2a01:4f9:5a:1745::2 - - [15/Mar/2026:23:04:32 +0545] "POST /wp-admin/admin-ajax.php?action=async_litespeed&nonce=661b1bd860&litespeed_type=imgoptm HTTP/1.1" 200 5 "-" "WordPress/6.9.4; https://www.betterchitwan.com"
43.135.172.89 - - [15/Mar/2026:23:04:32 +0545] "GET / HTTP/1.1" 200 22966 "https://betterchitwan.com/" "Mozilla/5.0 (iPhone; CPU iPhone OS 13_2_3 like Mac OS X) AppleWebKit/605.1.15 (KHTML, like Gecko) Version/13.0.3 Mobile/15E148 Safari/604.1"
195.225.49.149 - - [15/Mar/2026:23:04:44 +0545] "POST /xmlrpc.php HTTP/1.1" 200 186 "-" "Mozilla/5.0 (Windows NT 6.3; x86) AppleWebKit/537.36 (KHTML, like Gecko) Opera/74.0.0.0 Safari/537.36"
114.119.146.77 - - [15/Mar/2026:23:05:04 +0545] "GET /events/category/youth-motivators-club-ymc/list/?tribe-bar-date=2024-06-07 HTTP/1.1" 404 796 "https://www.betterchitwan.com/events/category/youth-motivators-club-ymc/list/?tribe-bar-date=2024-06-07" "Mozilla/5.0 (Linux; Android 7.0;) AppleWebKit/537.36 (KHTML, like Gecko) Mobile Safari/537.36 (compatible; PetalBot;+https://webmaster.petalsearch.com/site/petalbot)"
2a01:4f9:5a:1745::2 - - [15/Mar/2026:23:10:02 +0545] "POST /wp-admin/admin-ajax.php?action=async_litespeed&nonce=661b1bd860&litespeed_type=imgoptm HTTP/1.1" 200 5 "-" "WordPress/6.9.4; https://www.betterchitwan.com"
192.178.6.68 - - [15/Mar/2026:23:11:18 +0545] "GET /events/tag/drawing-contest/list/?tribe-bar-date=2025-12-20&eventDisplay=past HTTP/1.1" 404 796 "-" "Mozilla/5.0 (Linux; Android 6.0.1; Nexus 5X Build/MMB29P) AppleWebKit/537.36 (KHTML, like Gecko) Chrome/145.0.7632.116 Mobile Safari/537.36 (compatible; Googlebot/2.1; +http://www.google.com/bot.html)"
141.148.134.19 - - [15/Mar/2026:23:10:31 +0545] "GET /wp-login.php HTTP/1.1" 200 974 "https://www.facebook.com/" "Mozilla/5.0 (Macintosh; Intel Mac OS X 10_15_7; rv:121.0) Gecko/20100101 Firefox/121.0"
2a01:4f9:5a:1745::2 - - [15/Mar/2026:23:13:27 +0545] "POST /wp-cron.php?doing_wp_cron=1773595707.6180160045623779296875 HTTP/1.1" 200 0 "-" "WordPress/6.9.4; https://www.betterchitwan.com"
2a01:4f9:5a:1745::2 - - [15/Mar/2026:23:04:45 +0545] "POST /wp-cron.php?doing_wp_cron=1773595185.3746700286865234375000 HTTP/1.1" 200 0 "-" "WordPress/6.9.4; https://www.betterchitwan.com"
195.225.49.149 - - [15/Mar/2026:23:10:28 +0545] "POST /xmlrpc.php HTTP/1.1" 200 186 "-" "Mozilla/5.0 (Macintosh; Intel Mac OS X 10_15_7; x64) AppleWebKit/537.36 (KHTML, like Gecko) Edge/94.0.0.0 Safari/537.36"
141.148.134.19 - - [15/Mar/2026:23:11:07 +0545] "GET /wp-login.php HTTP/1.1" 200 974 "https://wordpress.org/" "Mozilla/5.0 (Macintosh; Intel Mac OS X 13_6_1) AppleWebKit/605.1.15 (KHTML, like Gecko) Version/17.1 Safari/605.1.15"
2a01:4f9:5a:1745::2 - - [15/Mar/2026:23:14:08 +0545] "POST /wp-admin/admin-ajax.php?action=async_litespeed&nonce=661b1bd860&litespeed_type=imgoptm HTTP/1.1" 200 5 "-" "WordPress/6.9.4; https://www.betterchitwan.com"
195.225.49.149 - - [15/Mar/2026:23:03:52 +0545] "POST /xmlrpc.php HTTP/1.1" 200 186 "-" "Mozilla/5.0 (Macintosh; Intel Mac OS X 10_15_7; arm64) AppleWebKit/537.36 (KHTML, like Gecko) Firefox/90.0.0.0 Safari/537.36"
2a01:4f9:5a:1745::2 - - [15/Mar/2026:23:09:18 +0545] "POST /wp-cron.php?doing_wp_cron=1773595458.1453630924224853515625 HTTP/1.1" 200 0 "-" "WordPress/6.9.4; https://www.betterchitwan.com"
2a01:4f9:5a:1745::2 - - [15/Mar/2026:23:09:19 +0545] "POST /wp-admin/admin-ajax.php?action=async_litespeed&nonce=661b1bd860&litespeed_type=imgoptm HTTP/1.1" 200 5 "-" "WordPress/6.9.4; https://www.betterchitwan.com"
141.148.134.19 - - [15/Mar/2026:23:11:02 +0545] "GET /wp-login.php?redirect_to=https%3A%2F%2Fmail.betterchitwan.com%2Fwp-admin%2F&reauth=1 HTTP/1.1" 200 1052 "https://www.google.com/" "Mozilla/5.0 (Macintosh; Intel Mac OS X 13_6_1; rv:119.0) Gecko/20100101 Firefox/119.0"
141.148.134.19 - - [15/Mar/2026:23:11:31 +0545] "GET /wp-admin/ HTTP/1.1" 200 12422 "https://wordpress.org/" "Mozilla/5.0 (Windows NT 11.0; Win64; x64) AppleWebKit/537.36 (KHTML, like Gecko) Chrome/118.0.0.0 Safari/537.36"
2a01:4f9:5a:1745::2 - - [15/Mar/2026:23:11:51 +0545] "POST /wp-cron.php?doing_wp_cron=1773595611.0484950542449951171875 HTTP/1.1" 200 0 "-" "WordPress/6.9.4; https://www.betterchitwan.com"
141.148.134.19 - - [15/Mar/2026:23:11:50 +0545] "GET /wp-admin/ HTTP/1.1" 302 0 "-" "Mozilla/5.0 (X11; Ubuntu; Linux x86_64) AppleWebKit/537.36 (KHTML, like Gecko) Chrome/120.0.0.0 Safari/537.36"
2a01:4f9:5a:1745::2 - - [15/Mar/2026:23:05:55 +0545] "POST /wp-admin/admin-ajax.php?action=async_litespeed&nonce=661b1bd860&litespeed_type=imgoptm HTTP/1.1" 200 5 "-" "WordPress/6.9.4; https://www.betterchitwan.com"
2a01:4f9:5a:1745::2 - - [15/Mar/2026:23:06:43 +0545] "POST /wp-cron.php?doing_wp_cron=1773595303.5555939674377441406250 HTTP/1.1" 200 0 "-" "WordPress/6.9.4; https://www.betterchitwan.com"
195.225.49.149 - - [15/Mar/2026:23:08:12 +0545] "POST /xmlrpc.php HTTP/1.1" 200 186 "-" "Mozilla/5.0 (Macintosh; Intel Mac OS X 10_15_7; arm64) AppleWebKit/537.36 (KHTML, like Gecko) Safari/12.0.0.0 Safari/537.36"
141.148.134.19 - - [15/Mar/2026:23:09:32 +0545] "GET /wp-login.php HTTP/1.1" 200 974 "-" "Mozilla/5.0 (X11; Linux x86_64) AppleWebKit/537.36 (KHTML, like Gecko) Chrome/120.0.0.0 Safari/537.36"
141.148.134.19 - - [15/Mar/2026:23:10:30 +0545] "GET /wp-admin/ HTTP/1.1" 401 53 "-" "Mozilla/5.0 (Macintosh; Intel Mac OS X 13_6_1) AppleWebKit/537.36 (KHTML, like Gecko) Chrome/118.0.0.0 Safari/537.36"
141.148.134.19 - - [15/Mar/2026:23:11:17 +0545] "GET /wp-admin/ HTTP/1.1" 401 53 "https://www.google.com/" "Mozilla/5.0 (X11; Ubuntu; Linux x86_64) AppleWebKit/537.36 (KHTML, like Gecko) Chrome/120.0.0.0 Safari/537.36"
195.225.49.149 - - [15/Mar/2026:23:11:22 +0545] "POST /xmlrpc.php HTTP/1.1" 200 186 "-" "Mozilla/5.0 (X11; Ubuntu; Linux x86_64; arm64) AppleWebKit/537.36 (KHTML, like Gecko) Firefox/96.0.0.0 Safari/537.36"
141.148.134.19 - - [15/Mar/2026:23:11:40 +0545] "GET /wp-login.php HTTP/1.1" 200 974 "https://wordpress.org/" "Mozilla/5.0 (Macintosh; Intel Mac OS X 13_6_1) AppleWebKit/605.1.15 (KHTML, like Gecko) Version/16.6 Safari/605.1.15"
92.222.104.200 - - [15/Mar/2026:23:13:26 +0545] "GET /?sitemap665.xml HTTP/1.1" 301 0 "-" "Mozilla/5.0 (compatible; AhrefsBot/7.0; +http://ahrefs.com/robot/)"
92.222.104.200 - - [15/Mar/2026:23:13:27 +0545] "GET /?sitemap665_xml HTTP/1.1" 200 26885 "-" "Mozilla/5.0 (compatible; AhrefsBot/7.0; +http://ahrefs.com/robot/)"
195.225.49.149 - - [15/Mar/2026:23:05:53 +0545] "POST /xmlrpc.php HTTP/1.1" 200 186 "-" "Mozilla/5.0 (Windows NT 10.0; arm64) AppleWebKit/537.36 (KHTML, like Gecko) Firefox/97.0.0.0 Safari/537.36"
114.119.129.33 - - [15/Mar/2026:23:06:12 +0545] "GET /events/category/youth-motivators-club-ymc/day/2025-10-31 HTTP/1.1" 404 796 "-" "Mozilla/5.0 (Linux; Android 7.0;) AppleWebKit/537.36 (KHTML, like Gecko) Mobile Safari/537.36 (compatible; PetalBot;+https://webmaster.petalsearch.com/site/petalbot)"
195.225.49.149 - - [15/Mar/2026:23:06:42 +0545] "POST /xmlrpc.php HTTP/1.1" 200 186 "-" "Mozilla/5.0 (Macintosh; Intel Mac OS X 10_15_7; arm64) AppleWebKit/537.36 (KHTML, like Gecko) Edge/94.0.0.0 Safari/537.36"
2a01:4f9:5a:1745::2 - - [15/Mar/2026:23:08:13 +0545] "POST /wp-cron.php?doing_wp_cron=1773595393.5759658813476562500000 HTTP/1.1" 200 0 "-" "WordPress/6.9.4; https://www.betterchitwan.com"
2a01:4f9:5a:1745::2 - - [15/Mar/2026:23:08:14 +0545] "POST /wp-admin/admin-ajax.php?action=async_litespeed&nonce=661b1bd860&litespeed_type=imgoptm HTTP/1.1" 200 5 "-" "WordPress/6.9.4; https://www.betterchitwan.com"
195.225.49.149 - - [15/Mar/2026:23:09:17 +0545] "POST /xmlrpc.php HTTP/1.1" 200 186 "-" "Mozilla/5.0 (X11; Ubuntu; Linux x86_64; x86) AppleWebKit/537.36 (KHTML, like Gecko) Edge/80.0.0.0 Safari/537.36"
141.148.134.19 - - [15/Mar/2026:23:09:32 +0545] "GET /wp-login.php HTTP/1.1" 200 974 "https://www.facebook.com/" "Mozilla/5.0 (Macintosh; Intel Mac OS X 13_6_1) AppleWebKit/605.1.15 (KHTML, like Gecko) Version/17.2 Safari/605.1.15"
141.148.134.19 - - [15/Mar/2026:23:09:50 +0545] "GET /wp-login.php HTTP/1.1" 200 974 "https://www.facebook.com/" "Mozilla/5.0 (Windows NT 10.0; Win64; x64; rv:119.0) Gecko/20100101 Firefox/119.0"
2a01:4f9:5a:1745::2 - - [15/Mar/2026:23:10:01 +0545] "POST /wp-cron.php?doing_wp_cron=1773595501.1513619422912597656250 HTTP/1.1" 200 0 "-" "WordPress/6.9.4; https://www.betterchitwan.com"
141.148.134.19 - - [15/Mar/2026:23:10:11 +0545] "GET /wp-login.php HTTP/1.1" 200 974 "https://www.facebook.com/" "Mozilla/5.0 (Macintosh; Intel Mac OS X 10_15_7) AppleWebKit/537.36 (KHTML, like Gecko) Chrome/118.0.0.0 Safari/537.36"
141.148.134.19 - - [15/Mar/2026:23:10:42 +0545] "GET /wp-login.php HTTP/1.1" 200 974 "https://www.facebook.com/" "Mozilla/5.0 (Macintosh; Intel Mac OS X 13_6_1; rv:121.0) Gecko/20100101 Firefox/121.0"
141.148.134.19 - - [15/Mar/2026:23:10:50 +0545] "GET /wp-login.php HTTP/1.1" 200 974 "-" "Mozilla/5.0 (Macintosh; Intel Mac OS X 13_6_1; rv:120.0) Gecko/20100101 Firefox/120.0"
2a01:4f9:5a:1745::2 - - [15/Mar/2026:23:11:01 +0545] "POST /wp-cron.php?doing_wp_cron=1773595561.2454340457916259765625 HTTP/1.1" 200 0 "-" "WordPress/6.9.4; https://www.betterchitwan.com"
141.148.134.19 - - [15/Mar/2026:23:10:01 +0545] "GET /wp-login.php?redirect_to=https%3A%2F%2Fbetterchitwan.com%2Fwp-admin%2F&reauth=1 HTTP/1.1" 200 1049 "https://www.bing.com/" "Mozilla/5.0 (Macintosh; Intel Mac OS X 13_6_1) AppleWebKit/537.36 (KHTML, like Gecko) Chrome/120.0.0.0 Safari/537.36"
43.167.245.18 - - [15/Mar/2026:23:12:28 +0545] "GET /best-non-gamstop-casino-uk-reviews-and-rankings-373/ HTTP/1.1" 404 796 "-" "Mozilla/5.0 (iPhone; CPU iPhone OS 13_2_3 like Mac OS X) AppleWebKit/605.1.15 (KHTML, like Gecko) Version/13.0.3 Mobile/15E148 Safari/604.1"
2a01:4f9:5a:1745::2 - - [15/Mar/2026:23:12:48 +0545] "POST /wp-admin/admin-ajax.php?action=async_litespeed&nonce=661b1bd860&litespeed_type=imgoptm HTTP/1.1" 200 5 "-" "WordPress/6.9.4; https://www.betterchitwan.com"
37.59.204.151 - - [15/Mar/2026:23:13:23 +0545] "GET /robots.txt HTTP/1.1" 304 0 "-" "Mozilla/5.0 (compatible; AhrefsBot/7.0; +http://ahrefs.com/robot/)"
2a01:4f9:5a:1745::2 - - [15/Mar/2026:23:14:07 +0545] "POST /wp-cron.php?doing_wp_cron=1773595747.7087719440460205078125 HTTP/1.1" 200 0 "-" "WordPress/6.9.4; https://www.betterchitwan.com"
195.225.49.149 - - [15/Mar/2026:23:14:07 +0545] "POST /xmlrpc.php HTTP/1.1" 200 186 "-" "Mozilla/5.0 (Windows NT 10.0; arm64) AppleWebKit/537.36 (KHTML, like Gecko) Opera/65.0.0.0 Safari/537.36"
2a01:4f9:5a:1745::2 - - [15/Mar/2026:23:03:54 +0545] "POST /wp-admin/admin-ajax.php?action=async_litespeed&nonce=661b1bd860&litespeed_type=imgoptm HTTP/1.1" 200 5 "-" "WordPress/6.9.4; https://www.betterchitwan.com"
43.135.172.89 - - [15/Mar/2026:23:04:30 +0545] "GET / HTTP/1.1" 301 0 "http://betterchitwan.com" "Mozilla/5.0 (iPhone; CPU iPhone OS 13_2_3 like Mac OS X) AppleWebKit/605.1.15 (KHTML, like Gecko) Version/13.0.3 Mobile/15E148 Safari/604.1"
141.148.134.19 - - [15/Mar/2026:23:10:20 +0545] "GET /wp-login.php HTTP/1.1" 200 974 "https://wordpress.org/" "Mozilla/5.0 (Macintosh; Intel Mac OS X 13_6_1; rv:121.0) Gecko/20100101 Firefox/121.0"
141.148.134.19 - - [15/Mar/2026:23:09:40 +0545] "GET /wp-admin/ HTTP/1.1" 200 974 "https://www.google.com/" "Mozilla/5.0 (Macintosh; Intel Mac OS X 13_6_1; rv:120.0) Gecko/20100101 Firefox/120.0"
141.148.134.19 - - [15/Mar/2026:23:10:41 +0545] "GET /wp-admin/ HTTP/1.1" 401 53 "-" "Mozilla/5.0 (Macintosh; Intel Mac OS X 10_15_7) AppleWebKit/537.36 (KHTML, like Gecko) Chrome/118.0.0.0 Safari/537.36"
141.148.134.19 - - [15/Mar/2026:23:11:32 +0545] "GET /wp-login.php HTTP/1.1" 200 974 "-" "Mozilla/5.0 (X11; Linux x86_64) AppleWebKit/537.36 (KHTML, like Gecko) Chrome/119.0.0.0 Safari/537.36"
141.148.134.19 - - [15/Mar/2026:23:11:51 +0545] "GET /wp-login.php?redirect_to=https%3A%2F%2Fwww.betterchitwan.com%2Fwp-admin%2F&reauth=1 HTTP/1.1" 200 1052 "-" "Mozilla/5.0 (X11; Ubuntu; Linux x86_64) AppleWebKit/537.36 (KHTML, like Gecko) Chrome/120.0.0.0 Safari/537.36"
141.148.134.19 - - [15/Mar/2026:23:11:21 +0545] "GET /wp-login.php HTTP/1.1" 200 974 "https://www.facebook.com/" "Mozilla/5.0 (Windows NT 10.0; Win64; x64; rv:118.0) Gecko/20100101 Firefox/118.0"
2a01:4f9:5a:1745::2 - - [15/Mar/2026:23:12:47 +0545] "POST /wp-cron.php?doing_wp_cron=1773595667.2461218833923339843750 HTTP/1.1" 200 0 "-" "WordPress/6.9.4; https://www.betterchitwan.com"
2a01:4f9:5a:1745::2 - - [15/Mar/2026:23:13:29 +0545] "GET /wp-content/uploads/2019/11/divider.svg HTTP/1.1" 404 796 "-" "-"
195.225.49.149 - - [15/Mar/2026:23:02:58 +0545] "GET /wp-json/wp/v2/users HTTP/1.1" 404 796 "-" "Mozilla/4.0 (compatible; Win32; WinHttp.WinHttpRequest.5)"
114.119.152.60 - - [15/Mar/2026:23:03:58 +0545] "GET /events/category/youth-motivators-club-ymc/list/?tribe-bar-date=2024-09-01&eventDisplay=past HTTP/1.1" 404 796 "https://www.betterchitwan.com/events/category/youth-motivators-club-ymc/list?tribe-bar-date=2024-09-01&eventDisplay=past" "Mozilla/5.0 (Linux; Android 7.0;) AppleWebKit/537.36 (KHTML, like Gecko) Mobile Safari/537.36 (compatible; PetalBot;+https://webmaster.petalsearch.com/site/petalbot)"
2a01:4f9:5a:1745::2 - - [15/Mar/2026:23:04:31 +0545] "POST /wp-cron.php?doing_wp_cron=1773595171.5845949649810791015625 HTTP/1.1" 200 0 "-" "WordPress/6.9.4; https://www.betterchitwan.com"
2a01:4f9:5a:1745::2 - - [15/Mar/2026:23:05:54 +0545] "POST /wp-cron.php?doing_wp_cron=1773595254.2353839874267578125000 HTTP/1.1" 200 0 "-" "WordPress/6.9.4; https://www.betterchitwan.com"
2a01:4f9:5a:1745::2 - - [15/Mar/2026:23:06:44 +0545] "POST /wp-admin/admin-ajax.php?action=async_litespeed&nonce=661b1bd860&litespeed_type=imgoptm HTTP/1.1" 200 5 "-" "WordPress/6.9.4; https://www.betterchitwan.com"
51.75.236.129 - - [15/Mar/2026:23:08:02 +0545] "GET /events/category/youthwan/today/ HTTP/1.1" 404 796 "-" "Mozilla/5.0 (compatible; AhrefsBot/7.0; +http://ahrefs.com/robot/)"
141.148.134.19 - - [15/Mar/2026:23:09:46 +0545] "GET /wp-login.php HTTP/1.1" 200 974 "https://t.co/" "Mozilla/5.0 (Macintosh; Intel Mac OS X 13_6_1) AppleWebKit/605.1.15 (KHTML, like Gecko) Version/16.6 Safari/605.1.15"
141.148.134.19 - - [15/Mar/2026:23:10:00 +0545] "GET /wp-admin/ HTTP/1.1" 302 0 "https://www.bing.com/" "Mozilla/5.0 (Macintosh; Intel Mac OS X 13_6_1) AppleWebKit/537.36 (KHTML, like Gecko) Chrome/120.0.0.0 Safari/537.36"
141.148.134.19 - - [15/Mar/2026:23:10:07 +0545] "GET /wp-login.php HTTP/1.1" 200 974 "https://wordpress.org/" "Mozilla/5.0 (Macintosh; Intel Mac OS X 10_15_7) AppleWebKit/537.36 (KHTML, like Gecko) Chrome/120.0.0.0 Safari/537.36"
141.148.134.19 - - [15/Mar/2026:23:10:10 +0545] "GET /wp-login.php HTTP/1.1" 200 974 "https://www.google.com/" "Mozilla/5.0 (Macintosh; Intel Mac OS X 10_15_7; rv:118.0) Gecko/20100101 Firefox/118.0"
141.148.134.19 - - [15/Mar/2026:23:10:10 +0545] "GET /wp-admin/ HTTP/1.1" 200 12429 "https://www.bing.com/" "Mozilla/5.0 (Macintosh; Intel Mac OS X 10_15_7; rv:120.0) Gecko/20100101 Firefox/120.0"
195.225.49.149 - - [15/Mar/2026:23:12:46 +0545] "POST /xmlrpc.php HTTP/1.1" 200 186 "-" "Mozilla/5.0 (Windows NT 6.2; arm64) AppleWebKit/537.36 (KHTML, like Gecko) Chrome/89.0.0.0 Safari/537.36"
2a01:4f9:5a:1745::2 - - [15/Mar/2026:23:15:14 +0545] "POST /wp-admin/admin-ajax.php?action=async_litespeed&nonce=661b1bd860&litespeed_type=imgoptm HTTP/1.1" 200 5 "-" "WordPress/6.9.4; https://www.betterchitwan.com"
195.225.49.149 - - [15/Mar/2026:23:16:31 +0545] "POST /xmlrpc.php HTTP/1.1" 200 186 "-" "Mozilla/5.0 (Macintosh; Intel Mac OS X 10_15_7; x86) AppleWebKit/537.36 (KHTML, like Gecko) Firefox/92.0.0.0 Safari/537.36"
2a01:4f9:5a:1745::2 - - [15/Mar/2026:23:21:40 +0545] "POST /wp-cron.php?doing_wp_cron=1773596200.0620250701904296875000 HTTP/1.1" 200 0 "-" "WordPress/6.9.4; https://www.betterchitwan.com"
2a01:4f9:5a:1745::2 - - [15/Mar/2026:23:23:02 +0545] "POST /wp-admin/admin-ajax.php?action=async_litespeed&nonce=661b1bd860&litespeed_type=imgoptm HTTP/1.1" 200 5 "-" "WordPress/6.9.4; https://www.betterchitwan.com"
195.123.216.134 - - [15/Mar/2026:23:26:03 +0545] "POST /xmlrpc.php HTTP/1.1" 200 3561 "-" "Mozilla/5.0 (Macintosh; Intel Mac OS X 13_5) AppleWebKit/605.1.15 (KHTML, like Gecko) Version/17.5 Safari/605.1.15"
156.146.61.16 - - [15/Mar/2026:23:26:51 +0545] "POST /xmlrpc.php HTTP/1.1" 200 3130 "-" "Mozilla/5.0 (Windows NT 10.0; Win64; x64) AppleWebKit/537.36 (KHTML, like Gecko) Chrome/114.0.0.0 Safari/537.36 Edg/114.0.1823.43"
195.123.216.134 - - [15/Mar/2026:23:28:11 +0545] "POST /xmlrpc.php HTTP/1.1" 200 106 "-" "Mozilla/5.0 (Macintosh; Intel Mac OS X 13_5) AppleWebKit/605.1.15 (KHTML, like Gecko) Version/17.5 Safari/605.1.15"
114.119.138.172 - - [15/Mar/2026:23:28:21 +0545] "GET /events/category/wow-women/list/?tribe-bar-date=2025-04-01&eventDisplay=past HTTP/1.1" 404 796 "https://www.betterchitwan.com/events/category/wow-women/list/?tribe-bar-date=2025-04-01&eventDisplay=past" "Mozilla/5.0 (Linux; Android 7.0;) AppleWebKit/537.36 (KHTML, like Gecko) Mobile Safari/537.36 (compatible; PetalBot;+https://webmaster.petalsearch.com/site/petalbot)"
195.123.216.134 - - [15/Mar/2026:23:28:24 +0545] "GET /wp-login.php HTTP/1.1" 200 974 "-" "Mozilla/5.0 (Macintosh; Intel Mac OS X 13_5) AppleWebKit/605.1.15 (KHTML, like Gecko) Version/17.5 Safari/605.1.15"
195.225.49.149 - - [15/Mar/2026:23:29:31 +0545] "POST /xmlrpc.php HTTP/1.1" 200 186 "-" "Mozilla/5.0 (Linux; Android 10; x86) AppleWebKit/537.36 (KHTML, like Gecko) Opera/74.0.0.0 Safari/537.36"
195.225.49.149 - - [15/Mar/2026:23:19:56 +0545] "POST /xmlrpc.php HTTP/1.1" 200 186 "-" "Mozilla/5.0 (Linux; Android 10; x86) AppleWebKit/537.36 (KHTML, like Gecko) Edge/100.0.0.0 Safari/537.36"
2a01:4f9:5a:1745::2 - - [15/Mar/2026:23:19:58 +0545] "POST /wp-admin/admin-ajax.php?action=async_litespeed&nonce=661b1bd860&litespeed_type=imgoptm HTTP/1.1" 200 5 "-" "WordPress/6.9.4; https://www.betterchitwan.com"
176.31.139.15 - - [15/Mar/2026:23:21:39 +0545] "GET /?sitemap36.xml HTTP/1.1" 301 0 "-" "Mozilla/5.0 (compatible; AhrefsBot/7.0; +http://ahrefs.com/robot/)"
2a01:4f9:5a:1745::2 - - [15/Mar/2026:23:22:01 +0545] "POST /wp-admin/admin-ajax.php?action=async_litespeed&nonce=661b1bd860&litespeed_type=imgoptm HTTP/1.1" 200 5 "-" "WordPress/6.9.4; https://www.betterchitwan.com"
2a01:4f9:5a:1745::2 - - [15/Mar/2026:23:25:52 +0545] "POST /wp-cron.php?doing_wp_cron=1773596451.9328570365905761718750 HTTP/1.1" 200 0 "-" "WordPress/6.9.4; https://www.betterchitwan.com"
2a01:4f9:5a:1745::2 - - [15/Mar/2026:23:16:32 +0545] "POST /wp-admin/admin-ajax.php?action=async_litespeed&nonce=661b1bd860&litespeed_type=imgoptm HTTP/1.1" 200 5 "-" "WordPress/6.9.4; https://www.betterchitwan.com"
195.225.49.149 - - [15/Mar/2026:23:17:49 +0545] "POST /xmlrpc.php HTTP/1.1" 200 186 "-" "Mozilla/5.0 (Macintosh; Intel Mac OS X 10_15_7; arm64) AppleWebKit/537.36 (KHTML, like Gecko) Opera/80.0.0.0 Safari/537.36"
2a01:4f9:5a:1745::2 - - [15/Mar/2026:23:20:49 +0545] "POST /wp-cron.php?doing_wp_cron=1773596149.4552769660949707031250 HTTP/1.1" 200 0 "-" "WordPress/6.9.4; https://www.betterchitwan.com"
2a01:4f9:5a:1745::2 - - [15/Mar/2026:23:21:41 +0545] "GET /wp-content/uploads/2019/11/divider.svg HTTP/1.1" 404 796 "-" "-"
195.225.49.149 - - [15/Mar/2026:23:23:00 +0545] "POST /xmlrpc.php HTTP/1.1" 200 186 "-" "Mozilla/5.0 (Windows NT 6.2; x86) AppleWebKit/537.36 (KHTML, like Gecko) Edge/95.0.0.0 Safari/537.36"
195.123.216.134 - - [15/Mar/2026:23:27:15 +0545] "POST /xmlrpc.php HTTP/1.1" 200 3627 "-" "Mozilla/5.0 (Windows NT 10.0; Win64; x64) AppleWebKit/537.36 (KHTML, like Gecko) Chrome/124.0.6367.207 Safari/537.36"
2a01:4f9:5a:1745::2 - - [15/Mar/2026:23:28:13 +0545] "POST /wp-cron.php?doing_wp_cron=1773596592.8203570842742919921875 HTTP/1.1" 200 0 "-" "WordPress/6.9.4; https://www.betterchitwan.com"
195.123.216.134 - - [15/Mar/2026:23:28:13 +0545] "POST /xmlrpc.php HTTP/1.1" 200 4348 "-" "Mozilla/5.0 (Macintosh; Intel Mac OS X 13_5) AppleWebKit/605.1.15 (KHTML, like Gecko) Version/17.5 Safari/605.1.15"
195.123.216.134 - - [15/Mar/2026:23:28:23 +0545] "GET /wp-login.php HTTP/1.1" 200 974 "-" "Mozilla/5.0 (Windows NT 10.0; Win64; x64; rv:127.0) Gecko/20100101 Firefox/127.0"
195.123.216.134 - - [15/Mar/2026:23:28:25 +0545] "POST /xmlrpc.php HTTP/1.1" 200 3302 "-" "Mozilla/5.0 (Windows NT 10.0; Win64; x64; rv:127.0) Gecko/20100101 Firefox/127.0"
195.123.216.134 - - [15/Mar/2026:23:28:31 +0545] "POST /xmlrpc.php HTTP/1.1" 200 106 "-" "Mozilla/5.0 (Windows NT 10.0; Win64; x64; rv:127.0) Gecko/20100101 Firefox/127.0"
2a01:4f9:5a:1745::2 - - [15/Mar/2026:23:28:49 +0545] "POST /wp-cron.php?doing_wp_cron=1773596629.7956829071044921875000 HTTP/1.1" 200 0 "-" "WordPress/6.9.4; https://www.betterchitwan.com"
2a01:4f9:5a:1745::2 - - [15/Mar/2026:23:30:34 +0545] "POST /wp-cron.php?doing_wp_cron=1773596734.5546009540557861328125 HTTP/1.1" 200 0 "-" "WordPress/6.9.4; https://www.betterchitwan.com"
195.225.49.149 - - [15/Mar/2026:23:30:33 +0545] "POST /xmlrpc.php HTTP/1.1" 200 186 "-" "Mozilla/5.0 (Windows NT 6.2; x86) AppleWebKit/537.36 (KHTML, like Gecko) Safari/14.0.0.0 Safari/537.36"
2a01:4f9:5a:1745::2 - - [15/Mar/2026:23:30:35 +0545] "POST /wp-admin/admin-ajax.php?action=async_litespeed&nonce=661b1bd860&litespeed_type=imgoptm HTTP/1.1" 200 5 "-" "WordPress/6.9.4; https://www.betterchitwan.com"
2a01:4f9:5a:1745::2 - - [15/Mar/2026:23:18:51 +0545] "POST /wp-cron.php?doing_wp_cron=1773596031.2724668979644775390625 HTTP/1.1" 200 0 "-" "WordPress/6.9.4; https://www.betterchitwan.com"
114.119.152.60 - - [15/Mar/2026:23:20:23 +0545] "GET /events/category/youth-motivators-club-ymc/day/2024-03-02?ical=1 HTTP/1.1" 404 796 "-" "Mozilla/5.0 (Linux; Android 7.0;) AppleWebKit/537.36 (KHTML, like Gecko) Mobile Safari/537.36 (compatible; PetalBot;+https://webmaster.petalsearch.com/site/petalbot)"
2a01:4f9:5a:1745::2 - - [15/Mar/2026:23:20:50 +0545] "POST /wp-admin/admin-ajax.php?action=async_litespeed&nonce=661b1bd860&litespeed_type=imgoptm HTTP/1.1" 200 5 "-" "WordPress/6.9.4; https://www.betterchitwan.com"
2a01:4f9:5a:1745::2 - - [15/Mar/2026:23:24:06 +0545] "POST /wp-cron.php?doing_wp_cron=1773596346.7628679275512695312500 HTTP/1.1" 200 0 "-" "WordPress/6.9.4; https://www.betterchitwan.com"
195.123.216.134 - - [15/Mar/2026:23:25:50 +0545] "POST /xmlrpc.php HTTP/1.1" 200 108 "-" "Mozilla/5.0 (Windows NT 10.0; Win64; x64; rv:127.0) Gecko/20100101 Firefox/127.0"
2a01:4f9:5a:1745::2 - - [15/Mar/2026:23:26:05 +0545] "POST /wp-admin/admin-ajax.php?action=async_litespeed&nonce=661b1bd860&litespeed_type=imgoptm HTTP/1.1" 200 5 "-" "WordPress/6.9.4; https://www.betterchitwan.com"
195.225.49.149 - - [15/Mar/2026:23:26:32 +0545] "POST /xmlrpc.php HTTP/1.1" 200 186 "-" "Mozilla/5.0 (Windows NT 10.0; arm64) AppleWebKit/537.36 (KHTML, like Gecko) Opera/79.0.0.0 Safari/537.36"
2a01:4f9:5a:1745::2 - - [15/Mar/2026:23:28:13 +0545] "POST /wp-admin/admin-ajax.php?action=async_litespeed&nonce=661b1bd860&litespeed_type=imgoptm HTTP/1.1" 200 5 "-" "WordPress/6.9.4; https://www.betterchitwan.com"
2a01:4f9:5a:1745::2 - - [15/Mar/2026:23:29:32 +0545] "POST /wp-cron.php?doing_wp_cron=1773596672.0149109363555908203125 HTTP/1.1" 200 0 "-" "WordPress/6.9.4; https://www.betterchitwan.com"
114.119.145.188 - - [15/Mar/2026:23:14:52 +0545] "GET /events/category/youth-motivators-club-ymc/day/2025-02-14/ HTTP/1.1" 404 796 "https://www.betterchitwan.com/events/category/youth-motivators-club-ymc/list/?tribe-bar-date=2025-02-14" "Mozilla/5.0 (Linux; Android 7.0;) AppleWebKit/537.36 (KHTML, like Gecko) Mobile Safari/537.36 (compatible; PetalBot;+https://webmaster.petalsearch.com/site/petalbot)"
2a01:4f9:5a:1745::2 - - [15/Mar/2026:23:15:13 +0545] "POST /wp-cron.php?doing_wp_cron=1773595813.5277049541473388671875 HTTP/1.1" 200 0 "-" "WordPress/6.9.4; https://www.betterchitwan.com"
195.225.49.149 - - [15/Mar/2026:23:15:12 +0545] "POST /xmlrpc.php HTTP/1.1" 200 186 "-" "Mozilla/5.0 (Windows NT 10.0; x86) AppleWebKit/537.36 (KHTML, like Gecko) Opera/60.0.0.0 Safari/537.36"
114.119.128.196 - - [15/Mar/2026:23:16:30 +0545] "GET /events/category/youth-motivators-club-ymc/day/2024-12-26/ HTTP/1.1" 404 796 "https://www.betterchitwan.com/events/category/youth-motivators-club-ymc/day/2024-12-26/" "Mozilla/5.0 (Linux; Android 7.0;) AppleWebKit/537.36 (KHTML, like Gecko) Mobile Safari/537.36 (compatible; PetalBot;+https://webmaster.petalsearch.com/site/petalbot)"
195.225.49.149 - - [15/Mar/2026:23:18:50 +0545] "POST /xmlrpc.php HTTP/1.1" 200 186 "-" "Mozilla/5.0 (Macintosh; Intel Mac OS X 10_15_7; arm64) AppleWebKit/537.36 (KHTML, like Gecko) Firefox/98.0.0.0 Safari/537.36"
192.178.6.67 - - [15/Mar/2026:23:19:18 +0545] "GET /events/category/better-environment/list/?tribe-bar-date=2023-10-15&eventDisplay=past HTTP/1.1" 404 796 "-" "Mozilla/5.0 (Linux; Android 6.0.1; Nexus 5X Build/MMB29P) AppleWebKit/537.36 (KHTML, like Gecko) Chrome/145.0.7632.116 Mobile Safari/537.36 (compatible; Googlebot/2.1; +http://www.google.com/bot.html)"
