114.119.152.60 - - [16/Mar/2026:03:51:03 +0545] "GET /events/category/youth-motivators-club-ymc/list/?tribe-bar-date=2024-06-02&outlook-ical=1 HTTP/1.1" 404 796 "https://www.betterchitwan.com/events/category/youth-motivators-club-ymc/list/?tribe-bar-date=2024-06-02" "Mozilla/5.0 (Linux; Android 7.0;) AppleWebKit/537.36 (KHTML, like Gecko) Mobile Safari/537.36 (compatible; PetalBot;+https://webmaster.petalsearch.com/site/petalbot)"
114.119.136.5 - - [16/Mar/2026:03:51:51 +0545] "GET /events/category/youth-motivators-club-ymc/list/?tribe-bar-date=2024-03-03 HTTP/1.1" 404 796 "https://www.betterchitwan.com/events/category/youth-motivators-club-ymc/list/?tribe-bar-date=2024-03-03&eventDisplay=past" "Mozilla/5.0 (Linux; Android 7.0;) AppleWebKit/537.36 (KHTML, like Gecko) Mobile Safari/537.36 (compatible; PetalBot;+https://webmaster.petalsearch.com/site/petalbot)"
94.23.188.208 - - [16/Mar/2026:03:52:35 +0545] "GET /page/2/?post_type=tribe_events&eventDisplay=day&eventDate=2025-07-09 HTTP/1.1" 404 796 "-" "Mozilla/5.0 (compatible; AhrefsBot/7.0; +http://ahrefs.com/robot/)"
114.119.146.77 - - [16/Mar/2026:03:57:37 +0545] "GET /events/category/youth-motivators-club-ymc/day/2025-02-24 HTTP/1.1" 404 796 "-" "Mozilla/5.0 (Linux; Android 7.0;) AppleWebKit/537.36 (KHTML, like Gecko) Mobile Safari/537.36 (compatible; PetalBot;+https://webmaster.petalsearch.com/site/petalbot)"
170.247.222.179 - - [16/Mar/2026:03:45:02 +0545] "POST /wp-login.php HTTP/1.1" 200 974 "-" "Mozilla/5.0 (Windows NT 10.0; Win64; x64) AppleWebKit/537.36 (KHTML, like Gecko) Chrome/91.0.4472.124 Safari/537.36"
170.247.222.179 - - [16/Mar/2026:03:45:14 +0545] "GET / HTTP/1.1" 200 26973 "-" "python-requests/2.32.3"
170.247.222.179 - better.sdtech [16/Mar/2026:03:45:23 +0545] "GET /wp-json/wp/v2/posts?sticky=true&per_page=1 HTTP/1.1" 404 796 "-" "python-requests/2.32.3"
114.119.136.5 - - [16/Mar/2026:03:46:50 +0545] "GET /events/category/youth-motivators-club-ymc/list/?tribe-bar-date=2025-03-06&outlook-ical=1 HTTP/1.1" 404 796 "https://www.betterchitwan.com/events/category/youth-motivators-club-ymc/list/?tribe-bar-date=2025-03-06" "Mozilla/5.0 (Linux; Android 7.0;) AppleWebKit/537.36 (KHTML, like Gecko) Mobile Safari/537.36 (compatible; PetalBot;+https://webmaster.petalsearch.com/site/petalbot)"
24.157.184.65 - - [16/Mar/2026:03:48:46 +0545] "POST /xmlrpc.php HTTP/1.1" 200 186 "-" "Mozilla/5.0 (Linux; Android 10; arm64) AppleWebKit/537.36 (KHTML, like Gecko) Firefox/93.0.0.0 Safari/537.36"
24.157.184.65 - - [16/Mar/2026:03:49:47 +0545] "POST /xmlrpc.php HTTP/1.1" 200 186 "-" "Mozilla/5.0 (Windows NT 6.3; x64) AppleWebKit/537.36 (KHTML, like Gecko) Edge/86.0.0.0 Safari/537.36"
114.119.131.235 - - [16/Mar/2026:03:49:57 +0545] "GET /events/category/youth-motivators-club-ymc/list/?tribe-bar-date=2024-10-09&eventDisplay=past&ical=1 HTTP/1.1" 404 796 "https://www.betterchitwan.com/events/category/youth-motivators-club-ymc/list/?tribe-bar-date=2024-10-09&eventDisplay=past" "Mozilla/5.0 (Linux; Android 7.0;) AppleWebKit/537.36 (KHTML, like Gecko) Mobile Safari/537.36 (compatible; PetalBot;+https://webmaster.petalsearch.com/site/petalbot)"
2a01:4f9:5a:1745::2 - - [16/Mar/2026:03:50:50 +0545] "POST /wp-admin/admin-ajax.php?action=async_litespeed&nonce=661b1bd860&litespeed_type=imgoptm HTTP/1.1" 200 5 "-" "WordPress/6.9.4; https://www.betterchitwan.com"
2a01:4f9:5a:1745::2 - - [16/Mar/2026:03:51:48 +0545] "POST /wp-admin/admin-ajax.php?action=async_litespeed&nonce=661b1bd860&litespeed_type=imgoptm HTTP/1.1" 200 5 "-" "WordPress/6.9.4; https://www.betterchitwan.com"
24.157.184.65 - - [16/Mar/2026:03:53:47 +0545] "POST /xmlrpc.php HTTP/1.1" 200 186 "-" "Mozilla/5.0 (Macintosh; Intel Mac OS X 10_15_7; x86) AppleWebKit/537.36 (KHTML, like Gecko) Safari/15.0.0.0 Safari/537.36"
185.192.70.13 - - [16/Mar/2026:03:57:09 +0545] "POST /xmlrpc.php HTTP/1.1" 200 108 "-" "Mozilla/5.0 (X11; Linux x86_64) AppleWebKit/537.36 (KHTML, like Gecko) Chrome/81.0.4044.129 Safari/537.36"
169.224.58.74 - - [16/Mar/2026:03:57:15 +0545] "GET /see-all-campaigns/ HTTP/1.1" 404 796 "-" "Mozilla/5.0 (iPad; CPU iPad OS 17_1_2 like Mac OS X) AppleWebKit/533.0 (KHTML, like Gecko) FxiOS/13.3p4119.0 Mobile/37F707 Safari/533.0"
24.157.184.65 - - [16/Mar/2026:03:57:46 +0545] "POST /xmlrpc.php HTTP/1.1" 200 186 "-" "Mozilla/5.0 (Macintosh; Intel Mac OS X 10_15_7; arm64) AppleWebKit/537.36 (KHTML, like Gecko) Chrome/115.0.0.0 Safari/537.36"
2a01:4f9:5a:1745::2 - - [16/Mar/2026:03:44:49 +0545] "POST /wp-admin/admin-ajax.php?action=async_litespeed&nonce=661b1bd860&litespeed_type=imgoptm HTTP/1.1" 200 5 "-" "WordPress/6.9.4; https://www.betterchitwan.com"
2a01:4f9:5a:1745::2 - - [16/Mar/2026:03:45:13 +0545] "POST /wp-admin/admin-ajax.php?action=async_litespeed&nonce=661b1bd860&litespeed_type=imgoptm HTTP/1.1" 200 5 "-" "WordPress/6.9.4; https://www.betterchitwan.com"
24.157.184.65 - - [16/Mar/2026:03:46:46 +0545] "POST /xmlrpc.php HTTP/1.1" 200 186 "-" "Mozilla/5.0 (Windows NT 6.3; x64) AppleWebKit/537.36 (KHTML, like Gecko) Chrome/102.0.0.0 Safari/537.36"
2a01:4f9:5a:1745::2 - - [16/Mar/2026:03:47:49 +0545] "POST /wp-admin/admin-ajax.php?action=async_litespeed&nonce=661b1bd860&litespeed_type=imgoptm HTTP/1.1" 200 5 "-" "WordPress/6.9.4; https://www.betterchitwan.com"
24.157.184.65 - - [16/Mar/2026:03:50:49 +0545] "POST /xmlrpc.php HTTP/1.1" 200 186 "-" "Mozilla/5.0 (Macintosh; Intel Mac OS X 10_15_7; arm64) AppleWebKit/537.36 (KHTML, like Gecko) Edge/82.0.0.0 Safari/537.36"
24.157.184.65 - - [16/Mar/2026:03:51:46 +0545] "POST /xmlrpc.php HTTP/1.1" 200 186 "-" "Mozilla/5.0 (Windows NT 6.2; x86) AppleWebKit/537.36 (KHTML, like Gecko) Chrome/97.0.0.0 Safari/537.36"
2a01:4f9:5a:1745::2 - - [16/Mar/2026:03:56:48 +0545] "POST /wp-admin/admin-ajax.php?action=async_litespeed&nonce=661b1bd860&litespeed_type=imgoptm HTTP/1.1" 200 5 "-" "WordPress/6.9.4; https://www.betterchitwan.com"
2a01:4f9:5a:1745::2 - - [16/Mar/2026:03:57:12 +0545] "POST /wp-admin/admin-ajax.php?action=async_litespeed&nonce=661b1bd860&litespeed_type=imgoptm HTTP/1.1" 200 5 "-" "WordPress/6.9.4; https://www.betterchitwan.com"
2a01:4f9:5a:1745::2 - - [16/Mar/2026:03:57:15 +0545] "GET /wp-content/uploads/2019/11/divider.svg HTTP/1.1" 404 796 "-" "-"
24.157.184.65 - - [16/Mar/2026:03:58:47 +0545] "POST /xmlrpc.php HTTP/1.1" 200 186 "-" "Mozilla/5.0 (Windows NT 6.3; x86) AppleWebKit/537.36 (KHTML, like Gecko) Firefox/81.0.0.0 Safari/537.36"
2a01:4f9:5a:1745::2 - - [16/Mar/2026:03:59:48 +0545] "POST /wp-cron.php?doing_wp_cron=1773612888.6241168975830078125000 HTTP/1.1" 200 0 "-" "WordPress/6.9.4; https://www.betterchitwan.com"
24.157.184.65 - - [16/Mar/2026:03:59:48 +0545] "POST /xmlrpc.php HTTP/1.1" 200 186 "-" "Mozilla/5.0 (Linux; Android 10; x64) AppleWebKit/537.36 (KHTML, like Gecko) Opera/77.0.0.0 Safari/537.36"
114.119.129.33 - - [16/Mar/2026:03:59:28 +0545] "GET /events/category/youth-motivators-club-ymc/day/2025-02-22/?outlook-ical=1 HTTP/1.1" 404 796 "https://www.betterchitwan.com/events/category/youth-motivators-club-ymc/day/2025-02-22/" "Mozilla/5.0 (Linux; Android 7.0;) AppleWebKit/537.36 (KHTML, like Gecko) Mobile Safari/537.36 (compatible; PetalBot;+https://webmaster.petalsearch.com/site/petalbot)"
2a01:4f9:5a:1745::2 - - [16/Mar/2026:03:59:49 +0545] "POST /wp-admin/admin-ajax.php?action=async_litespeed&nonce=661b1bd860&litespeed_type=imgoptm HTTP/1.1" 200 5 "-" "WordPress/6.9.4; https://www.betterchitwan.com"
2a01:4f9:5a:1745::2 - - [16/Mar/2026:04:00:01 +0545] "POST /wp-admin/admin-ajax.php?action=async_litespeed&nonce=661b1bd860&litespeed_type=imgoptm HTTP/1.1" 200 5 "-" "WordPress/6.9.4; https://www.betterchitwan.com"
45.227.255.31 - - [16/Mar/2026:04:00:00 +0545] "GET /xmlrpc.php HTTP/1.1" 405 46 "http://www.betterchitwan.com/xmlrpc.php" "Mozilla/5.0 (Windows NT 10.0; Win64; x64) AppleWebKit/537.36 (KHTML, like Gecko) Chrome/138.0.0.0 Safari/537.36"
185.192.70.251 - - [16/Mar/2026:04:00:11 +0545] "POST /xmlrpc.php HTTP/1.1" 200 3130 "-" "Mozilla/5.0 (Macintosh; Intel Mac OS X 10_15_7) AppleWebKit/537.36 (KHTML, like Gecko) Chrome/131.0.0.0 Safari/537.36"
2a01:4f9:5a:1745::2 - - [16/Mar/2026:04:00:48 +0545] "POST /wp-cron.php?doing_wp_cron=1773612948.5386810302734375000000 HTTP/1.1" 200 0 "-" "WordPress/6.9.4; https://www.betterchitwan.com"
216.244.66.231 - - [16/Mar/2026:03:59:30 +0545] "GET /events/tag/youwa-bich-yuwa/day/2024-06-01/?outlook-ical=1 HTTP/1.1" 404 796 "-" "Mozilla/5.0 (compatible; DotBot/1.2; +https://opensiteexplorer.org/dotbot; help@moz.com)"
2a01:4f9:5a:1745::2 - - [16/Mar/2026:04:00:14 +0545] "POST /wp-cron.php?doing_wp_cron=1773612913.9295580387115478515625 HTTP/1.1" 200 0 "-" "WordPress/6.9.4; https://www.betterchitwan.com"
24.157.184.65 - - [16/Mar/2026:04:00:47 +0545] "POST /xmlrpc.php HTTP/1.1" 200 186 "-" "Mozilla/5.0 (X11; Ubuntu; Linux x86_64; x86) AppleWebKit/537.36 (KHTML, like Gecko) Chrome/111.0.0.0 Safari/537.36"
51.75.236.141 - - [16/Mar/2026:03:58:23 +0545] "GET /.lsrecap/recaptcha?tribe-bar-date=2024-12-22&eventDisplay=past HTTP/1.1" 404 796 "-" "Mozilla/5.0 (compatible; AhrefsBot/7.0; +http://ahrefs.com/robot/)"
216.244.66.231 - - [16/Mar/2026:03:59:36 +0545] "GET /events/tag/youwa-bich-yuwa/day/2025-07-01/?outlook-ical=1 HTTP/1.1" 404 796 "-" "Mozilla/5.0 (compatible; DotBot/1.2; +https://opensiteexplorer.org/dotbot; help@moz.com)"
45.227.255.31 - - [16/Mar/2026:04:00:05 +0545] "POST /xmlrpc.php HTTP/1.1" 200 186 "-" "Mozilla/5.0 (Macintosh; Intel Mac OS X 10_15_7) AppleWebKit/605.1.15 (KHTML, like Gecko) Version/17.5 Safari/605.1.15"
185.192.70.246 - - [16/Mar/2026:04:00:14 +0545] "POST /xmlrpc.php HTTP/1.1" 200 3152 "-" "Mozilla/5.0 (Macintosh; Intel Mac OS X 10_15_7) AppleWebKit/537.36 (KHTML, like Gecko) Chrome/131.0.0.0 Safari/537.36"
114.119.138.172 - - [16/Mar/2026:04:01:07 +0545] "GET /events/category/youth-motivators-club-ymc/day/2024-10-30/?ical=1 HTTP/1.1" 404 796 "https://www.betterchitwan.com/events/category/youth-motivators-club-ymc/day/2024-10-30/" "Mozilla/5.0 (Linux; Android 7.0;) AppleWebKit/537.36 (KHTML, like Gecko) Mobile Safari/537.36 (compatible; PetalBot;+https://webmaster.petalsearch.com/site/petalbot)"
2a01:4f9:5a:1745::2 - - [16/Mar/2026:04:00:00 +0545] "POST /wp-cron.php?doing_wp_cron=1773612900.6564071178436279296875 HTTP/1.1" 200 0 "-" "WordPress/6.9.4; https://www.betterchitwan.com"
45.227.255.31 - - [16/Mar/2026:04:00:04 +0545] "POST /xmlrpc.php HTTP/1.1" 200 643 "-" "Mozilla/5.0 (Windows NT 10.0; Win64; x64) AppleWebKit/537.36 (KHTML, like Gecko) Chrome/138.0.0.0 Safari/537.36 Edg/138.0.0.0"
185.192.70.245 - - [16/Mar/2026:04:00:13 +0545] "POST /xmlrpc.php HTTP/1.1" 200 109 "-" "Mozilla/5.0 (Macintosh; Intel Mac OS X 10_15_7) AppleWebKit/537.36 (KHTML, like Gecko) Chrome/131.0.0.0 Safari/537.36"
2a01:4f9:5a:1745::2 - - [16/Mar/2026:04:00:03 +0545] "GET /wp-content/uploads/2019/11/divider.svg HTTP/1.1" 404 796 "-" "-"
45.227.255.31 - - [16/Mar/2026:04:00:00 +0545] "GET / HTTP/1.1" 200 27007 "http://www.betterchitwan.com/" "Mozilla/5.0 (X11; Linux x86_64) AppleWebKit/537.36 (KHTML, like Gecko) Chrome/138.0.0.0 Safari/537.36"
2a01:4f9:5a:1745::2 - - [16/Mar/2026:03:58:47 +0545] "POST /wp-cron.php?doing_wp_cron=1773612827.7175009250640869140625 HTTP/1.1" 200 0 "-" "WordPress/6.9.4; https://www.betterchitwan.com"
2a01:4f9:5a:1745::2 - - [16/Mar/2026:03:58:48 +0545] "POST /wp-admin/admin-ajax.php?action=async_litespeed&nonce=661b1bd860&litespeed_type=imgoptm HTTP/1.1" 200 5 "-" "WordPress/6.9.4; https://www.betterchitwan.com"
2a01:4f9:5a:1745::2 - - [16/Mar/2026:04:07:48 +0545] "POST /wp-admin/admin-ajax.php?action=async_litespeed&nonce=661b1bd860&litespeed_type=imgoptm HTTP/1.1" 200 5 "-" "WordPress/6.9.4; https://www.betterchitwan.com"
51.75.236.147 - - [16/Mar/2026:04:10:26 +0545] "GET /.lsrecap/recaptcha?tribe-bar-date=2030-07-18&outlook-ical=1 HTTP/1.1" 404 796 "-" "Mozilla/5.0 (compatible; AhrefsBot/7.0; +http://ahrefs.com/robot/)"
2a01:4f9:5a:1745::2 - - [16/Mar/2026:04:10:48 +0545] "POST /wp-admin/admin-ajax.php?action=async_litespeed&nonce=661b1bd860&litespeed_type=imgoptm HTTP/1.1" 200 5 "-" "WordPress/6.9.4; https://www.betterchitwan.com"
2a01:4f9:5a:1745::2 - - [16/Mar/2026:04:12:11 +0545] "POST /wp-cron.php?doing_wp_cron=1773613631.0323619842529296875000 HTTP/1.1" 200 0 "-" "WordPress/6.9.4; https://www.betterchitwan.com"
114.119.146.77 - - [16/Mar/2026:04:12:19 +0545] "GET /events/category/wow-women/list/?tribe-bar-date=2024-10-22&eventDisplay=past&ical=1 HTTP/1.1" 404 796 "https://www.betterchitwan.com/events/category/wow-women/list/?tribe-bar-date=2024-10-22&eventDisplay=past" "Mozilla/5.0 (Linux; Android 7.0;) AppleWebKit/537.36 (KHTML, like Gecko) Mobile Safari/537.36 (compatible; PetalBot;+https://webmaster.petalsearch.com/site/petalbot)"
114.119.131.235 - - [16/Mar/2026:04:14:25 +0545] "GET /events/category/wow-women/list/?tribe-bar-date=2024-10-06&eventDisplay=past&ical=1 HTTP/1.1" 404 796 "https://www.betterchitwan.com/events/category/wow-women/list/?tribe-bar-date=2024-10-06&eventDisplay=past" "Mozilla/5.0 (Linux; Android 7.0;) AppleWebKit/537.36 (KHTML, like Gecko) Mobile Safari/537.36 (compatible; PetalBot;+https://webmaster.petalsearch.com/site/petalbot)"
2a01:4f9:5a:1745::2 - - [16/Mar/2026:04:02:49 +0545] "POST /wp-cron.php?doing_wp_cron=1773613069.1427791118621826171875 HTTP/1.1" 200 0 "-" "WordPress/6.9.4; https://www.betterchitwan.com"
24.157.184.65 - - [16/Mar/2026:04:02:48 +0545] "POST /xmlrpc.php HTTP/1.1" 200 186 "-" "Mozilla/5.0 (Windows NT 6.2; x64) AppleWebKit/537.36 (KHTML, like Gecko) Firefox/76.0.0.0 Safari/537.36"
2a01:4f9:5a:1745::2 - - [16/Mar/2026:04:03:48 +0545] "POST /wp-cron.php?doing_wp_cron=1773613127.9286730289459228515625 HTTP/1.1" 200 0 "-" "WordPress/6.9.4; https://www.betterchitwan.com"
114.119.128.196 - - [16/Mar/2026:04:06:03 +0545] "GET /events/category/wow-women/list?tribe-bar-date=2024-12-04&ical=1 HTTP/1.1" 404 796 "-" "Mozilla/5.0 (Linux; Android 7.0;) AppleWebKit/537.36 (KHTML, like Gecko) Mobile Safari/537.36 (compatible; PetalBot;+https://webmaster.petalsearch.com/site/petalbot)"
114.119.146.77 - - [16/Mar/2026:04:07:27 +0545] "GET /events/category/wow-women/list?tribe-bar-date=2024-08-27&outlook-ical=1 HTTP/1.1" 404 796 "-" "Mozilla/5.0 (Linux; Android 7.0;) AppleWebKit/537.36 (KHTML, like Gecko) Mobile Safari/537.36 (compatible; PetalBot;+https://webmaster.petalsearch.com/site/petalbot)"
216.244.66.231 - - [16/Mar/2026:04:08:42 +0545] "GET /events/tag/youwa-bich-yuwa/list/?tribe-bar-date=2025-06-01&outlook-ical=1 HTTP/1.1" 404 796 "-" "Mozilla/5.0 (compatible; DotBot/1.2; +https://opensiteexplorer.org/dotbot; help@moz.com)"
2a01:4f9:5a:1745::2 - - [16/Mar/2026:04:08:50 +0545] "POST /wp-admin/admin-ajax.php?action=async_litespeed&nonce=661b1bd860&litespeed_type=imgoptm HTTP/1.1" 200 5 "-" "WordPress/6.9.4; https://www.betterchitwan.com"
24.157.184.65 - - [16/Mar/2026:04:15:46 +0545] "POST /xmlrpc.php HTTP/1.1" 200 186 "-" "Mozilla/5.0 (Linux; Android 10; x64) AppleWebKit/537.36 (KHTML, like Gecko) Opera/63.0.0.0 Safari/537.36"
2a01:4f9:5a:1745::2 - - [16/Mar/2026:04:15:47 +0545] "POST /wp-admin/admin-ajax.php?action=async_litespeed&nonce=661b1bd860&litespeed_type=imgoptm HTTP/1.1" 200 5 "-" "WordPress/6.9.4; https://www.betterchitwan.com"
24.157.184.65 - - [16/Mar/2026:04:03:47 +0545] "POST /xmlrpc.php HTTP/1.1" 200 186 "-" "Mozilla/5.0 (Windows NT 10.0; x86) AppleWebKit/537.36 (KHTML, like Gecko) Edge/84.0.0.0 Safari/537.36"
2a01:4f9:5a:1745::2 - - [16/Mar/2026:04:05:51 +0545] "POST /wp-cron.php?doing_wp_cron=1773613251.5347430706024169921875 HTTP/1.1" 200 0 "-" "WordPress/6.9.4; https://www.betterchitwan.com"
24.157.184.65 - - [16/Mar/2026:04:07:46 +0545] "POST /xmlrpc.php HTTP/1.1" 200 186 "-" "Mozilla/5.0 (Windows NT 10.0; x86) AppleWebKit/537.36 (KHTML, like Gecko) Safari/14.0.0.0 Safari/537.36"
24.157.184.65 - - [16/Mar/2026:04:09:47 +0545] "POST /xmlrpc.php HTTP/1.1" 200 186 "-" "Mozilla/5.0 (Windows NT 6.3; arm64) AppleWebKit/537.36 (KHTML, like Gecko) Edge/100.0.0.0 Safari/537.36"
24.157.184.65 - - [16/Mar/2026:04:11:46 +0545] "POST /xmlrpc.php HTTP/1.1" 200 186 "-" "Mozilla/5.0 (Linux; Android 10; arm64) AppleWebKit/537.36 (KHTML, like Gecko) Edge/82.0.0.0 Safari/537.36"
2a01:4f9:5a:1745::2 - - [16/Mar/2026:04:11:47 +0545] "POST /wp-admin/admin-ajax.php?action=async_litespeed&nonce=661b1bd860&litespeed_type=imgoptm HTTP/1.1" 200 5 "-" "WordPress/6.9.4; https://www.betterchitwan.com"
2a01:4f9:5a:1745::2 - - [16/Mar/2026:04:12:47 +0545] "POST /wp-cron.php?doing_wp_cron=1773613667.4454979896545410156250 HTTP/1.1" 200 0 "-" "WordPress/6.9.4; https://www.betterchitwan.com"
2a01:4f9:5a:1745::2 - - [16/Mar/2026:04:13:49 +0545] "POST /wp-cron.php?doing_wp_cron=1773613729.6151490211486816406250 HTTP/1.1" 200 0 "-" "WordPress/6.9.4; https://www.betterchitwan.com"
114.119.138.172 - - [16/Mar/2026:04:15:46 +0545] "GET /events/category/wow-women/list/?tribe-bar-date=2024-09-18&eventDisplay=past HTTP/1.1" 404 796 "https://www.betterchitwan.com/events/category/wow-women/list/?tribe-bar-date=2024-09-18&eventDisplay=past" "Mozilla/5.0 (Linux; Android 7.0;) AppleWebKit/537.36 (KHTML, like Gecko) Mobile Safari/537.36 (compatible; PetalBot;+https://webmaster.petalsearch.com/site/petalbot)"
24.157.184.65 - - [16/Mar/2026:04:01:46 +0545] "POST /xmlrpc.php HTTP/1.1" 200 186 "-" "Mozilla/5.0 (Linux; Android 10; x64) AppleWebKit/537.36 (KHTML, like Gecko) Opera/66.0.0.0 Safari/537.36"
2a01:4f9:5a:1745::2 - - [16/Mar/2026:04:02:49 +0545] "POST /wp-admin/admin-ajax.php?action=async_litespeed&nonce=661b1bd860&litespeed_type=imgoptm HTTP/1.1" 200 5 "-" "WordPress/6.9.4; https://www.betterchitwan.com"
2a01:4f9:5a:1745::2 - - [16/Mar/2026:04:04:48 +0545] "POST /wp-cron.php?doing_wp_cron=1773613188.3158190250396728515625 HTTP/1.1" 200 0 "-" "WordPress/6.9.4; https://www.betterchitwan.com"
2a01:4f9:5a:1745::2 - - [16/Mar/2026:04:05:52 +0545] "POST /wp-admin/admin-ajax.php?action=async_litespeed&nonce=661b1bd860&litespeed_type=imgoptm HTTP/1.1" 200 5 "-" "WordPress/6.9.4; https://www.betterchitwan.com"
2a01:4f9:5a:1745::2 - - [16/Mar/2026:04:07:47 +0545] "POST /wp-cron.php?doing_wp_cron=1773613367.5961349010467529296875 HTTP/1.1" 200 0 "-" "WordPress/6.9.4; https://www.betterchitwan.com"
2a01:4f9:5a:1745::2 - - [16/Mar/2026:04:08:50 +0545] "POST /wp-cron.php?doing_wp_cron=1773613429.9583990573883056640625 HTTP/1.1" 200 0 "-" "WordPress/6.9.4; https://www.betterchitwan.com"
114.119.152.60 - - [16/Mar/2026:04:01:57 +0545] "GET /events/category/youth-motivators-club-ymc/day/2024-04-01 HTTP/1.1" 404 796 "-" "Mozilla/5.0 (Linux; Android 7.0;) AppleWebKit/537.36 (KHTML, like Gecko) Mobile Safari/537.36 (compatible; PetalBot;+https://webmaster.petalsearch.com/site/petalbot)"
2a01:4f9:5a:1745::2 - - [16/Mar/2026:04:03:48 +0545] "POST /wp-admin/admin-ajax.php?action=async_litespeed&nonce=661b1bd860&litespeed_type=imgoptm HTTP/1.1" 200 5 "-" "WordPress/6.9.4; https://www.betterchitwan.com"
2a01:4f9:5a:1745::2 - - [16/Mar/2026:04:04:49 +0545] "POST /wp-admin/admin-ajax.php?action=async_litespeed&nonce=661b1bd860&litespeed_type=imgoptm HTTP/1.1" 200 5 "-" "WordPress/6.9.4; https://www.betterchitwan.com"
114.119.145.188 - - [16/Mar/2026:04:08:47 +0545] "GET /events/category/wow-women/list/?tribe-bar-date=2024-11-08&eventDisplay=past HTTP/1.1" 404 796 "https://www.betterchitwan.com/events/category/wow-women/list/?tribe-bar-date=2024-11-08&eventDisplay=past" "Mozilla/5.0 (Linux; Android 7.0;) AppleWebKit/537.36 (KHTML, like Gecko) Mobile Safari/537.36 (compatible; PetalBot;+https://webmaster.petalsearch.com/site/petalbot)"
23.22.5.66 - - [16/Mar/2026:04:10:00 +0545] "GET /celebrating-%25F0%259D%2597%25A2%25F0%259D%2597%25A1%25F0%259D%2597%2598-year-without-%25F0%259D%2597%25A6%25F0%259D%2597%25B6%25F0%259D%2597%25BB%25F0%259D%2597%25B4%25F0%259D%2597%25B9%25F0%259D%2597%25B2-%25F0%259D%2597%25A8%25F0%259D%2598%2580%25F0%259D%2597%25B2-%25F0%259D%2597%25A3%25F0%259D%2597%25B9/ HTTP/1.1" 404 796 "-" "Grammarly/1.0 (http://www.grammarly.com)"
2a01:4f9:5a:1745::2 - - [16/Mar/2026:04:11:46 +0545] "POST /wp-cron.php?doing_wp_cron=1773613606.7566199302673339843750 HTTP/1.1" 200 0 "-" "WordPress/6.9.4; https://www.betterchitwan.com"
45.141.233.210 - - [16/Mar/2026:04:12:11 +0545] "GET /wp-login.php?redirect_to=https%3A%2F%2Fbetterchitwan.com%2Fwp-admin%2F&reauth=1 HTTP/1.1" 200 1049 "https://www.facebook.com/" "Mozilla/5.0 (Macintosh; Intel Mac OS X 10_15_7) AppleWebKit/605.1.15 (KHTML, like Gecko) Version/17.0 Safari/605.1.15"
24.157.184.65 - - [16/Mar/2026:04:12:46 +0545] "POST /xmlrpc.php HTTP/1.1" 200 186 "-" "Mozilla/5.0 (Macintosh; Intel Mac OS X 10_15_7; arm64) AppleWebKit/537.36 (KHTML, like Gecko) Opera/73.0.0.0 Safari/537.36"
2a01:4f9:5a:1745::2 - - [16/Mar/2026:04:01:47 +0545] "POST /wp-cron.php?doing_wp_cron=1773613007.4826669692993164062500 HTTP/1.1" 200 0 "-" "WordPress/6.9.4; https://www.betterchitwan.com"
2a01:4f9:5a:1745::2 - - [16/Mar/2026:04:01:48 +0545] "POST /wp-admin/admin-ajax.php?action=async_litespeed&nonce=661b1bd860&litespeed_type=imgoptm HTTP/1.1" 200 5 "-" "WordPress/6.9.4; https://www.betterchitwan.com"
24.157.184.65 - - [16/Mar/2026:04:04:47 +0545] "POST /xmlrpc.php HTTP/1.1" 200 186 "-" "Mozilla/5.0 (Macintosh; Intel Mac OS X 10_15_7; arm64) AppleWebKit/537.36 (KHTML, like Gecko) Firefox/98.0.0.0 Safari/537.36"
24.157.184.65 - - [16/Mar/2026:04:08:49 +0545] "POST /xmlrpc.php HTTP/1.1" 200 186 "-" "Mozilla/5.0 (Windows NT 6.2; arm64) AppleWebKit/537.36 (KHTML, like Gecko) Firefox/80.0.0.0 Safari/537.36"
2a01:4f9:5a:1745::2 - - [16/Mar/2026:04:10:47 +0545] "POST /wp-cron.php?doing_wp_cron=1773613547.7591490745544433593750 HTTP/1.1" 200 0 "-" "WordPress/6.9.4; https://www.betterchitwan.com"
45.141.233.210 - - [16/Mar/2026:04:12:10 +0545] "GET /wp-admin/ HTTP/1.1" 302 0 "https://www.facebook.com/" "Mozilla/5.0 (Macintosh; Intel Mac OS X 10_15_7) AppleWebKit/605.1.15 (KHTML, like Gecko) Version/17.0 Safari/605.1.15"
14.170.186.227 - - [16/Mar/2026:04:16:07 +0545] "GET /comments/feed/ HTTP/1.1" 404 796 "-" "Mozilla/5.0 (X11; Linux x86_64) AppleWebKit/533.0 (KHTML, like Gecko) Chrome/28.0.891.0 Safari/533.0"
114.119.138.172 - - [16/Mar/2026:04:17:22 +0545] "GET /events/category/wow-women/list/?tribe-bar-date=2024-08-12&eventDisplay=past HTTP/1.1" 404 796 "https://www.betterchitwan.com/events/category/wow-women/list/?tribe-bar-date=2024-08-12" "Mozilla/5.0 (Linux; Android 7.0;) AppleWebKit/537.36 (KHTML, like Gecko) Mobile Safari/537.36 (compatible; PetalBot;+https://webmaster.petalsearch.com/site/petalbot)"
2a01:4f9:5a:1745::2 - - [16/Mar/2026:04:06:47 +0545] "POST /wp-admin/admin-ajax.php?action=async_litespeed&nonce=661b1bd860&litespeed_type=imgoptm HTTP/1.1" 200 5 "-" "WordPress/6.9.4; https://www.betterchitwan.com"
45.141.233.210 - - [16/Mar/2026:04:12:05 +0545] "GET /wp-login.php HTTP/1.1" 200 974 "https://t.co/" "Mozilla/5.0 (X11; Ubuntu; Linux x86_64) AppleWebKit/537.36 (KHTML, like Gecko) Chrome/119.0.0.0 Safari/537.36"
24.157.184.65 - - [16/Mar/2026:04:13:49 +0545] "POST /xmlrpc.php HTTP/1.1" 200 186 "-" "Mozilla/5.0 (Windows NT 10.0; x86) AppleWebKit/537.36 (KHTML, like Gecko) Edge/90.0.0.0 Safari/537.36"
2a01:4f9:5a:1745::2 - - [16/Mar/2026:04:14:48 +0545] "POST /wp-cron.php?doing_wp_cron=1773613788.6178920269012451171875 HTTP/1.1" 200 0 "-" "WordPress/6.9.4; https://www.betterchitwan.com"
24.157.184.65 - - [16/Mar/2026:04:14:48 +0545] "POST /xmlrpc.php HTTP/1.1" 200 186 "-" "Mozilla/5.0 (Macintosh; Intel Mac OS X 10_15_7; arm64) AppleWebKit/537.36 (KHTML, like Gecko) Edge/94.0.0.0 Safari/537.36"
54.37.118.91 - - [16/Mar/2026:04:15:46 +0545] "GET /.lsrecap/recaptcha?tribe-bar-date=2024-10-27&eventDisplay=past&ical=1 HTTP/1.1" 404 796 "-" "Mozilla/5.0 (compatible; AhrefsBot/7.0; +http://ahrefs.com/robot/)"
2a01:4f9:5a:1745::2 - - [16/Mar/2026:04:15:47 +0545] "POST /wp-cron.php?doing_wp_cron=1773613847.0424990653991699218750 HTTP/1.1" 200 0 "-" "WordPress/6.9.4; https://www.betterchitwan.com"
54.37.118.89 - - [16/Mar/2026:04:04:27 +0545] "GET /.lsrecap/recaptcha?tribe-bar-date=2024-08-25&outlook-ical=1 HTTP/1.1" 404 796 "-" "Mozilla/5.0 (compatible; AhrefsBot/7.0; +http://ahrefs.com/robot/)"
24.157.184.65 - - [16/Mar/2026:04:05:50 +0545] "POST /xmlrpc.php HTTP/1.1" 200 186 "-" "Mozilla/5.0 (Linux; Android 10; arm64) AppleWebKit/537.36 (KHTML, like Gecko) Chrome/89.0.0.0 Safari/537.36"
2a01:4f9:5a:1745::2 - - [16/Mar/2026:04:06:47 +0545] "POST /wp-cron.php?doing_wp_cron=1773613307.0523838996887207031250 HTTP/1.1" 200 0 "-" "WordPress/6.9.4; https://www.betterchitwan.com"
24.157.184.65 - - [16/Mar/2026:04:06:46 +0545] "POST /xmlrpc.php HTTP/1.1" 200 186 "-" "Mozilla/5.0 (X11; Ubuntu; Linux x86_64; arm64) AppleWebKit/537.36 (KHTML, like Gecko) Firefox/75.0.0.0 Safari/537.36"
2a01:4f9:5a:1745::2 - - [16/Mar/2026:04:09:48 +0545] "POST /wp-cron.php?doing_wp_cron=1773613488.4717319011688232421875 HTTP/1.1" 200 0 "-" "WordPress/6.9.4; https://www.betterchitwan.com"
2a01:4f9:5a:1745::2 - - [16/Mar/2026:04:09:49 +0545] "POST /wp-admin/admin-ajax.php?action=async_litespeed&nonce=661b1bd860&litespeed_type=imgoptm HTTP/1.1" 200 5 "-" "WordPress/6.9.4; https://www.betterchitwan.com"
24.157.184.65 - - [16/Mar/2026:04:10:47 +0545] "POST /xmlrpc.php HTTP/1.1" 200 186 "-" "Mozilla/5.0 (Macintosh; Intel Mac OS X 10_15_7; x64) AppleWebKit/537.36 (KHTML, like Gecko) Opera/75.0.0.0 Safari/537.36"
114.119.129.33 - - [16/Mar/2026:04:10:59 +0545] "GET /events/category/wow-women/list/?tribe-bar-date=2024-10-28&eventDisplay=past&ical=1 HTTP/1.1" 404 796 "https://www.betterchitwan.com/events/category/wow-women/list/?tribe-bar-date=2024-10-28&eventDisplay=past" "Mozilla/5.0 (Linux; Android 7.0;) AppleWebKit/537.36 (KHTML, like Gecko) Mobile Safari/537.36 (compatible; PetalBot;+https://webmaster.petalsearch.com/site/petalbot)"
45.141.233.210 - - [16/Mar/2026:04:12:05 +0545] "GET /wp-login.php HTTP/1.1" 200 974 "https://www.google.com/" "Mozilla/5.0 (X11; Ubuntu; Linux x86_64) AppleWebKit/537.36 (KHTML, like Gecko) Chrome/121.0.0.0 Safari/537.36"
2a01:4f9:5a:1745::2 - - [16/Mar/2026:04:12:11 +0545] "POST /wp-admin/admin-ajax.php?action=async_litespeed&nonce=661b1bd860&litespeed_type=imgoptm HTTP/1.1" 200 5 "-" "WordPress/6.9.4; https://www.betterchitwan.com"
2a01:4f9:5a:1745::2 - - [16/Mar/2026:04:13:50 +0545] "POST /wp-admin/admin-ajax.php?action=async_litespeed&nonce=661b1bd860&litespeed_type=imgoptm HTTP/1.1" 200 5 "-" "WordPress/6.9.4; https://www.betterchitwan.com"
2a01:4f9:5a:1745::2 - - [16/Mar/2026:04:14:49 +0545] "POST /wp-admin/admin-ajax.php?action=async_litespeed&nonce=661b1bd860&litespeed_type=imgoptm HTTP/1.1" 200 5 "-" "WordPress/6.9.4; https://www.betterchitwan.com"
114.119.129.33 - - [16/Mar/2026:04:19:57 +0545] "GET /events/category/wow-women/list/?tribe-bar-date=2024-08-07&outlook-ical=1 HTTP/1.1" 404 796 "https://www.betterchitwan.com/events/category/wow-women/list?tribe-bar-date=2024-08-07" "Mozilla/5.0 (Linux; Android 7.0;) AppleWebKit/537.36 (KHTML, like Gecko) Mobile Safari/537.36 (compatible; PetalBot;+https://webmaster.petalsearch.com/site/petalbot)"
23.22.5.66 - - [16/Mar/2026:04:28:12 +0545] "GET /celebrating-%25F0%259D%2597%25A2%25F0%259D%2597%25A1%25F0%259D%2597%2598-year-without-%25F0%259D%2597%25A6%25F0%259D%2597%25B6%25F0%259D%2597%25BB%25F0%259D%2597%25B4%25F0%259D%2597%25B9%25F0%259D%2597%25B2-%25F0%259D%2597%25A8%25F0%259D%2598%2580%25F0%259D%2597%25B2-%25F0%259D%2597%25A3%25F0%259D%2597%25B9/ HTTP/1.1" 404 796 "-" "Grammarly/1.0 (http://www.grammarly.com)"
114.119.128.196 - - [16/Mar/2026:04:31:25 +0545] "GET /events/category/wow-women/list/?tribe-bar-date=2024-05-31 HTTP/1.1" 404 796 "https://www.betterchitwan.com/events/category/wow-women/list/?tribe-bar-date=2024-05-31" "Mozilla/5.0 (Linux; Android 7.0;) AppleWebKit/537.36 (KHTML, like Gecko) Mobile Safari/537.36 (compatible; PetalBot;+https://webmaster.petalsearch.com/site/petalbot)"
114.119.146.77 - - [16/Mar/2026:04:18:35 +0545] "GET /events/category/wow-women/list/?tribe-bar-date=2024-08-10&ical=1 HTTP/1.1" 404 796 "https://www.betterchitwan.com/events/category/wow-women/list/?tribe-bar-date=2024-08-10" "Mozilla/5.0 (Linux; Android 7.0;) AppleWebKit/537.36 (KHTML, like Gecko) Mobile Safari/537.36 (compatible; PetalBot;+https://webmaster.petalsearch.com/site/petalbot)"
114.119.129.33 - - [16/Mar/2026:04:29:06 +0545] "GET /events/category/wow-women/list/?tribe-bar-date=2024-06-26&outlook-ical=1 HTTP/1.1" 404 796 "https://www.betterchitwan.com/events/category/wow-women/list/?tribe-bar-date=2024-06-26" "Mozilla/5.0 (Linux; Android 7.0;) AppleWebKit/537.36 (KHTML, like Gecko) Mobile Safari/537.36 (compatible; PetalBot;+https://webmaster.petalsearch.com/site/petalbot)"
114.119.152.60 - - [16/Mar/2026:04:23:54 +0545] "GET /events/category/wow-women/list/?tribe-bar-date=2024-08-05&outlook-ical=1 HTTP/1.1" 404 796 "https://www.betterchitwan.com/events/category/wow-women/list/?tribe-bar-date=2024-08-05&eventDisplay=past" "Mozilla/5.0 (Linux; Android 7.0;) AppleWebKit/537.36 (KHTML, like Gecko) Mobile Safari/537.36 (compatible; PetalBot;+https://webmaster.petalsearch.com/site/petalbot)"
114.119.146.77 - - [16/Mar/2026:04:25:36 +0545] "GET /events/category/wow-women/list/?tribe-bar-date=2024-08-03&eventDisplay=past&ical=1 HTTP/1.1" 404 796 "https://www.betterchitwan.com/events/category/wow-women/list?tribe-bar-date=2024-08-03&eventDisplay=past" "Mozilla/5.0 (Linux; Android 7.0;) AppleWebKit/537.36 (KHTML, like Gecko) Mobile Safari/537.36 (compatible; PetalBot;+https://webmaster.petalsearch.com/site/petalbot)"
114.119.136.5 - - [16/Mar/2026:04:27:09 +0545] "GET /events/category/wow-women/list/?tribe-bar-date=2024-07-27&eventDisplay=past&ical=1 HTTP/1.1" 404 796 "https://www.betterchitwan.com/events/category/wow-women/list/?tribe-bar-date=2024-07-27&eventDisplay=past" "Mozilla/5.0 (Linux; Android 7.0;) AppleWebKit/537.36 (KHTML, like Gecko) Mobile Safari/537.36 (compatible; PetalBot;+https://webmaster.petalsearch.com/site/petalbot)"
192.178.6.66 - - [16/Mar/2026:04:30:59 +0545] "GET /events/tag/teej-for-all/list/?tribe-bar-date=2023-08-03&eventDisplay=past HTTP/1.1" 404 796 "-" "Mozilla/5.0 (Linux; Android 6.0.1; Nexus 5X Build/MMB29P) AppleWebKit/537.36 (KHTML, like Gecko) Chrome/145.0.7632.116 Mobile Safari/537.36 (compatible; Googlebot/2.1; +http://www.google.com/bot.html)"
5.39.1.255 - - [16/Mar/2026:04:31:38 +0545] "GET /.lsrecap/recaptcha?tribe-bar-date=2026-11-17&eventDisplay=past HTTP/1.1" 404 796 "-" "Mozilla/5.0 (compatible; AhrefsBot/7.0; +http://ahrefs.com/robot/)"
2a03:2880:15ff:74:: - - [16/Mar/2026:04:32:35 +0545] "GET /robots.txt HTTP/1.1" 304 0 "-" "facebookexternalhit/1.1 (+http://www.facebook.com/externalhit_uatext.php)"
5.39.109.171 - - [16/Mar/2026:04:20:57 +0545] "GET /.lsrecap/recaptcha?tribe-bar-date=2024-07-27&eventDisplay=past&ical=1 HTTP/1.1" 404 796 "-" "Mozilla/5.0 (compatible; AhrefsBot/7.0; +http://ahrefs.com/robot/)"
54.37.118.67 - - [16/Mar/2026:04:26:24 +0545] "GET /.lsrecap/recaptcha?tribe-bar-date=2024-03-31&outlook-ical=1 HTTP/1.1" 404 796 "-" "Mozilla/5.0 (compatible; AhrefsBot/7.0; +http://ahrefs.com/robot/)"
149.202.66.204 - - [16/Mar/2026:04:18:35 +0545] "GET /.env HTTP/1.1" 401 53 "-" "-"
2a03:2880:f806:3d:: - - [16/Mar/2026:04:20:30 +0545] "GET /events/category/event/list/?tribe-bar-date=2026-02-01&outlook-ical=1 HTTP/1.1" 404 796 "-" "meta-externalagent/1.1 (+https://developers.facebook.com/docs/sharing/webmasters/crawler)"
114.119.136.5 - - [16/Mar/2026:04:21:53 +0545] "GET /events/category/wow-women/list/?tribe-bar-date=2024-08-07&eventDisplay=past&ical=1 HTTP/1.1" 404 796 "https://www.betterchitwan.com/events/category/wow-women/list/?tribe-bar-date=2024-08-07&eventDisplay=past" "Mozilla/5.0 (Linux; Android 7.0;) AppleWebKit/537.36 (KHTML, like Gecko) Mobile Safari/537.36 (compatible; PetalBot;+https://webmaster.petalsearch.com/site/petalbot)"
85.137.48.167 - - [16/Mar/2026:04:24:03 +0545] "GET /txets.php HTTP/1.1" 200 0 "-" "Mozilla/4.0 (compatible; MSIE 6.0; Windows NT 5.1; SV1)"
114.119.131.235 - - [16/Mar/2026:04:35:09 +0545] "GET /events/category/wow-women/list/?tribe-bar-date=2023-11-30 HTTP/1.1" 404 796 "https://www.betterchitwan.com/events/category/wow-women/list?tribe-bar-date=2023-11-30" "Mozilla/5.0 (Linux; Android 7.0;) AppleWebKit/537.36 (KHTML, like Gecko) Mobile Safari/537.36 (compatible; PetalBot;+https://webmaster.petalsearch.com/site/petalbot)"
54.37.118.81 - - [16/Mar/2026:04:42:01 +0545] "GET /.lsrecap/recaptcha?tribe-bar-date=2024-05-03&eventDisplay=past&ical=1 HTTP/1.1" 404 796 "-" "Mozilla/5.0 (compatible; AhrefsBot/7.0; +http://ahrefs.com/robot/)"
114.119.129.33 - - [16/Mar/2026:04:39:43 +0545] "GET /events/category/wow-women/day/2025-03-15/ HTTP/1.1" 404 796 "https://www.betterchitwan.com/events/category/wow-women/list?tribe-bar-date=2025-03-15&eventDisplay=past" "Mozilla/5.0 (Linux; Android 7.0;) AppleWebKit/537.36 (KHTML, like Gecko) Mobile Safari/537.36 (compatible; PetalBot;+https://webmaster.petalsearch.com/site/petalbot)"
114.119.136.5 - - [16/Mar/2026:04:41:17 +0545] "GET /events/category/wow-women/day/2025-03-14/?outlook-ical=1 HTTP/1.1" 404 796 "https://www.betterchitwan.com/events/category/wow-women/day/2025-03-14/" "Mozilla/5.0 (Linux; Android 7.0;) AppleWebKit/537.36 (KHTML, like Gecko) Mobile Safari/537.36 (compatible; PetalBot;+https://webmaster.petalsearch.com/site/petalbot)"
92.222.104.203 - - [16/Mar/2026:04:36:40 +0545] "GET /.lsrecap/recaptcha?tribe-bar-date=2024-08-28&eventDisplay=past HTTP/1.1" 404 796 "-" "Mozilla/5.0 (compatible; AhrefsBot/7.0; +http://ahrefs.com/robot/)"
216.244.66.231 - - [16/Mar/2026:04:41:37 +0545] "GET /events/tag/youwa-bich-yuwa/day/2026-11-15/?outlook-ical=1 HTTP/1.1" 404 796 "-" "Mozilla/5.0 (compatible; DotBot/1.2; +https://opensiteexplorer.org/dotbot; help@moz.com)"
2a01:4f9:5a:1745::2 - - [16/Mar/2026:04:44:50 +0545] "POST /wp-admin/admin-ajax.php?action=async_litespeed&nonce=661b1bd860&litespeed_type=imgoptm HTTP/1.1" 200 5 "-" "WordPress/6.9.4; https://www.betterchitwan.com"
2a03:2880:11ff:5e:: - - [16/Mar/2026:04:45:45 +0545] "GET / HTTP/1.1" 200 26864 "-" "facebookexternalhit/1.1 (+http://www.facebook.com/externalhit_uatext.php)"
37.59.204.153 - - [16/Mar/2026:04:47:41 +0545] "GET /.lsrecap/recaptcha?tribe-bar-date=2024-04-29&eventDisplay=past&ical=1 HTTP/1.1" 404 796 "-" "Mozilla/5.0 (compatible; AhrefsBot/7.0; +http://ahrefs.com/robot/)"
192.178.6.73 - - [16/Mar/2026:04:50:59 +0545] "GET /events/list/?tribe-bar-date=2024-02-20&eventDisplay=past HTTP/1.1" 404 796 "-" "Mozilla/5.0 (Linux; Android 6.0.1; Nexus 5X Build/MMB29P) AppleWebKit/537.36 (KHTML, like Gecko) Chrome/145.0.7632.116 Mobile Safari/537.36 (compatible; Googlebot/2.1; +http://www.google.com/bot.html)"
94.23.188.209 - - [16/Mar/2026:04:51:56 +0545] "GET /.lsrecap/recaptcha?tribe-bar-date=2024-06-04&eventDisplay=past&ical=1 HTTP/1.1" 404 796 "-" "Mozilla/5.0 (compatible; AhrefsBot/7.0; +http://ahrefs.com/robot/)"
43.166.242.189 - - [16/Mar/2026:04:50:39 +0545] "GET / HTTP/1.1" 200 22927 "http://www.betterchitwan.com" "Mozilla/5.0 (iPhone; CPU iPhone OS 13_2_3 like Mac OS X) AppleWebKit/605.1.15 (KHTML, like Gecko) Version/13.0.3 Mobile/15E148 Safari/604.1"
114.119.136.5 - - [16/Mar/2026:04:50:49 +0545] "GET /events/category/wow-women/day/2025-03-02/ HTTP/1.1" 404 796 "https://www.betterchitwan.com/events/category/wow-women/list/?tribe-bar-date=2025-03-02" "Mozilla/5.0 (Linux; Android 7.0;) AppleWebKit/537.36 (KHTML, like Gecko) Mobile Safari/537.36 (compatible; PetalBot;+https://webmaster.petalsearch.com/site/petalbot)"
94.26.106.199 - - [16/Mar/2026:04:52:10 +0545] "GET /wp-login.php HTTP/1.1" 200 974 "http://betterchitwan.com/wp-login.php" "Mozilla/5.0 (Windows NT 10.0; Win64; x64) AppleWebKit/537.36 (KHTML, like Gecko) Chrome/121.0.6167.85 Safari/537.36"
2a01:4f9:5a:1745::2 - - [16/Mar/2026:04:52:21 +0545] "POST /wp-cron.php?doing_wp_cron=1773616040.9891068935394287109375 HTTP/1.1" 200 0 "-" "WordPress/6.9.4; https://www.betterchitwan.com"
2a01:4f9:5a:1745::2 - - [16/Mar/2026:04:44:49 +0545] "POST /wp-cron.php?doing_wp_cron=1773615589.3110530376434326171875 HTTP/1.1" 200 0 "-" "WordPress/6.9.4; https://www.betterchitwan.com"
2a01:4f9:5a:1745::2 - - [16/Mar/2026:04:44:49 +0545] "POST /wp-cron.php?doing_wp_cron=1773615589.6257400512695312500000 HTTP/1.1" 200 0 "-" "WordPress/6.9.4; https://www.betterchitwan.com"
2a03:2880:11ff:5f:: - - [16/Mar/2026:04:45:45 +0545] "GET / HTTP/1.1" 200 29481 "-" "facebookexternalhit/1.1 (+http://www.facebook.com/externalhit_uatext.php)"
114.119.152.60 - - [16/Mar/2026:04:43:39 +0545] "GET /events/category/wow-women/day/2025-03-10/?ical=1 HTTP/1.1" 404 796 "https://www.betterchitwan.com/events/category/wow-women/day/2025-03-10/" "Mozilla/5.0 (Linux; Android 7.0;) AppleWebKit/537.36 (KHTML, like Gecko) Mobile Safari/537.36 (compatible; PetalBot;+https://webmaster.petalsearch.com/site/petalbot)"
49.7.227.204 - - [16/Mar/2026:04:44:48 +0545] "GET / HTTP/1.1" 301 0 "http://betterchitwan.com" "Mozilla/5.0 (iPhone; CPU iPhone OS 13_2_3 like Mac OS X) AppleWebKit/605.1.15 (KHTML, like Gecko) Version/13.0.3 Mobile/15E148 Safari/604.1"
74.7.175.186 - - [16/Mar/2026:04:48:29 +0545] "GET /robots.txt HTTP/1.1" 304 0 "-" "Mozilla/5.0 (Macintosh; Intel Mac OS X 10_15_7) AppleWebKit/537.36 (KHTML, like Gecko) Chrome/131.0.0.0 Safari/537.36; compatible; OAI-SearchBot/1.3; robots.txt; +https://openai.com/searchbot"
114.119.138.172 - - [16/Mar/2026:04:49:39 +0545] "GET /events/category/wow-women/day/2025-03-03/ HTTP/1.1" 404 796 "https://www.betterchitwan.com/events/category/wow-women/list/?tribe-bar-date=2025-03-03&eventDisplay=past" "Mozilla/5.0 (Linux; Android 7.0;) AppleWebKit/537.36 (KHTML, like Gecko) Mobile Safari/537.36 (compatible; PetalBot;+https://webmaster.petalsearch.com/site/petalbot)"
2a01:4f9:5a:1745::2 - - [16/Mar/2026:04:50:42 +0545] "POST /wp-admin/admin-ajax.php?action=async_litespeed&nonce=661b1bd860&litespeed_type=imgoptm HTTP/1.1" 200 5 "-" "WordPress/6.9.4; https://www.betterchitwan.com"
114.119.136.5 - - [16/Mar/2026:04:45:00 +0545] "GET /events/category/wow-women/day/2025-03-10/ HTTP/1.1" 404 796 "https://www.betterchitwan.com/events/category/wow-women/day/2025-03-11/" "Mozilla/5.0 (Linux; Android 7.0;) AppleWebKit/537.36 (KHTML, like Gecko) Mobile Safari/537.36 (compatible; PetalBot;+https://webmaster.petalsearch.com/site/petalbot)"
2a03:2880:11ff:51:: - - [16/Mar/2026:04:45:45 +0545] "GET /.well-known/ucp HTTP/1.1" 404 796 "-" "facebookexternalhit/1.1 (+http://www.facebook.com/externalhit_uatext.php)"
2a01:4f9:5a:1745::2 - - [16/Mar/2026:04:50:42 +0545] "POST /wp-cron.php?doing_wp_cron=1773615941.9108929634094238281250 HTTP/1.1" 200 0 "-" "WordPress/6.9.4; https://www.betterchitwan.com"
2a03:2880:11ff:50:: - - [16/Mar/2026:04:45:45 +0545] "GET /meta.json HTTP/1.1" 404 796 "-" "facebookexternalhit/1.1 (+http://www.facebook.com/externalhit_uatext.php)"
2a01:4f9:5a:1745::2 - - [16/Mar/2026:04:45:46 +0545] "GET /wp-content/uploads/2019/11/divider.svg HTTP/1.1" 404 796 "-" "-"
2a01:4f9:5a:1745::2 - - [16/Mar/2026:04:45:47 +0545] "POST /wp-cron.php?doing_wp_cron=1773615647.6050119400024414062500 HTTP/1.1" 200 0 "-" "WordPress/6.9.4; https://www.betterchitwan.com"
2a01:4f9:5a:1745::2 - - [16/Mar/2026:04:45:48 +0545] "POST /wp-admin/admin-ajax.php?action=async_litespeed&nonce=661b1bd860&litespeed_type=imgoptm HTTP/1.1" 200 5 "-" "WordPress/6.9.4; https://www.betterchitwan.com"
94.26.106.199 - - [16/Mar/2026:04:52:20 +0545] "GET /wp-admin/ HTTP/1.1" 302 0 "-" "Mozilla/5.0 (Macintosh; Intel Mac OS X 10.15) Gecko/20100101 Firefox/121.0"
2a01:4f9:5a:1745::2 - - [16/Mar/2026:04:45:46 +0545] "GET /wp-content/uploads/2019/11/divider.svg HTTP/1.1" 404 796 "-" "-"
114.119.145.188 - - [16/Mar/2026:04:48:23 +0545] "GET /events/category/wow-women/day/2025-03-04/?ical=1 HTTP/1.1" 404 796 "https://www.betterchitwan.com/events/category/wow-women/day/2025-03-04/" "Mozilla/5.0 (Linux; Android 7.0;) AppleWebKit/537.36 (KHTML, like Gecko) Mobile Safari/537.36 (compatible; PetalBot;+https://webmaster.petalsearch.com/site/petalbot)"
94.26.106.199 - - [16/Mar/2026:04:52:10 +0545] "GET /wp-login.php HTTP/1.1" 200 974 "-" "Mozilla/5.0 (X11; Ubuntu; Linux x86_64) AppleWebKit/537.36 (KHTML, like Gecko) Chrome/121.0.6167.85 Safari/537.36"
2a01:4f9:5a:1745::2 - - [16/Mar/2026:04:52:21 +0545] "POST /wp-admin/admin-ajax.php?action=async_litespeed&nonce=661b1bd860&litespeed_type=imgoptm HTTP/1.1" 200 5 "-" "WordPress/6.9.4; https://www.betterchitwan.com"
114.119.145.188 - - [16/Mar/2026:04:54:06 +0545] "GET /events/category/wow-women/day/2025-02-25/?outlook-ical=1 HTTP/1.1" 404 796 "https://www.betterchitwan.com/events/category/wow-women/day/2025-02-25/" "Mozilla/5.0 (Linux; Android 7.0;) AppleWebKit/537.36 (KHTML, like Gecko) Mobile Safari/537.36 (compatible; PetalBot;+https://webmaster.petalsearch.com/site/petalbot)"
114.119.138.172 - - [16/Mar/2026:04:52:22 +0545] "GET /events/category/wow-women/day/2025-02-27/?outlook-ical=1 HTTP/1.1" 404 796 "https://www.betterchitwan.com/events/category/wow-women/day/2025-02-27/" "Mozilla/5.0 (Linux; Android 7.0;) AppleWebKit/537.36 (KHTML, like Gecko) Mobile Safari/537.36 (compatible; PetalBot;+https://webmaster.petalsearch.com/site/petalbot)"
94.26.106.199 - - [16/Mar/2026:04:52:21 +0545] "GET /wp-login.php?redirect_to=https%3A%2F%2Fbetterchitwan.com%2Fwp-admin%2F&reauth=1 HTTP/1.1" 200 1049 "https://betterchitwan.com/wp-admin/" "Mozilla/5.0 (Macintosh; Intel Mac OS X 10.15) Gecko/20100101 Firefox/121.0"
5.39.1.241 - - [16/Mar/2026:04:57:12 +0545] "GET /.lsrecap/recaptcha?tribe-bar-date=2024-09-05&outlook-ical=1 HTTP/1.1" 404 796 "-" "Mozilla/5.0 (compatible; AhrefsBot/7.0; +http://ahrefs.com/robot/)"
192.178.6.66 - - [16/Mar/2026:04:57:25 +0545] "GET /ads.txt HTTP/1.1" 404 796 "-" "Mozilla/5.0 (compatible; Googlebot/2.1; +http://www.google.com/bot.html)"
114.119.152.60 - - [16/Mar/2026:04:57:22 +0545] "GET /events/category/wow-women/day/2025-02-19/?ical=1 HTTP/1.1" 404 796 "https://www.betterchitwan.com/events/category/wow-women/day/2025-02-19/" "Mozilla/5.0 (Linux; Android 7.0;) AppleWebKit/537.36 (KHTML, like Gecko) Mobile Safari/537.36 (compatible; PetalBot;+https://webmaster.petalsearch.com/site/petalbot)"
114.119.138.172 - - [16/Mar/2026:04:55:57 +0545] "GET /events/category/wow-women/day/2025-02-20/ HTTP/1.1" 404 796 "https://www.betterchitwan.com/events/category/wow-women/list/?tribe-bar-date=2025-02-20&eventDisplay=past" "Mozilla/5.0 (Linux; Android 7.0;) AppleWebKit/537.36 (KHTML, like Gecko) Mobile Safari/537.36 (compatible; PetalBot;+https://webmaster.petalsearch.com/site/petalbot)"
114.119.138.172 - - [16/Mar/2026:04:55:18 +0545] "GET /events/category/wow-women/day/2025-02-24/ HTTP/1.1" 404 796 "https://www.betterchitwan.com/events/category/wow-women/list/?tribe-bar-date=2025-02-24&eventDisplay=past" "Mozilla/5.0 (Linux; Android 7.0;) AppleWebKit/537.36 (KHTML, like Gecko) Mobile Safari/537.36 (compatible; PetalBot;+https://webmaster.petalsearch.com/site/petalbot)"
114.119.136.5 - - [16/Mar/2026:05:04:31 +0545] "GET /events/category/wow-women/day/2025-02-07/?outlook-ical=1 HTTP/1.1" 404 796 "https://www.betterchitwan.com/events/category/wow-women/day/2025-02-07/" "Mozilla/5.0 (Linux; Android 7.0;) AppleWebKit/537.36 (KHTML, like Gecko) Mobile Safari/537.36 (compatible; PetalBot;+https://webmaster.petalsearch.com/site/petalbot)"
2a01:4f9:5a:1745::2 - - [16/Mar/2026:05:04:34 +0545] "POST /wp-cron.php?doing_wp_cron=1773616774.1433150768280029296875 HTTP/1.1" 200 0 "-" "WordPress/6.9.4; https://www.betterchitwan.com"
43.153.123.4 - - [16/Mar/2026:05:04:35 +0545] "GET / HTTP/1.1" 200 22926 "https://betterchitwan.com/" "Mozilla/5.0 (iPhone; CPU iPhone OS 13_2_3 like Mac OS X) AppleWebKit/605.1.15 (KHTML, like Gecko) Version/13.0.3 Mobile/15E148 Safari/604.1"
114.119.152.60 - - [16/Mar/2026:05:05:53 +0545] "GET /events/category/wow-women/day/2025-02-04/ HTTP/1.1" 404 796 "https://www.betterchitwan.com/events/category/wow-women/list?tribe-bar-date=2025-02-04&eventDisplay=past" "Mozilla/5.0 (Linux; Android 7.0;) AppleWebKit/537.36 (KHTML, like Gecko) Mobile Safari/537.36 (compatible; PetalBot;+https://webmaster.petalsearch.com/site/petalbot)"
43.153.123.4 - - [16/Mar/2026:05:04:33 +0545] "GET / HTTP/1.1" 301 0 "http://betterchitwan.com" "Mozilla/5.0 (iPhone; CPU iPhone OS 13_2_3 like Mac OS X) AppleWebKit/605.1.15 (KHTML, like Gecko) Version/13.0.3 Mobile/15E148 Safari/604.1"
167.56.220.232 - - [16/Mar/2026:05:07:55 +0545] "GET /events/?ical=1 HTTP/1.1" 404 796 "-" "Mozilla/5.0 (compatible; MSIE 6.0; Windows 98; Win 9x 4.90; Trident/3.0)"
94.23.188.214 - - [16/Mar/2026:05:01:31 +0545] "GET /.lsrecap/recaptcha?tribe-bar-date=2024-08-28&outlook-ical=1 HTTP/1.1" 404 796 "-" "Mozilla/5.0 (compatible; AhrefsBot/7.0; +http://ahrefs.com/robot/)"
114.119.131.235 - - [16/Mar/2026:05:03:26 +0545] "GET /events/category/wow-women/day/2025-02-09/ HTTP/1.1" 404 796 "https://www.betterchitwan.com/events/category/wow-women/list/?tribe-bar-date=2025-02-09&eventDisplay=past" "Mozilla/5.0 (Linux; Android 7.0;) AppleWebKit/537.36 (KHTML, like Gecko) Mobile Safari/537.36 (compatible; PetalBot;+https://webmaster.petalsearch.com/site/petalbot)"
51.68.247.214 - - [16/Mar/2026:05:06:07 +0545] "GET /.lsrecap/recaptcha?tribe-bar-date=2025-07-06&outlook-ical=1 HTTP/1.1" 404 796 "-" "Mozilla/5.0 (compatible; AhrefsBot/7.0; +http://ahrefs.com/robot/)"
2a01:4f9:5a:1745::2 - - [16/Mar/2026:05:04:35 +0545] "POST /wp-admin/admin-ajax.php?action=async_litespeed&nonce=661b1bd860&litespeed_type=imgoptm HTTP/1.1" 200 5 "-" "WordPress/6.9.4; https://www.betterchitwan.com"
114.119.131.235 - - [16/Mar/2026:05:07:59 +0545] "GET /events/category/wow-women/day/2025-02-01/?ical=1 HTTP/1.1" 404 796 "https://www.betterchitwan.com/events/category/wow-women/day/2025-02-01/" "Mozilla/5.0 (Linux; Android 7.0;) AppleWebKit/537.36 (KHTML, like Gecko) Mobile Safari/537.36 (compatible; PetalBot;+https://webmaster.petalsearch.com/site/petalbot)"
114.119.129.33 - - [16/Mar/2026:05:14:37 +0545] "GET /events/category/wow-women/day/2025-01-06/?ical=1 HTTP/1.1" 404 796 "https://www.betterchitwan.com/events/category/wow-women/day/2025-01-06/" "Mozilla/5.0 (Linux; Android 7.0;) AppleWebKit/537.36 (KHTML, like Gecko) Mobile Safari/537.36 (compatible; PetalBot;+https://webmaster.petalsearch.com/site/petalbot)"
51.75.236.147 - - [16/Mar/2026:05:15:44 +0545] "GET /.lsrecap/recaptcha?tribe-bar-date=2024-07-29&outlook-ical=1 HTTP/1.1" 404 796 "-" "Mozilla/5.0 (compatible; AhrefsBot/7.0; +http://ahrefs.com/robot/)"
149.202.66.204 - - [16/Mar/2026:05:19:27 +0545] "GET /.env HTTP/1.1" 200 12427 "-" "-"
94.26.106.209 - - [16/Mar/2026:05:23:25 +0545] "GET /?rest_route=/wp/v2/posts&per_page=5&status=publish&_fields=link,comment_status HTTP/1.1" 200 219 "-" "Mozilla/5.0 (Windows NT 10.0; Win64; x64) AppleWebKit/537.36 (KHTML, like Gecko) Chrome/121.0.6167.85 Safari/537.36"
2a01:4f9:5a:1745::2 - - [16/Mar/2026:05:24:17 +0545] "POST /wp-cron.php?doing_wp_cron=1773617957.1223549842834472656250 HTTP/1.1" 200 0 "-" "WordPress/6.9.4; https://www.betterchitwan.com"
2a01:4f9:5a:1745::2 - - [16/Mar/2026:05:24:18 +0545] "POST /wp-admin/admin-ajax.php?action=async_litespeed&nonce=661b1bd860&litespeed_type=imgoptm HTTP/1.1" 200 5 "-" "WordPress/6.9.4; https://www.betterchitwan.com"
114.119.152.60 - - [16/Mar/2026:05:11:47 +0545] "GET /events/category/wow-women/day/2025-01-09/?outlook-ical=1 HTTP/1.1" 404 796 "https://www.betterchitwan.com/events/category/wow-women/day/2025-01-09/" "Mozilla/5.0 (Linux; Android 7.0;) AppleWebKit/537.36 (KHTML, like Gecko) Mobile Safari/537.36 (compatible; PetalBot;+https://webmaster.petalsearch.com/site/petalbot)"
87.148.149.142 - - [16/Mar/2026:05:24:18 +0545] "GET / HTTP/1.1" 200 26863 "https://betterchitwan.com" "Mozilla/5.0 (Windows NT 10.0; Win64; x64) AppleWebKit/537.36 (KHTML, like Gecko) Chrome/120.0.0.0 Safari/537.36"
114.119.129.33 - - [16/Mar/2026:05:13:26 +0545] "GET /events/category/wow-women/day/2025-01-07/?outlook-ical=1 HTTP/1.1" 404 796 "https://www.betterchitwan.com/events/category/wow-women/day/2025-01-07/" "Mozilla/5.0 (Linux; Android 7.0;) AppleWebKit/537.36 (KHTML, like Gecko) Mobile Safari/537.36 (compatible; PetalBot;+https://webmaster.petalsearch.com/site/petalbot)"
114.119.146.77 - - [16/Mar/2026:05:17:51 +0545] "GET /events/category/wow-women/day/2025-01-05/?ical=1 HTTP/1.1" 404 796 "https://www.betterchitwan.com/events/category/wow-women/day/2025-01-05/" "Mozilla/5.0 (Linux; Android 7.0;) AppleWebKit/537.36 (KHTML, like Gecko) Mobile Safari/537.36 (compatible; PetalBot;+https://webmaster.petalsearch.com/site/petalbot)"
94.26.106.209 - - [16/Mar/2026:05:23:23 +0545] "GET /wp-json/wp/v2/posts?per_page=5&status=publish&_fields=link,comment_status HTTP/1.1" 404 796 "-" "Mozilla/5.0 (Windows NT 10.0; Win64; x64) AppleWebKit/537.36 (KHTML, like Gecko) Chrome/121.0.6167.85 Safari/537.36"
114.119.136.5 - - [16/Mar/2026:05:10:04 +0545] "GET /events/category/wow-women/day/2025-01-14/ HTTP/1.1" 404 796 "https://www.betterchitwan.com/events/category/wow-women/list/?tribe-bar-date=2025-01-14&eventDisplay=past" "Mozilla/5.0 (Linux; Android 7.0;) AppleWebKit/537.36 (KHTML, like Gecko) Mobile Safari/537.36 (compatible; PetalBot;+https://webmaster.petalsearch.com/site/petalbot)"
2a01:4f9:5a:1745::2 - - [16/Mar/2026:05:23:26 +0545] "POST /wp-cron.php?doing_wp_cron=1773617906.2522809505462646484375 HTTP/1.1" 200 0 "-" "WordPress/6.9.4; https://www.betterchitwan.com"
2a01:4f9:5a:1745::2 - - [16/Mar/2026:05:23:27 +0545] "POST /wp-admin/admin-ajax.php?action=async_litespeed&nonce=661b1bd860&litespeed_type=imgoptm HTTP/1.1" 200 5 "-" "WordPress/6.9.4; https://www.betterchitwan.com"
2a01:4f9:5a:1745::2 - - [16/Mar/2026:05:24:19 +0545] "GET /wp-content/uploads/2019/11/divider.svg HTTP/1.1" 404 796 "-" "-"
