2a01:4f9:5a:1745::2 - - [15/Mar/2026:23:19:57 +0545] "POST /wp-cron.php?doing_wp_cron=1773596097.5180370807647705078125 HTTP/1.1" 200 0 "-" "WordPress/6.9.4; https://www.betterchitwan.com"
2a01:4f9:5a:1745::2 - - [15/Mar/2026:23:26:04 +0545] "POST /wp-cron.php?doing_wp_cron=1773596464.2081708908081054687500 HTTP/1.1" 200 0 "-" "WordPress/6.9.4; https://www.betterchitwan.com"
156.146.61.16 - - [15/Mar/2026:23:26:53 +0545] "POST /xmlrpc.php HTTP/1.1" 200 108 "-" "Mozilla/5.0 (Windows NT 10.0; Win64; x64) AppleWebKit/537.36 (KHTML, like Gecko) Chrome/114.0.0.0 Safari/537.36 Edg/114.0.1823.43"
2a01:4f9:5a:1745::2 - - [15/Mar/2026:23:27:15 +0545] "POST /wp-cron.php?doing_wp_cron=1773596535.6176519393920898437500 HTTP/1.1" 200 0 "-" "WordPress/6.9.4; https://www.betterchitwan.com"
2a01:4f9:5a:1745::2 - - [15/Mar/2026:23:27:16 +0545] "POST /wp-admin/admin-ajax.php?action=async_litespeed&nonce=661b1bd860&litespeed_type=imgoptm HTTP/1.1" 200 5 "-" "WordPress/6.9.4; https://www.betterchitwan.com"
37.59.204.132 - - [15/Mar/2026:23:28:28 +0545] "GET /.lsrecap/recaptcha?tribe-bar-date=2024-08-16&eventDisplay=past HTTP/1.1" 404 796 "-" "Mozilla/5.0 (compatible; AhrefsBot/7.0; +http://ahrefs.com/robot/)"
2a01:4f9:5a:1745::2 - - [15/Mar/2026:23:29:32 +0545] "POST /wp-admin/admin-ajax.php?action=async_litespeed&nonce=661b1bd860&litespeed_type=imgoptm HTTP/1.1" 200 5 "-" "WordPress/6.9.4; https://www.betterchitwan.com"
2a01:4f9:5a:1745::2 - - [15/Mar/2026:23:17:50 +0545] "POST /wp-cron.php?doing_wp_cron=1773595970.0939569473266601562500 HTTP/1.1" 200 0 "-" "WordPress/6.9.4; https://www.betterchitwan.com"
195.225.49.149 - - [15/Mar/2026:23:20:48 +0545] "POST /xmlrpc.php HTTP/1.1" 200 186 "-" "Mozilla/5.0 (Windows NT 10.0; x86) AppleWebKit/537.36 (KHTML, like Gecko) Edge/86.0.0.0 Safari/537.36"
176.31.139.15 - - [15/Mar/2026:23:21:40 +0545] "GET /?sitemap36_xml HTTP/1.1" 200 26848 "-" "Mozilla/5.0 (compatible; AhrefsBot/7.0; +http://ahrefs.com/robot/)"
2a01:4f9:5a:1745::2 - - [15/Mar/2026:23:22:00 +0545] "POST /wp-cron.php?doing_wp_cron=1773596220.3834118843078613281250 HTTP/1.1" 200 0 "-" "WordPress/6.9.4; https://www.betterchitwan.com"
2a01:4f9:5a:1745::2 - - [15/Mar/2026:23:23:01 +0545] "POST /wp-cron.php?doing_wp_cron=1773596281.1244959831237792968750 HTTP/1.1" 200 0 "-" "WordPress/6.9.4; https://www.betterchitwan.com"
2a01:4f9:5a:1745::2 - - [15/Mar/2026:23:25:29 +0545] "POST /wp-admin/admin-ajax.php?action=async_litespeed&nonce=661b1bd860&litespeed_type=imgoptm HTTP/1.1" 200 5 "-" "WordPress/6.9.4; https://www.betterchitwan.com"
195.123.216.134 - - [15/Mar/2026:23:25:50 +0545] "GET /wp-login.php HTTP/1.1" 200 974 "-" "Mozilla/5.0 (Windows NT 10.0; Win64; x64) AppleWebKit/537.36 (KHTML, like Gecko) Chrome/124.0.6367.207 Safari/537.36"
156.146.61.16 - - [15/Mar/2026:23:26:55 +0545] "POST /xmlrpc.php HTTP/1.1" 200 1673 "-" "Mozilla/5.0 (Windows NT 10.0; Win64; x64) AppleWebKit/537.36 (KHTML, like Gecko) Chrome/114.0.0.0 Safari/537.36 Edg/114.0.1823.43"
195.123.216.134 - - [15/Mar/2026:23:27:14 +0545] "GET /wp-login.php HTTP/1.1" 200 974 "-" "Mozilla/5.0 (Windows NT 10.0; Win64; x64) AppleWebKit/537.36 (KHTML, like Gecko) Chrome/124.0.6367.207 Safari/537.36"
195.123.216.134 - - [15/Mar/2026:23:28:11 +0545] "GET /wp-login.php HTTP/1.1" 200 974 "-" "Mozilla/5.0 (Windows NT 10.0; Win64; x64; rv:127.0) Gecko/20100101 Firefox/127.0"
195.123.216.134 - - [15/Mar/2026:23:28:23 +0545] "POST /xmlrpc.php HTTP/1.1" 200 106 "-" "Mozilla/5.0 (Macintosh; Intel Mac OS X 13_5) AppleWebKit/605.1.15 (KHTML, like Gecko) Version/17.5 Safari/605.1.15"
2a03:2880:f806:16:: - - [15/Mar/2026:23:28:47 +0545] "GET /events/category/youthwan/2025-01/ HTTP/1.1" 404 796 "-" "meta-externalagent/1.1 (+https://developers.facebook.com/docs/sharing/webmasters/crawler)"
195.123.216.134 - - [15/Mar/2026:23:28:49 +0545] "POST /xmlrpc.php HTTP/1.1" 200 3887 "-" "Mozilla/5.0 (Windows NT 10.0; Win64; x64; rv:127.0) Gecko/20100101 Firefox/127.0"
2a01:4f9:5a:1745::2 - - [15/Mar/2026:23:16:31 +0545] "POST /wp-cron.php?doing_wp_cron=1773595891.8102779388427734375000 HTTP/1.1" 200 0 "-" "WordPress/6.9.4; https://www.betterchitwan.com"
114.119.128.196 - - [15/Mar/2026:23:17:17 +0545] "GET /events/category/youth-motivators-club-ymc/day/2024-09-01?outlook-ical=1 HTTP/1.1" 404 796 "-" "Mozilla/5.0 (Linux; Android 7.0;) AppleWebKit/537.36 (KHTML, like Gecko) Mobile Safari/537.36 (compatible; PetalBot;+https://webmaster.petalsearch.com/site/petalbot)"
195.225.49.149 - - [15/Mar/2026:23:21:59 +0545] "POST /xmlrpc.php HTTP/1.1" 200 186 "-" "Mozilla/5.0 (Windows NT 10.0; x86) AppleWebKit/537.36 (KHTML, like Gecko) Opera/72.0.0.0 Safari/537.36"
195.225.49.149 - - [15/Mar/2026:23:24:06 +0545] "POST /xmlrpc.php HTTP/1.1" 200 186 "-" "Mozilla/5.0 (Windows NT 10.0; arm64) AppleWebKit/537.36 (KHTML, like Gecko) Firefox/87.0.0.0 Safari/537.36"
2a01:4f9:5a:1745::2 - - [15/Mar/2026:23:25:28 +0545] "POST /wp-cron.php?doing_wp_cron=1773596428.6028211116790771484375 HTTP/1.1" 200 0 "-" "WordPress/6.9.4; https://www.betterchitwan.com"
195.225.49.149 - - [15/Mar/2026:23:25:27 +0545] "POST /xmlrpc.php HTTP/1.1" 200 186 "-" "Mozilla/5.0 (Windows NT 6.2; arm64) AppleWebKit/537.36 (KHTML, like Gecko) Opera/71.0.0.0 Safari/537.36"
114.119.145.188 - - [15/Mar/2026:23:25:56 +0545] "GET /events/category/wow-women/list?tribe-bar-date=2025-01-24 HTTP/1.1" 404 796 "-" "Mozilla/5.0 (Linux; Android 7.0;) AppleWebKit/537.36 (KHTML, like Gecko) Mobile Safari/537.36 (compatible; PetalBot;+https://webmaster.petalsearch.com/site/petalbot)"
2a01:4f9:5a:1745::2 - - [15/Mar/2026:23:26:54 +0545] "POST /wp-cron.php?doing_wp_cron=1773596514.2777121067047119140625 HTTP/1.1" 200 0 "-" "WordPress/6.9.4; https://www.betterchitwan.com"
195.123.216.134 - - [15/Mar/2026:23:27:14 +0545] "POST /xmlrpc.php HTTP/1.1" 200 108 "-" "Mozilla/5.0 (Macintosh; Intel Mac OS X 13_5) AppleWebKit/605.1.15 (KHTML, like Gecko) Version/17.5 Safari/605.1.15"
195.225.49.149 - - [15/Mar/2026:23:28:19 +0545] "POST /xmlrpc.php HTTP/1.1" 200 186 "-" "Mozilla/5.0 (Linux; Android 10; x64) AppleWebKit/537.36 (KHTML, like Gecko) Safari/12.0.0.0 Safari/537.36"
2a01:4f9:5a:1745::2 - - [15/Mar/2026:23:28:25 +0545] "POST /wp-cron.php?doing_wp_cron=1773596604.8888590335845947265625 HTTP/1.1" 200 0 "-" "WordPress/6.9.4; https://www.betterchitwan.com"
114.119.128.196 - - [15/Mar/2026:23:29:41 +0545] "GET /events/category/wow-women/list/?tribe-bar-date=2025-02-25&eventDisplay=past HTTP/1.1" 404 796 "https://www.betterchitwan.com/events/category/wow-women/list/?tribe-bar-date=2025-02-25&eventDisplay=past" "Mozilla/5.0 (Linux; Android 7.0;) AppleWebKit/537.36 (KHTML, like Gecko) Mobile Safari/537.36 (compatible; PetalBot;+https://webmaster.petalsearch.com/site/petalbot)"
2a01:4f9:5a:1745::2 - - [15/Mar/2026:23:17:51 +0545] "POST /wp-admin/admin-ajax.php?action=async_litespeed&nonce=661b1bd860&litespeed_type=imgoptm HTTP/1.1" 200 5 "-" "WordPress/6.9.4; https://www.betterchitwan.com"
2a01:4f9:5a:1745::2 - - [15/Mar/2026:23:18:52 +0545] "POST /wp-admin/admin-ajax.php?action=async_litespeed&nonce=661b1bd860&litespeed_type=imgoptm HTTP/1.1" 200 5 "-" "WordPress/6.9.4; https://www.betterchitwan.com"
114.119.131.235 - - [15/Mar/2026:23:19:29 +0545] "GET /events/category/youth-motivators-club-ymc/day/2024-07-31/?outlook-ical=1 HTTP/1.1" 404 796 "https://www.betterchitwan.com/events/category/youth-motivators-club-ymc/day/2024-07-31/" "Mozilla/5.0 (Linux; Android 7.0;) AppleWebKit/537.36 (KHTML, like Gecko) Mobile Safari/537.36 (compatible; PetalBot;+https://webmaster.petalsearch.com/site/petalbot)"
2a01:4f9:5a:1745::2 - - [15/Mar/2026:23:21:41 +0545] "POST /wp-admin/admin-ajax.php?action=async_litespeed&nonce=661b1bd860&litespeed_type=imgoptm HTTP/1.1" 200 5 "-" "WordPress/6.9.4; https://www.betterchitwan.com"
114.119.129.33 - - [15/Mar/2026:23:21:50 +0545] "GET /events/category/youth-motivators-club-ymc/day/2024-02-04/?ical=1 HTTP/1.1" 404 796 "https://www.betterchitwan.com/events/category/youth-motivators-club-ymc/day/2024-02-04/" "Mozilla/5.0 (Linux; Android 7.0;) AppleWebKit/537.36 (KHTML, like Gecko) Mobile Safari/537.36 (compatible; PetalBot;+https://webmaster.petalsearch.com/site/petalbot)"
2a01:4f9:5a:1745::2 - - [15/Mar/2026:23:24:07 +0545] "POST /wp-admin/admin-ajax.php?action=async_litespeed&nonce=661b1bd860&litespeed_type=imgoptm HTTP/1.1" 200 5 "-" "WordPress/6.9.4; https://www.betterchitwan.com"
2a01:4f9:5a:1745::2 - - [15/Mar/2026:23:26:52 +0545] "POST /wp-cron.php?doing_wp_cron=1773596512.0906710624694824218750 HTTP/1.1" 200 0 "-" "WordPress/6.9.4; https://www.betterchitwan.com"
114.119.145.188 - - [15/Mar/2026:23:27:03 +0545] "GET /events/category/wow-women/list?tribe-bar-date=2024-08-08&outlook-ical=1 HTTP/1.1" 404 796 "-" "Mozilla/5.0 (Linux; Android 7.0;) AppleWebKit/537.36 (KHTML, like Gecko) Mobile Safari/537.36 (compatible; PetalBot;+https://webmaster.petalsearch.com/site/petalbot)"
195.225.49.149 - - [15/Mar/2026:23:27:28 +0545] "POST /xmlrpc.php HTTP/1.1" 200 186 "-" "Mozilla/5.0 (Linux; Android 10; x86) AppleWebKit/537.36 (KHTML, like Gecko) Edge/87.0.0.0 Safari/537.36"
2a01:4f9:5a:1745::2 - - [15/Mar/2026:23:28:32 +0545] "POST /wp-cron.php?doing_wp_cron=1773596611.9827001094818115234375 HTTP/1.1" 200 0 "-" "WordPress/6.9.4; https://www.betterchitwan.com"
43.130.15.147 - - [15/Mar/2026:23:34:07 +0545] "GET /ponote-se-do-svta-vzrueni-s-22bet-si-uijete-2/ HTTP/1.1" 404 796 "-" "Mozilla/5.0 (iPhone; CPU iPhone OS 13_2_3 like Mac OS X) AppleWebKit/605.1.15 (KHTML, like Gecko) Version/13.0.3 Mobile/15E148 Safari/604.1"
195.225.49.149 - - [15/Mar/2026:23:34:27 +0545] "POST /xmlrpc.php HTTP/1.1" 200 186 "-" "Mozilla/5.0 (Linux; Android 10; x86) AppleWebKit/537.36 (KHTML, like Gecko) Edge/100.0.0.0 Safari/537.36"
5.39.1.236 - - [15/Mar/2026:23:35:24 +0545] "GET /pin-up-kazino-oficialnyj-sajt-pin-ap-vhod-na-136/ HTTP/1.1" 404 796 "-" "Mozilla/5.0 (compatible; AhrefsBot/7.0; +http://ahrefs.com/robot/)"
195.225.49.149 - - [15/Mar/2026:23:35:32 +0545] "POST /xmlrpc.php HTTP/1.1" 200 186 "-" "Mozilla/5.0 (Windows NT 6.3; x64) AppleWebKit/537.36 (KHTML, like Gecko) Opera/63.0.0.0 Safari/537.36"
2a01:4f9:5a:1745::2 - - [15/Mar/2026:23:36:29 +0545] "POST /wp-admin/admin-ajax.php?action=async_litespeed&nonce=661b1bd860&litespeed_type=imgoptm HTTP/1.1" 200 5 "-" "WordPress/6.9.4; https://www.betterchitwan.com"
109.248.149.118 - - [15/Mar/2026:23:36:33 +0545] "POST /xmlrpc.php HTTP/1.1" 200 3130 "-" "Mozilla/5.0 (Macintosh; Intel Mac OS X 12_5) AppleWebKit/537.36 (KHTML, like Gecko) Chrome/114.0.0.0 Safari/537.36 OPR/89.0.4447.51"
2a01:4f9:5a:1745::2 - - [15/Mar/2026:23:37:01 +0545] "POST /wp-cron.php?doing_wp_cron=1773597121.5440900325775146484375 HTTP/1.1" 200 0 "-" "WordPress/6.9.4; https://www.betterchitwan.com"
2a01:4f9:5a:1745::2 - - [15/Mar/2026:23:37:02 +0545] "POST /wp-admin/admin-ajax.php?action=async_litespeed&nonce=661b1bd860&litespeed_type=imgoptm HTTP/1.1" 200 5 "-" "WordPress/6.9.4; https://www.betterchitwan.com"
114.119.136.5 - - [15/Mar/2026:23:37:07 +0545] "GET /events/category/wow-women/list/?tribe-bar-date=2024-11-22&eventDisplay=past HTTP/1.1" 404 796 "https://www.betterchitwan.com/events/category/wow-women/list?tribe-bar-date=2024-11-22&eventDisplay=past" "Mozilla/5.0 (Linux; Android 7.0;) AppleWebKit/537.36 (KHTML, like Gecko) Mobile Safari/537.36 (compatible; PetalBot;+https://webmaster.petalsearch.com/site/petalbot)"
195.225.49.149 - - [15/Mar/2026:23:38:29 +0545] "POST /xmlrpc.php HTTP/1.1" 200 186 "-" "Mozilla/5.0 (Windows NT 6.2; x86) AppleWebKit/537.36 (KHTML, like Gecko) Edge/97.0.0.0 Safari/537.36"
114.119.138.172 - - [15/Mar/2026:23:38:38 +0545] "GET /events/category/wow-women/list/?tribe-bar-date=2024-11-21 HTTP/1.1" 404 796 "https://www.betterchitwan.com/events/category/wow-women/list/?tribe-bar-date=2024-11-21&eventDisplay=past" "Mozilla/5.0 (Linux; Android 7.0;) AppleWebKit/537.36 (KHTML, like Gecko) Mobile Safari/537.36 (compatible; PetalBot;+https://webmaster.petalsearch.com/site/petalbot)"
95.141.43.12 - - [15/Mar/2026:23:39:38 +0545] "POST /xmlrpc.php HTTP/1.1" 200 2631 "-" "Mozilla/5.0 (Windows NT 10.0; Win64; x64) AppleWebKit/537.36 (KHTML, like Gecko) Chrome/120.0.0.0 Safari/537.36"
2a01:4f9:5a:1745::2 - - [15/Mar/2026:23:39:39 +0545] "POST /wp-admin/admin-ajax.php?action=async_litespeed&nonce=661b1bd860&litespeed_type=imgoptm HTTP/1.1" 200 5 "-" "WordPress/6.9.4; https://www.betterchitwan.com"
2a01:4f9:5a:1745::2 - - [15/Mar/2026:23:39:53 +0545] "POST /wp-cron.php?doing_wp_cron=1773597293.1618149280548095703125 HTTP/1.1" 200 0 "-" "WordPress/6.9.4; https://www.betterchitwan.com"
2a01:4f9:5a:1745::2 - - [15/Mar/2026:23:41:40 +0545] "POST /wp-admin/admin-ajax.php?action=async_litespeed&nonce=661b1bd860&litespeed_type=imgoptm HTTP/1.1" 200 5 "-" "WordPress/6.9.4; https://www.betterchitwan.com"
2a01:4f9:5a:1745::2 - - [15/Mar/2026:23:42:39 +0545] "POST /wp-admin/admin-ajax.php?action=async_litespeed&nonce=661b1bd860&litespeed_type=imgoptm HTTP/1.1" 200 5 "-" "WordPress/6.9.4; https://www.betterchitwan.com"
2a01:4f9:5a:1745::2 - - [15/Mar/2026:23:46:09 +0545] "POST /wp-cron.php?doing_wp_cron=1773597668.8866949081420898437500 HTTP/1.1" 200 0 "-" "WordPress/6.9.4; https://www.betterchitwan.com"
2a01:4f9:5a:1745::2 - - [15/Mar/2026:23:31:34 +0545] "POST /wp-admin/admin-ajax.php?action=async_litespeed&nonce=661b1bd860&litespeed_type=imgoptm HTTP/1.1" 200 5 "-" "WordPress/6.9.4; https://www.betterchitwan.com"
2a01:4f9:5a:1745::2 - - [15/Mar/2026:23:32:39 +0545] "POST /wp-cron.php?doing_wp_cron=1773596859.2874510288238525390625 HTTP/1.1" 200 0 "-" "WordPress/6.9.4; https://www.betterchitwan.com"
2a01:4f9:5a:1745::2 - - [15/Mar/2026:23:34:28 +0545] "POST /wp-admin/admin-ajax.php?action=async_litespeed&nonce=661b1bd860&litespeed_type=imgoptm HTTP/1.1" 200 5 "-" "WordPress/6.9.4; https://www.betterchitwan.com"
2a01:4f9:5a:1745::2 - - [15/Mar/2026:23:36:28 +0545] "POST /wp-cron.php?doing_wp_cron=1773597088.0575931072235107421875 HTTP/1.1" 200 0 "-" "WordPress/6.9.4; https://www.betterchitwan.com"
2a01:4f9:5a:1745::2 - - [15/Mar/2026:23:39:39 +0545] "POST /wp-cron.php?doing_wp_cron=1773597278.9931449890136718750000 HTTP/1.1" 200 0 "-" "WordPress/6.9.4; https://www.betterchitwan.com"
114.119.136.5 - - [15/Mar/2026:23:41:00 +0545] "GET /events/category/wow-women/list/?tribe-bar-date=2024-10-31&eventDisplay=past HTTP/1.1" 404 796 "https://www.betterchitwan.com/events/category/wow-women/list?tribe-bar-date=2024-10-31" "Mozilla/5.0 (Linux; Android 7.0;) AppleWebKit/537.36 (KHTML, like Gecko) Mobile Safari/537.36 (compatible; PetalBot;+https://webmaster.petalsearch.com/site/petalbot)"
195.225.49.149 - - [15/Mar/2026:23:42:37 +0545] "POST /xmlrpc.php HTTP/1.1" 200 186 "-" "Mozilla/5.0 (Linux; Android 10; arm64) AppleWebKit/537.36 (KHTML, like Gecko) Firefox/96.0.0.0 Safari/537.36"
114.119.145.188 - - [15/Mar/2026:23:45:50 +0545] "GET /events/category/wow-women/list/?tribe-bar-date=2024-10-24&ical=1 HTTP/1.1" 404 796 "https://www.betterchitwan.com/events/category/wow-women/list/?tribe-bar-date=2024-10-24" "Mozilla/5.0 (Linux; Android 7.0;) AppleWebKit/537.36 (KHTML, like Gecko) Mobile Safari/537.36 (compatible; PetalBot;+https://webmaster.petalsearch.com/site/petalbot)"
51.75.236.140 - - [15/Mar/2026:23:47:36 +0545] "GET /magyar-online-casino-a-legjobb-gyflszolglattal-s-500/ HTTP/1.1" 404 796 "-" "Mozilla/5.0 (compatible; AhrefsBot/7.0; +http://ahrefs.com/robot/)"
195.225.49.149 - - [15/Mar/2026:23:31:32 +0545] "POST /xmlrpc.php HTTP/1.1" 200 186 "-" "Mozilla/5.0 (Windows NT 6.3; x86) AppleWebKit/537.36 (KHTML, like Gecko) Safari/11.0.0.0 Safari/537.36"
2a01:4f9:5a:1745::2 - - [15/Mar/2026:23:32:40 +0545] "POST /wp-admin/admin-ajax.php?action=async_litespeed&nonce=661b1bd860&litespeed_type=imgoptm HTTP/1.1" 200 5 "-" "WordPress/6.9.4; https://www.betterchitwan.com"
3.70.126.251 - - [15/Mar/2026:23:36:58 +0545] "POST /xmlrpc.php HTTP/1.1" 200 3130 "-" "Mozilla/5.0 (Windows NT 10.0; Win64; x64) AppleWebKit/537.36 (KHTML, like Gecko) Chrome/108.0.0.0 Safari/537.36"
3.70.126.251 - - [15/Mar/2026:23:37:00 +0545] "POST /xmlrpc.php HTTP/1.1" 200 106 "-" "Mozilla/5.0 (Windows NT 10.0; Win64; x64) AppleWebKit/537.36 (KHTML, like Gecko) Chrome/108.0.0.0 Safari/537.36"
2a01:4f9:5a:1745::2 - - [15/Mar/2026:23:38:30 +0545] "POST /wp-cron.php?doing_wp_cron=1773597209.9234089851379394531250 HTTP/1.1" 200 0 "-" "WordPress/6.9.4; https://www.betterchitwan.com"
182.190.202.236 - - [15/Mar/2026:23:40:23 +0545] "GET /experiencias-reales-al-descubierto-spinrollz/ HTTP/1.1" 404 796 "-" "Mozilla/5.0 (Windows NT 5.1; U; rv:5.0) Gecko/20100101 Firefox/5.0"
195.225.49.149 - - [15/Mar/2026:23:46:08 +0545] "POST /xmlrpc.php HTTP/1.1" 200 186 "-" "Mozilla/5.0 (Windows NT 6.3; arm64) AppleWebKit/537.36 (KHTML, like Gecko) Safari/10.0.0.0 Safari/537.36"
195.225.49.149 - - [15/Mar/2026:23:46:56 +0545] "POST /xmlrpc.php HTTP/1.1" 200 186 "-" "Mozilla/5.0 (Windows NT 10.0; x86) AppleWebKit/537.36 (KHTML, like Gecko) Edge/87.0.0.0 Safari/537.36"
114.119.145.188 - - [15/Mar/2026:23:33:02 +0545] "GET /events/category/wow-women/list/?tribe-bar-date=2024-12-20 HTTP/1.1" 404 796 "https://www.betterchitwan.com/events/category/wow-women/list?tribe-bar-date=2024-12-20" "Mozilla/5.0 (Linux; Android 7.0;) AppleWebKit/537.36 (KHTML, like Gecko) Mobile Safari/537.36 (compatible; PetalBot;+https://webmaster.petalsearch.com/site/petalbot)"
2a01:4f9:5a:1745::2 - - [15/Mar/2026:23:33:32 +0545] "POST /wp-admin/admin-ajax.php?action=async_litespeed&nonce=661b1bd860&litespeed_type=imgoptm HTTP/1.1" 200 5 "-" "WordPress/6.9.4; https://www.betterchitwan.com"
114.119.138.172 - - [15/Mar/2026:23:34:31 +0545] "GET /events/category/wow-women/list/?tribe-bar-date=2024-12-16 HTTP/1.1" 404 796 "https://www.betterchitwan.com/events/category/wow-women/list?tribe-bar-date=2024-12-16" "Mozilla/5.0 (Linux; Android 7.0;) AppleWebKit/537.36 (KHTML, like Gecko) Mobile Safari/537.36 (compatible; PetalBot;+https://webmaster.petalsearch.com/site/petalbot)"
3.70.126.251 - - [15/Mar/2026:23:37:02 +0545] "POST /xmlrpc.php HTTP/1.1" 200 4856 "-" "Mozilla/5.0 (Windows NT 10.0; Win64; x64) AppleWebKit/537.36 (KHTML, like Gecko) Chrome/108.0.0.0 Safari/537.36"
2a01:4f9:5a:1745::2 - - [15/Mar/2026:23:38:31 +0545] "POST /wp-admin/admin-ajax.php?action=async_litespeed&nonce=661b1bd860&litespeed_type=imgoptm HTTP/1.1" 200 5 "-" "WordPress/6.9.4; https://www.betterchitwan.com"
95.141.43.12 - - [15/Mar/2026:23:39:36 +0545] "POST /xmlrpc.php HTTP/1.1" 200 106 "-" "Mozilla/5.0 (Windows NT 10.0; Win64; x64) AppleWebKit/537.36 (KHTML, like Gecko) Chrome/120.0.0.0 Safari/537.36"
195.225.49.149 - - [15/Mar/2026:23:39:52 +0545] "POST /xmlrpc.php HTTP/1.1" 200 186 "-" "Mozilla/5.0 (Windows NT 10.0; x86) AppleWebKit/537.36 (KHTML, like Gecko) Opera/77.0.0.0 Safari/537.36"
195.225.49.149 - - [15/Mar/2026:23:40:29 +0545] "POST /xmlrpc.php HTTP/1.1" 200 186 "-" "Mozilla/5.0 (Macintosh; Intel Mac OS X 10_15_7; x64) AppleWebKit/537.36 (KHTML, like Gecko) Firefox/92.0.0.0 Safari/537.36"
2a01:4f9:5a:1745::2 - - [15/Mar/2026:23:40:30 +0545] "POST /wp-admin/admin-ajax.php?action=async_litespeed&nonce=661b1bd860&litespeed_type=imgoptm HTTP/1.1" 200 5 "-" "WordPress/6.9.4; https://www.betterchitwan.com"
195.225.49.149 - - [15/Mar/2026:23:41:38 +0545] "POST /xmlrpc.php HTTP/1.1" 200 186 "-" "Mozilla/5.0 (Windows NT 10.0; x86) AppleWebKit/537.36 (KHTML, like Gecko) Safari/10.0.0.0 Safari/537.36"
2a01:4f9:5a:1745::2 - - [15/Mar/2026:23:43:40 +0545] "POST /wp-admin/admin-ajax.php?action=async_litespeed&nonce=661b1bd860&litespeed_type=imgoptm HTTP/1.1" 200 5 "-" "WordPress/6.9.4; https://www.betterchitwan.com"
2a01:4f9:5a:1745::2 - - [15/Mar/2026:23:45:10 +0545] "POST /wp-admin/admin-ajax.php?action=async_litespeed&nonce=661b1bd860&litespeed_type=imgoptm HTTP/1.1" 200 5 "-" "WordPress/6.9.4; https://www.betterchitwan.com"
2a01:4f9:5a:1745::2 - - [15/Mar/2026:23:46:09 +0545] "POST /wp-admin/admin-ajax.php?action=async_litespeed&nonce=661b1bd860&litespeed_type=imgoptm HTTP/1.1" 200 5 "-" "WordPress/6.9.4; https://www.betterchitwan.com"
2a01:4f9:5a:1745::2 - - [15/Mar/2026:23:46:57 +0545] "POST /wp-cron.php?doing_wp_cron=1773597717.5256268978118896484375 HTTP/1.1" 200 0 "-" "WordPress/6.9.4; https://www.betterchitwan.com"
195.225.49.149 - - [15/Mar/2026:23:48:03 +0545] "POST /xmlrpc.php HTTP/1.1" 200 186 "-" "Mozilla/5.0 (Macintosh; Intel Mac OS X 10_15_7; arm64) AppleWebKit/537.36 (KHTML, like Gecko) Safari/15.0.0.0 Safari/537.36"
2a01:4f9:5a:1745::2 - - [15/Mar/2026:23:35:33 +0545] "POST /wp-cron.php?doing_wp_cron=1773597032.8912360668182373046875 HTTP/1.1" 200 0 "-" "WordPress/6.9.4; https://www.betterchitwan.com"
2a01:4f9:5a:1745::2 - - [15/Mar/2026:23:35:33 +0545] "POST /wp-admin/admin-ajax.php?action=async_litespeed&nonce=661b1bd860&litespeed_type=imgoptm HTTP/1.1" 200 5 "-" "WordPress/6.9.4; https://www.betterchitwan.com"
2a01:4f9:5a:1745::2 - - [15/Mar/2026:23:36:35 +0545] "POST /wp-cron.php?doing_wp_cron=1773597095.7231531143188476562500 HTTP/1.1" 200 0 "-" "WordPress/6.9.4; https://www.betterchitwan.com"
2a01:4f9:5a:1745::2 - - [15/Mar/2026:23:39:36 +0545] "POST /wp-admin/admin-ajax.php?action=async_litespeed&nonce=661b1bd860&litespeed_type=imgoptm HTTP/1.1" 200 5 "-" "WordPress/6.9.4; https://www.betterchitwan.com"
2a01:4f9:5a:1745::2 - - [15/Mar/2026:23:42:38 +0545] "POST /wp-cron.php?doing_wp_cron=1773597458.6417078971862792968750 HTTP/1.1" 200 0 "-" "WordPress/6.9.4; https://www.betterchitwan.com"
114.119.138.172 - - [15/Mar/2026:23:44:01 +0545] "GET /events/category/wow-women/list/?tribe-bar-date=2024-10-26&ical=1 HTTP/1.1" 404 796 "https://www.betterchitwan.com/events/category/wow-women/list/?tribe-bar-date=2024-10-26" "Mozilla/5.0 (Linux; Android 7.0;) AppleWebKit/537.36 (KHTML, like Gecko) Mobile Safari/537.36 (compatible; PetalBot;+https://webmaster.petalsearch.com/site/petalbot)"
2a01:4f9:5a:1745::2 - - [15/Mar/2026:23:45:09 +0545] "POST /wp-cron.php?doing_wp_cron=1773597609.6067628860473632812500 HTTP/1.1" 200 0 "-" "WordPress/6.9.4; https://www.betterchitwan.com"
195.225.49.149 - - [15/Mar/2026:23:32:38 +0545] "POST /xmlrpc.php HTTP/1.1" 200 186 "-" "Mozilla/5.0 (X11; Ubuntu; Linux x86_64; x86) AppleWebKit/537.36 (KHTML, like Gecko) Edge/91.0.0.0 Safari/537.36"
2a01:4f9:5a:1745::2 - - [15/Mar/2026:23:33:31 +0545] "POST /wp-cron.php?doing_wp_cron=1773596911.7455649375915527343750 HTTP/1.1" 200 0 "-" "WordPress/6.9.4; https://www.betterchitwan.com"
2a01:4f9:5a:1745::2 - - [15/Mar/2026:23:34:27 +0545] "POST /wp-cron.php?doing_wp_cron=1773596967.8406140804290771484375 HTTP/1.1" 200 0 "-" "WordPress/6.9.4; https://www.betterchitwan.com"
109.248.149.118 - - [15/Mar/2026:23:36:34 +0545] "POST /xmlrpc.php HTTP/1.1" 200 109 "-" "Mozilla/5.0 (Macintosh; Intel Mac OS X 12_5) AppleWebKit/537.36 (KHTML, like Gecko) Chrome/114.0.0.0 Safari/537.36 OPR/89.0.4447.51"
195.225.49.149 - - [15/Mar/2026:23:37:34 +0545] "POST /xmlrpc.php HTTP/1.1" 200 186 "-" "Mozilla/5.0 (X11; Ubuntu; Linux x86_64; x64) AppleWebKit/537.36 (KHTML, like Gecko) Safari/13.0.0.0 Safari/537.36"
2a01:4f9:5a:1745::2 - - [15/Mar/2026:23:40:29 +0545] "POST /wp-cron.php?doing_wp_cron=1773597329.8102660179138183593750 HTTP/1.1" 200 0 "-" "WordPress/6.9.4; https://www.betterchitwan.com"
2a01:4f9:5a:1745::2 - - [15/Mar/2026:23:41:39 +0545] "POST /wp-cron.php?doing_wp_cron=1773597399.0959959030151367187500 HTTP/1.1" 200 0 "-" "WordPress/6.9.4; https://www.betterchitwan.com"
195.225.49.149 - - [15/Mar/2026:23:45:08 +0545] "POST /xmlrpc.php HTTP/1.1" 200 186 "-" "Mozilla/5.0 (Linux; Android 10; x86) AppleWebKit/537.36 (KHTML, like Gecko) Edge/89.0.0.0 Safari/537.36"
2a01:4f9:5a:1745::2 - - [15/Mar/2026:23:48:04 +0545] "POST /wp-admin/admin-ajax.php?action=async_litespeed&nonce=661b1bd860&litespeed_type=imgoptm HTTP/1.1" 200 5 "-" "WordPress/6.9.4; https://www.betterchitwan.com"
114.119.138.172 - - [15/Mar/2026:23:35:53 +0545] "GET /events/category/wow-women/list/?tribe-bar-date=2024-12-12&eventDisplay=past&ical=1 HTTP/1.1" 404 796 "https://www.betterchitwan.com/events/category/wow-women/list/?tribe-bar-date=2024-12-12&eventDisplay=past" "Mozilla/5.0 (Linux; Android 7.0;) AppleWebKit/537.36 (KHTML, like Gecko) Mobile Safari/537.36 (compatible; PetalBot;+https://webmaster.petalsearch.com/site/petalbot)"
195.225.49.149 - - [15/Mar/2026:23:36:27 +0545] "POST /xmlrpc.php HTTP/1.1" 200 186 "-" "Mozilla/5.0 (Windows NT 6.2; x64) AppleWebKit/537.36 (KHTML, like Gecko) Chrome/93.0.0.0 Safari/537.36"
109.248.149.118 - - [15/Mar/2026:23:36:36 +0545] "POST /xmlrpc.php HTTP/1.1" 200 4818 "-" "Mozilla/5.0 (Macintosh; Intel Mac OS X 12_5) AppleWebKit/537.36 (KHTML, like Gecko) Chrome/114.0.0.0 Safari/537.36 OPR/89.0.4447.51"
43.155.125.238 - - [15/Mar/2026:23:37:59 +0545] "GET /wp-content/uploads/2023/01/YMC-Youth-Forum1-724x1024.jpg HTTP/1.1" 200 118363 "-" "Mozilla/5.0 (Windows NT 10.0; Win64; x64) AppleWebKit/537.36"
95.141.43.12 - - [15/Mar/2026:23:39:35 +0545] "POST /xmlrpc.php HTTP/1.1" 200 3130 "-" "Mozilla/5.0 (Windows NT 10.0; Win64; x64) AppleWebKit/537.36 (KHTML, like Gecko) Chrome/120.0.0.0 Safari/537.36"
54.37.118.67 - - [15/Mar/2026:23:41:45 +0545] "GET /pin-up-kazino-oficialnyj-sajt-pin-ap-vhod-na-131/ HTTP/1.1" 404 796 "-" "Mozilla/5.0 (compatible; AhrefsBot/7.0; +http://ahrefs.com/robot/)"
2a01:4f9:5a:1745::2 - - [15/Mar/2026:23:48:04 +0545] "POST /wp-cron.php?doing_wp_cron=1773597783.9703071117401123046875 HTTP/1.1" 200 0 "-" "WordPress/6.9.4; https://www.betterchitwan.com"
2a01:4f9:5a:1745::2 - - [15/Mar/2026:23:31:33 +0545] "POST /wp-cron.php?doing_wp_cron=1773596793.3305230140686035156250 HTTP/1.1" 200 0 "-" "WordPress/6.9.4; https://www.betterchitwan.com"
195.225.49.149 - - [15/Mar/2026:23:33:31 +0545] "POST /xmlrpc.php HTTP/1.1" 200 186 "-" "Mozilla/5.0 (Linux; Android 10; arm64) AppleWebKit/537.36 (KHTML, like Gecko) Edge/93.0.0.0 Safari/537.36"
2a01:4f9:5a:1745::2 - - [15/Mar/2026:23:36:59 +0545] "POST /wp-cron.php?doing_wp_cron=1773597119.0977680683135986328125 HTTP/1.1" 200 0 "-" "WordPress/6.9.4; https://www.betterchitwan.com"
2a01:4f9:5a:1745::2 - - [15/Mar/2026:23:39:36 +0545] "POST /wp-cron.php?doing_wp_cron=1773597275.8710079193115234375000 HTTP/1.1" 200 0 "-" "WordPress/6.9.4; https://www.betterchitwan.com"
2a01:4f9:5a:1745::2 - - [15/Mar/2026:23:43:39 +0545] "POST /wp-cron.php?doing_wp_cron=1773597519.7053248882293701171875 HTTP/1.1" 200 0 "-" "WordPress/6.9.4; https://www.betterchitwan.com"
195.225.49.149 - - [15/Mar/2026:23:43:39 +0545] "POST /xmlrpc.php HTTP/1.1" 200 186 "-" "Mozilla/5.0 (X11; Ubuntu; Linux x86_64; arm64) AppleWebKit/537.36 (KHTML, like Gecko) Chrome/91.0.0.0 Safari/537.36"
2a01:4f9:5a:1745::2 - - [15/Mar/2026:23:50:12 +0545] "POST /wp-admin/admin-ajax.php?action=async_litespeed&nonce=661b1bd860&litespeed_type=imgoptm HTTP/1.1" 200 5 "-" "WordPress/6.9.4; https://www.betterchitwan.com"
2a01:4f9:5a:1745::2 - - [15/Mar/2026:23:48:16 +0545] "POST /wp-cron.php?doing_wp_cron=1773597796.4930040836334228515625 HTTP/1.1" 200 0 "-" "WordPress/6.9.4; https://www.betterchitwan.com"
2a01:4f9:5a:1745::2 - - [15/Mar/2026:23:50:11 +0545] "POST /wp-cron.php?doing_wp_cron=1773597911.5499300956726074218750 HTTP/1.1" 200 0 "-" "WordPress/6.9.4; https://www.betterchitwan.com"
2a01:4f9:5a:1745::2 - - [15/Mar/2026:23:49:00 +0545] "POST /wp-cron.php?doing_wp_cron=1773597840.4580080509185791015625 HTTP/1.1" 200 0 "-" "WordPress/6.9.4; https://www.betterchitwan.com"
114.119.128.196 - - [15/Mar/2026:23:48:17 +0545] "GET /events/category/wow-women/list/?tribe-bar-date=2024-10-14&outlook-ical=1 HTTP/1.1" 404 796 "https://www.betterchitwan.com/events/category/wow-women/list/?tribe-bar-date=2024-10-14" "Mozilla/5.0 (Linux; Android 7.0;) AppleWebKit/537.36 (KHTML, like Gecko) Mobile Safari/537.36 (compatible; PetalBot;+https://webmaster.petalsearch.com/site/petalbot)"
15.237.42.244 - - [15/Mar/2026:23:48:17 +0545] "POST /xmlrpc.php HTTP/1.1" 200 2743 "-" "Mozilla/5.0 (Windows NT 10.0; Win64; x64) AppleWebKit/537.36 (KHTML, like Gecko) Chrome/79.0.3945.130 Safari/537.36"
2a01:4f9:5a:1745::2 - - [15/Mar/2026:23:49:01 +0545] "POST /wp-admin/admin-ajax.php?action=async_litespeed&nonce=661b1bd860&litespeed_type=imgoptm HTTP/1.1" 200 5 "-" "WordPress/6.9.4; https://www.betterchitwan.com"
15.237.42.244 - - [15/Mar/2026:23:48:15 +0545] "POST /xmlrpc.php HTTP/1.1" 200 106 "-" "Mozilla/5.0 (Windows NT 10.0; Win64; x64) AppleWebKit/537.36 (KHTML, like Gecko) Chrome/79.0.3945.130 Safari/537.36"
195.225.49.149 - - [15/Mar/2026:23:48:59 +0545] "POST /xmlrpc.php HTTP/1.1" 200 186 "-" "Mozilla/5.0 (Macintosh; Intel Mac OS X 10_15_7; x64) AppleWebKit/537.36 (KHTML, like Gecko) Firefox/87.0.0.0 Safari/537.36"
195.225.49.149 - - [15/Mar/2026:23:50:10 +0545] "POST /xmlrpc.php HTTP/1.1" 200 186 "-" "Mozilla/5.0 (Macintosh; Intel Mac OS X 10_15_7; arm64) AppleWebKit/537.36 (KHTML, like Gecko) Edge/88.0.0.0 Safari/537.36"
15.237.42.244 - - [15/Mar/2026:23:48:13 +0545] "POST /xmlrpc.php HTTP/1.1" 200 3130 "-" "Mozilla/5.0 (Windows NT 10.0; Win64; x64) AppleWebKit/537.36 (KHTML, like Gecko) Chrome/79.0.3945.130 Safari/537.36"
114.119.138.172 - - [15/Mar/2026:23:54:59 +0545] "GET /events/category/wow-women/list/?tribe-bar-date=2024-09-29 HTTP/1.1" 404 796 "https://www.betterchitwan.com/events/category/wow-women/list/?tribe-bar-date=2024-09-29&eventDisplay=past" "Mozilla/5.0 (Linux; Android 7.0;) AppleWebKit/537.36 (KHTML, like Gecko) Mobile Safari/537.36 (compatible; PetalBot;+https://webmaster.petalsearch.com/site/petalbot)"
114.119.128.196 - - [15/Mar/2026:23:52:26 +0545] "GET /events/category/wow-women/list/?tribe-bar-date=2024-10-03&eventDisplay=past HTTP/1.1" 404 796 "https://www.betterchitwan.com/events/category/wow-women/list/?tribe-bar-date=2024-10-03&eventDisplay=past" "Mozilla/5.0 (Linux; Android 7.0;) AppleWebKit/537.36 (KHTML, like Gecko) Mobile Safari/537.36 (compatible; PetalBot;+https://webmaster.petalsearch.com/site/petalbot)"
43.128.149.102 - - [15/Mar/2026:23:53:03 +0545] "GET /explora-tesoros-ocultos-y-evita-la-detonacion-maximiza-tus/ HTTP/1.1" 404 796 "-" "Mozilla/5.0 (iPhone; CPU iPhone OS 13_2_3 like Mac OS X) AppleWebKit/605.1.15 (KHTML, like Gecko) Version/13.0.3 Mobile/15E148 Safari/604.1"
5.39.1.248 - - [15/Mar/2026:23:54:05 +0545] "GET /lart-subtil-de-la-chute-plinko-avis-transformez/ HTTP/1.1" 404 796 "-" "Mozilla/5.0 (compatible; AhrefsBot/7.0; +http://ahrefs.com/robot/)"
114.119.136.5 - - [15/Mar/2026:23:57:33 +0545] "GET /events/category/wow-women/list/?tribe-bar-date=2024-09-26&eventDisplay=past HTTP/1.1" 404 796 "https://www.betterchitwan.com/events/category/wow-women/list/?tribe-bar-date=2024-09-26" "Mozilla/5.0 (Linux; Android 7.0;) AppleWebKit/537.36 (KHTML, like Gecko) Mobile Safari/537.36 (compatible; PetalBot;+https://webmaster.petalsearch.com/site/petalbot)"
114.119.145.188 - - [16/Mar/2026:00:04:02 +0545] "GET /events/category/wow-women/list/?tribe-bar-date=2024-09-08&eventDisplay=past HTTP/1.1" 404 796 "https://www.betterchitwan.com/events/category/wow-women/list/?tribe-bar-date=2024-09-08&eventDisplay=past" "Mozilla/5.0 (Linux; Android 7.0;) AppleWebKit/537.36 (KHTML, like Gecko) Mobile Safari/537.36 (compatible; PetalBot;+https://webmaster.petalsearch.com/site/petalbot)"
114.119.128.196 - - [16/Mar/2026:00:00:30 +0545] "GET /events/category/wow-women/list/?tribe-bar-date=2024-09-23&eventDisplay=past HTTP/1.1" 404 796 "https://www.betterchitwan.com/events/category/wow-women/list/?tribe-bar-date=2024-09-23&eventDisplay=past" "Mozilla/5.0 (Linux; Android 7.0;) AppleWebKit/537.36 (KHTML, like Gecko) Mobile Safari/537.36 (compatible; PetalBot;+https://webmaster.petalsearch.com/site/petalbot)"
192.178.6.65 - - [16/Mar/2026:00:01:17 +0545] "GET /lander?eventDisplay=past&tribe-bar-date=2025-11-23 HTTP/1.1" 404 796 "-" "Mozilla/5.0 (Linux; Android 6.0.1; Nexus 5X Build/MMB29P) AppleWebKit/537.36 (KHTML, like Gecko) Chrome/145.0.7632.116 Mobile Safari/537.36 (compatible; Googlebot/2.1; +http://www.google.com/bot.html)"
43.130.40.120 - - [16/Mar/2026:00:03:24 +0545] "GET /online-casinos-in-australia-complete-review-2000/ HTTP/1.1" 404 796 "-" "Mozilla/5.0 (iPhone; CPU iPhone OS 13_2_3 like Mac OS X) AppleWebKit/605.1.15 (KHTML, like Gecko) Version/13.0.3 Mobile/15E148 Safari/604.1"
114.119.136.5 - - [15/Mar/2026:23:59:18 +0545] "GET /events/category/wow-women/list/?tribe-bar-date=2024-09-25 HTTP/1.1" 404 796 "https://www.betterchitwan.com/events/category/wow-women/list/?tribe-bar-date=2024-09-25" "Mozilla/5.0 (Linux; Android 7.0;) AppleWebKit/537.36 (KHTML, like Gecko) Mobile Safari/537.36 (compatible; PetalBot;+https://webmaster.petalsearch.com/site/petalbot)"
204.12.208.18 - - [16/Mar/2026:00:02:38 +0545] "GET /wp-content/ad7f3ece/index.php HTTP/1.1" 200 0 "https://betterchitwan.com/wp-content/ad7f3ece/index.php" "Mozilla/5.0 (compatible; MSIE 10.0; Windows NT 6.2; WOW64; Trident/6.0)"
54.37.118.75 - - [16/Mar/2026:00:00:13 +0545] "GET /kazino-onlajn-2026-igrajte-s-uverennostju-i-333/ HTTP/1.1" 404 796 "-" "Mozilla/5.0 (compatible; AhrefsBot/7.0; +http://ahrefs.com/robot/)"
2a01:4f9:5a:1745::2 - - [16/Mar/2026:00:09:57 +0545] "POST /wp-admin/admin-ajax.php?action=async_litespeed&nonce=661b1bd860&litespeed_type=imgoptm HTTP/1.1" 200 5 "-" "WordPress/6.9.4; https://www.betterchitwan.com"
91.84.124.42 - - [16/Mar/2026:00:10:02 +0545] "GET /blog/ HTTP/1.1" 404 796 "https://www.betterchitwan.com/blog/" "Mozilla/5.0 (Windows NT 10.0; Win64; x64) AppleWebKit/537.36 (KHTML, like Gecko) Chrome/130.0.0.0 Safari/537.36 CCleaner/130.0.0.0"
91.84.124.42 - - [16/Mar/2026:00:10:02 +0545] "GET / HTTP/1.1" 200 26894 "https://www.betterchitwan.com/" "Mozilla/5.0 (Windows NT 10.0; Win64; x64) AppleWebKit/537.36 (KHTML, like Gecko) Chrome/130.0.0.0 Safari/537.36 CCleaner/130.0.0.0"
2a01:4f9:5a:1745::2 - - [16/Mar/2026:00:10:09 +0545] "GET /wp-content/uploads/2019/11/divider.svg HTTP/1.1" 404 796 "-" "-"
91.84.124.42 - - [16/Mar/2026:00:10:10 +0545] "GET /%d0%bb%d1%83%d1%87%d1%88%d0%b8%d0%b5-%d0%be%d0%bd%d0%bb%d0%b0%d0%b9%d0%bd-%d0%ba%d0%b0%d0%b7%d0%b8%d0%bd%d0%be-2025-%d1%81-%d0%b2%d1%8b%d1%81%d0%be%d0%ba%d0%b8%d0%bc%d0%b8-%d1%88%d0%b0%d0%bd%d1%81/ HTTP/1.1" 404 796 "https://www.betterchitwan.com/%d0%bb%d1%83%d1%87%d1%88%d0%b8%d0%b5-%d0%be%d0%bd%d0%bb%d0%b0%d0%b9%d0%bd-%d0%ba%d0%b0%d0%b7%d0%b8%d0%bd%d0%be-2025-%d1%81-%d0%b2%d1%8b%d1%81%d0%be%d0%ba%d0%b8%d0%bc%d0%b8-%d1%88%d0%b0%d0%bd%d1%81/" "Mozilla/5.0 (Windows NT 10.0; Win64; x64) AppleWebKit/537.36 (KHTML, like Gecko) Chrome/130.0.0.0 Safari/537.36 CCleaner/130.0.0.0"
91.84.124.42 - - [16/Mar/2026:00:10:10 +0545] "GET / HTTP/1.1" 200 26900 "https://www.betterchitwan.com/" "Mozilla/5.0 (Windows NT 10.0; Win64; x64) AppleWebKit/537.36 (KHTML, like Gecko) Chrome/130.0.0.0 Safari/537.36 CCleaner/130.0.0.0"
2a01:4f9:5a:1745::2 - - [16/Mar/2026:00:12:35 +0545] "POST /wp-admin/admin-ajax.php?action=async_litespeed&nonce=661b1bd860&litespeed_type=imgoptm HTTP/1.1" 200 5 "-" "WordPress/6.9.4; https://www.betterchitwan.com"
2a01:4f9:5a:1745::2 - - [16/Mar/2026:00:09:56 +0545] "POST /wp-cron.php?doing_wp_cron=1773599096.7041029930114746093750 HTTP/1.1" 200 0 "-" "WordPress/6.9.4; https://www.betterchitwan.com"
91.84.124.42 - - [16/Mar/2026:00:09:56 +0545] "GET / HTTP/1.1" 200 26893 "https://www.betterchitwan.com/" "Mozilla/5.0 (Windows NT 10.0; Win64; x64) AppleWebKit/537.36 (KHTML, like Gecko) Chrome/130.0.0.0 Safari/537.36 CCleaner/130.0.0.0"
91.84.124.42 - - [16/Mar/2026:00:09:59 +0545] "GET /blog/ HTTP/1.1" 404 796 "https://www.betterchitwan.com/blog/" "Mozilla/5.0 (Windows NT 10.0; Win64; x64) AppleWebKit/537.36 (KHTML, like Gecko) Chrome/130.0.0.0 Safari/537.36 CCleaner/130.0.0.0"
2a01:4f9:5a:1745::2 - - [16/Mar/2026:00:10:01 +0545] "GET /wp-content/uploads/2019/11/divider.svg HTTP/1.1" 404 796 "-" "-"
114.119.138.172 - - [16/Mar/2026:00:11:48 +0545] "GET /events/category/wow-women/list/?tribe-bar-date=2024-08-16&eventDisplay=past HTTP/1.1" 404 796 "https://www.betterchitwan.com/events/category/wow-women/list/?tribe-bar-date=2024-08-16" "Mozilla/5.0 (Linux; Android 7.0;) AppleWebKit/537.36 (KHTML, like Gecko) Mobile Safari/537.36 (compatible; PetalBot;+https://webmaster.petalsearch.com/site/petalbot)"
2a01:4f9:5a:1745::2 - - [16/Mar/2026:00:12:37 +0545] "POST /wp-cron.php?doing_wp_cron=1773599257.1081480979919433593750 HTTP/1.1" 200 0 "-" "WordPress/6.9.4; https://www.betterchitwan.com"
91.84.124.42 - - [16/Mar/2026:00:10:07 +0545] "GET / HTTP/1.1" 200 26898 "https://www.betterchitwan.com/" "Mozilla/5.0 (Windows NT 10.0; Win64; x64) AppleWebKit/537.36 (KHTML, like Gecko) Chrome/130.0.0.0 Safari/537.36 CCleaner/130.0.0.0"
152.233.16.12 - - [16/Mar/2026:00:12:33 +0545] "POST /xmlrpc.php HTTP/1.1" 200 3130 "-" "Mozilla/5.0 (Windows NT 10.0; Win64; x64) AppleWebKit/537.36 (KHTML, like Gecko) Chrome/122.0.0.0 Safari/537.36"
91.84.124.42 - - [16/Mar/2026:00:09:59 +0545] "GET / HTTP/1.1" 200 26893 "https://www.betterchitwan.com/" "Mozilla/5.0 (Windows NT 10.0; Win64; x64) AppleWebKit/537.36 (KHTML, like Gecko) Chrome/130.0.0.0 Safari/537.36 CCleaner/130.0.0.0"
2a01:4f9:5a:1745::2 - - [16/Mar/2026:00:10:06 +0545] "GET /wp-content/uploads/2019/11/divider.svg HTTP/1.1" 404 796 "-" "-"
114.119.131.235 - - [16/Mar/2026:00:08:14 +0545] "GET /events/category/wow-women/list/?tribe-bar-date=2024-08-31&eventDisplay=past HTTP/1.1" 404 796 "https://www.betterchitwan.com/events/category/wow-women/list?tribe-bar-date=2024-08-31&eventDisplay=past" "Mozilla/5.0 (Linux; Android 7.0;) AppleWebKit/537.36 (KHTML, like Gecko) Mobile Safari/537.36 (compatible; PetalBot;+https://webmaster.petalsearch.com/site/petalbot)"
2a01:4f9:5a:1745::2 - - [16/Mar/2026:00:09:58 +0545] "GET /wp-content/uploads/2019/11/divider.svg HTTP/1.1" 404 796 "-" "-"
2a01:4f9:5a:1745::2 - - [16/Mar/2026:00:10:02 +0545] "POST /wp-cron.php?doing_wp_cron=1773599101.9398589134216308593750 HTTP/1.1" 200 0 "-" "WordPress/6.9.4; https://www.betterchitwan.com"
2a01:4f9:5a:1745::2 - - [16/Mar/2026:00:10:04 +0545] "GET /wp-content/uploads/2019/11/divider.svg HTTP/1.1" 404 796 "-" "-"
91.84.124.42 - - [16/Mar/2026:00:10:05 +0545] "GET / HTTP/1.1" 200 26895 "https://www.betterchitwan.com/" "Mozilla/5.0 (Windows NT 10.0; Win64; x64) AppleWebKit/537.36 (KHTML, like Gecko) Chrome/130.0.0.0 Safari/537.36 CCleaner/130.0.0.0"
5.39.1.233 - - [16/Mar/2026:00:06:07 +0545] "GET /bookmakers-hors-arjel-en-france-inscription-1320/ HTTP/1.1" 404 796 "-" "Mozilla/5.0 (compatible; AhrefsBot/7.0; +http://ahrefs.com/robot/)"
91.84.124.42 - - [16/Mar/2026:00:09:55 +0545] "GET / HTTP/1.1" 301 0 "https://betterchitwan.com/" "Mozilla/5.0 (Windows NT 10.0; Win64; x64) AppleWebKit/537.36 (KHTML, like Gecko) Chrome/130.0.0.0 Safari/537.36 CCleaner/130.0.0.0"
2a01:4f9:5a:1745::2 - - [16/Mar/2026:00:10:03 +0545] "POST /wp-admin/admin-ajax.php?action=async_litespeed&nonce=661b1bd860&litespeed_type=imgoptm HTTP/1.1" 200 5 "-" "WordPress/6.9.4; https://www.betterchitwan.com"
5.39.1.243 - - [16/Mar/2026:00:11:46 +0545] "GET /.lsrecap/recaptcha?tribe-bar-date=2025-04-22 HTTP/1.1" 404 796 "-" "Mozilla/5.0 (compatible; AhrefsBot/7.0; +http://ahrefs.com/robot/)"
152.233.16.12 - - [16/Mar/2026:00:12:34 +0545] "POST /xmlrpc.php HTTP/1.1" 200 106 "-" "Mozilla/5.0 (Windows NT 10.0; Win64; x64) AppleWebKit/537.36 (KHTML, like Gecko) Chrome/122.0.0.0 Safari/537.36"
152.233.16.12 - - [16/Mar/2026:00:12:36 +0545] "POST /xmlrpc.php HTTP/1.1" 200 3592 "-" "Mozilla/5.0 (Windows NT 10.0; Win64; x64) AppleWebKit/537.36 (KHTML, like Gecko) Chrome/122.0.0.0 Safari/537.36"
2a01:4f9:5a:1745::2 - - [16/Mar/2026:00:09:56 +0545] "POST /wp-cron.php?doing_wp_cron=1773599096.4522700309753417968750 HTTP/1.1" 200 0 "-" "WordPress/6.9.4; https://www.betterchitwan.com"
91.84.124.42 - - [16/Mar/2026:00:10:05 +0545] "GET /blog/ HTTP/1.1" 404 796 "https://www.betterchitwan.com/blog/" "Mozilla/5.0 (Windows NT 10.0; Win64; x64) AppleWebKit/537.36 (KHTML, like Gecko) Chrome/130.0.0.0 Safari/537.36 CCleaner/130.0.0.0"
91.84.124.42 - - [16/Mar/2026:00:10:07 +0545] "GET /%d0%bb%d1%83%d1%87%d1%88%d0%b8%d0%b5-%d0%be%d0%bd%d0%bb%d0%b0%d0%b9%d0%bd-%d0%ba%d0%b0%d0%b7%d0%b8%d0%bd%d0%be-2025-%d1%81-%d0%b2%d1%8b%d1%81%d0%be%d0%ba%d0%b8%d0%bc%d0%b8-%d1%88%d0%b0%d0%bd%d1%81/ HTTP/1.1" 404 796 "https://www.betterchitwan.com/%d0%bb%d1%83%d1%87%d1%88%d0%b8%d0%b5-%d0%be%d0%bd%d0%bb%d0%b0%d0%b9%d0%bd-%d0%ba%d0%b0%d0%b7%d0%b8%d0%bd%d0%be-2025-%d1%81-%d0%b2%d1%8b%d1%81%d0%be%d0%ba%d0%b8%d0%bc%d0%b8-%d1%88%d0%b0%d0%bd%d1%81/" "Mozilla/5.0 (Windows NT 10.0; Win64; x64) AppleWebKit/537.36 (KHTML, like Gecko) Chrome/130.0.0.0 Safari/537.36 CCleaner/130.0.0.0"
2a01:4f9:5a:1745::2 - - [16/Mar/2026:00:10:11 +0545] "GET /wp-content/uploads/2019/11/divider.svg HTTP/1.1" 404 796 "-" "-"
2a01:4f9:5a:1745::2 - - [16/Mar/2026:00:12:34 +0545] "POST /wp-cron.php?doing_wp_cron=1773599254.1001040935516357421875 HTTP/1.1" 200 0 "-" "WordPress/6.9.4; https://www.betterchitwan.com"
114.119.136.5 - - [16/Mar/2026:00:13:15 +0545] "GET /events/category/wow-women/list/?tribe-bar-date=2024-08-15&ical=1 HTTP/1.1" 404 796 "https://www.betterchitwan.com/events/category/wow-women/list/?tribe-bar-date=2024-08-15" "Mozilla/5.0 (Linux; Android 7.0;) AppleWebKit/537.36 (KHTML, like Gecko) Mobile Safari/537.36 (compatible; PetalBot;+https://webmaster.petalsearch.com/site/petalbot)"
2a01:4f9:5a:1745::2 - - [16/Mar/2026:00:15:28 +0545] "POST /wp-cron.php?doing_wp_cron=1773599428.4348099231719970703125 HTTP/1.1" 200 0 "-" "WordPress/6.9.4; https://www.betterchitwan.com"
92.222.108.98 - - [16/Mar/2026:00:17:12 +0545] "GET /events/category/youth-motivators-club-ymc/today/ HTTP/1.1" 404 796 "-" "Mozilla/5.0 (compatible; AhrefsBot/7.0; +http://ahrefs.com/robot/)"
54.37.118.79 - - [16/Mar/2026:00:22:29 +0545] "GET /shop/ HTTP/1.1" 404 796 "-" "Mozilla/5.0 (compatible; AhrefsBot/7.0; +http://ahrefs.com/robot/)"
2a01:4f9:5a:1745::2 - - [16/Mar/2026:00:15:25 +0545] "POST /wp-cron.php?doing_wp_cron=1773599425.0854129791259765625000 HTTP/1.1" 200 0 "-" "WordPress/6.9.4; https://www.betterchitwan.com"
198.244.183.0 - - [16/Mar/2026:00:22:25 +0545] "GET /robots.txt HTTP/1.1" 304 0 "-" "Mozilla/5.0 (compatible; AhrefsBot/7.0; +http://ahrefs.com/robot/)"
217.79.117.135 - - [16/Mar/2026:00:15:24 +0545] "POST /xmlrpc.php HTTP/1.1" 200 3130 "-" "Mozilla/5.0 (X11; Linux x86_64) AppleWebKit/537.36 (KHTML, like Gecko) Chrome/114.0.0.0 Safari/537.36 OPR/89.0.4447.51"
217.79.117.135 - - [16/Mar/2026:00:15:27 +0545] "POST /xmlrpc.php HTTP/1.1" 200 3324 "-" "Mozilla/5.0 (X11; Linux x86_64) AppleWebKit/537.36 (KHTML, like Gecko) Chrome/114.0.0.0 Safari/537.36 OPR/89.0.4447.51"
109.75.50.19 - - [16/Mar/2026:00:21:31 +0545] "GET /wp-login.php HTTP/1.1" 200 974 "-" "Mozilla/5.0 (Windows NT 10.0; Win64; x64) AppleWebKit/537.36 (KHTML, like Gecko) Chrome/142.0.0.0 Safari/537.36"
2a01:4f9:5a:1745::2 - - [16/Mar/2026:00:15:25 +0545] "POST /wp-admin/admin-ajax.php?action=async_litespeed&nonce=661b1bd860&litespeed_type=imgoptm HTTP/1.1" 200 5 "-" "WordPress/6.9.4; https://www.betterchitwan.com"
217.79.117.135 - - [16/Mar/2026:00:15:26 +0545] "POST /xmlrpc.php HTTP/1.1" 200 109 "-" "Mozilla/5.0 (X11; Linux x86_64) AppleWebKit/537.36 (KHTML, like Gecko) Chrome/114.0.0.0 Safari/537.36 OPR/89.0.4447.51"
169.150.235.55 - - [16/Mar/2026:00:23:44 +0545] "POST /xmlrpc.php HTTP/1.1" 200 3130 "-" "Mozilla/5.0 (Macintosh; Intel Mac OS X 12_5) AppleWebKit/537.36 (KHTML, like Gecko) Chrome/114.0.0.0 Safari/537.36 Edg/114.0.1264.71"
185.76.10.69 - - [16/Mar/2026:00:29:55 +0545] "POST /xmlrpc.php HTTP/1.1" 200 4686 "-" "Mozilla/5.0 (Windows NT 10.0; Win64; x64) AppleWebKit/537.36 (KHTML, like Gecko) Chrome/139.0.0.0 Safari/537.36"
91.217.249.41 - - [16/Mar/2026:00:31:57 +0545] "POST /xmlrpc.php HTTP/1.1" 200 2338 "-" "Mozilla/5.0 (X11; Linux x86_64) AppleWebKit/537.36 (KHTML, like Gecko) Chrome/81.0.4044.129 Safari/537.36"
2a01:4f9:5a:1745::2 - - [16/Mar/2026:00:36:33 +0545] "POST /wp-cron.php?doing_wp_cron=1773600693.5154569149017333984375 HTTP/1.1" 200 0 "-" "WordPress/6.9.4; https://www.betterchitwan.com"
2a01:4f9:5a:1745::2 - - [16/Mar/2026:00:36:36 +0545] "POST /wp-cron.php?doing_wp_cron=1773600696.7442948818206787109375 HTTP/1.1" 200 0 "-" "WordPress/6.9.4; https://www.betterchitwan.com"
114.119.136.5 - - [16/Mar/2026:00:38:54 +0545] "GET /events/category/wow-women/list/?tribe-bar-date=2024-07-05&eventDisplay=past&ical=1 HTTP/1.1" 404 796 "https://www.betterchitwan.com/events/category/wow-women/list/?tribe-bar-date=2024-07-05&eventDisplay=past" "Mozilla/5.0 (Linux; Android 7.0;) AppleWebKit/537.36 (KHTML, like Gecko) Mobile Safari/537.36 (compatible; PetalBot;+https://webmaster.petalsearch.com/site/petalbot)"
2a01:4f9:5a:1745::2 - - [16/Mar/2026:00:23:45 +0545] "POST /wp-cron.php?doing_wp_cron=1773599924.9015440940856933593750 HTTP/1.1" 200 0 "-" "WordPress/6.9.4; https://www.betterchitwan.com"
2a01:4f9:5a:1745::2 - - [16/Mar/2026:00:23:52 +0545] "POST /wp-cron.php?doing_wp_cron=1773599932.2413239479064941406250 HTTP/1.1" 200 0 "-" "WordPress/6.9.4; https://www.betterchitwan.com"
169.150.235.55 - - [16/Mar/2026:00:23:51 +0545] "POST /xmlrpc.php HTTP/1.1" 200 106 "-" "Mozilla/5.0 (Macintosh; Intel Mac OS X 12_5) AppleWebKit/537.36 (KHTML, like Gecko) Chrome/114.0.0.0 Safari/537.36 Edg/114.0.1264.71"
51.75.236.142 - - [16/Mar/2026:00:33:18 +0545] "GET /140-students-received-scholarship-from-better-chitwan-for-the-year-2023/feed/ HTTP/1.1" 404 796 "-" "Mozilla/5.0 (compatible; AhrefsBot/7.0; +http://ahrefs.com/robot/)"
2a01:4f9:5a:1745::2 - - [16/Mar/2026:00:36:34 +0545] "POST /wp-admin/admin-ajax.php?action=async_litespeed&nonce=661b1bd860&litespeed_type=imgoptm HTTP/1.1" 200 5 "-" "WordPress/6.9.4; https://www.betterchitwan.com"
152.233.20.162 - - [16/Mar/2026:00:36:34 +0545] "POST /xmlrpc.php HTTP/1.1" 200 106 "-" "Mozilla/5.0 (Windows NT 10.0; Win64; x64) AppleWebKit/537.36 (KHTML, like Gecko) Chrome/131.0.0.0 Safari/537.36"
113.44.114.14 - - [16/Mar/2026:00:38:44 +0545] "GET /ip HTTP/1.1" 404 796 "-" "Mozilla/5.0 (Macintosh; Intel Mac OS X 10_15_7) AppleWebKit/537.36 (KHTML, like Gecko) Chrome/114.0.0.0 Safari/537.36"
2a01:4f9:5a:1745::2 - - [16/Mar/2026:00:23:45 +0545] "POST /wp-admin/admin-ajax.php?action=async_litespeed&nonce=661b1bd860&litespeed_type=imgoptm HTTP/1.1" 200 5 "-" "WordPress/6.9.4; https://www.betterchitwan.com"
91.217.249.54 - - [16/Mar/2026:00:31:54 +0545] "POST /xmlrpc.php HTTP/1.1" 200 3130 "-" "Mozilla/5.0 (X11; Linux x86_64) AppleWebKit/537.36 (KHTML, like Gecko) Chrome/81.0.4044.129 Safari/537.36"
91.217.249.39 - - [16/Mar/2026:00:31:56 +0545] "POST /xmlrpc.php HTTP/1.1" 200 106 "-" "Mozilla/5.0 (X11; Linux x86_64) AppleWebKit/537.36 (KHTML, like Gecko) Chrome/81.0.4044.129 Safari/537.36"
114.119.152.60 - - [16/Mar/2026:00:35:13 +0545] "GET /events/category/wow-women/list/?tribe-bar-date=2024-07-25&ical=1 HTTP/1.1" 404 796 "https://www.betterchitwan.com/events/category/wow-women/list/?tribe-bar-date=2024-07-25" "Mozilla/5.0 (Linux; Android 7.0;) AppleWebKit/537.36 (KHTML, like Gecko) Mobile Safari/537.36 (compatible; PetalBot;+https://webmaster.petalsearch.com/site/petalbot)"
2a01:4f9:5a:1745::2 - - [16/Mar/2026:00:29:56 +0545] "POST /wp-cron.php?doing_wp_cron=1773600296.5196900367736816406250 HTTP/1.1" 200 0 "-" "WordPress/6.9.4; https://www.betterchitwan.com"
114.119.152.60 - - [16/Mar/2026:00:30:21 +0545] "GET /events/category/wow-women/list/?tribe-bar-date=2024-07-30&eventDisplay=past&ical=1 HTTP/1.1" 404 796 "https://www.betterchitwan.com/events/category/wow-women/list/?tribe-bar-date=2024-07-30&eventDisplay=past" "Mozilla/5.0 (Linux; Android 7.0;) AppleWebKit/537.36 (KHTML, like Gecko) Mobile Safari/537.36 (compatible; PetalBot;+https://webmaster.petalsearch.com/site/petalbot)"
51.75.236.153 - - [16/Mar/2026:00:38:38 +0545] "GET /star-contributors/ HTTP/1.1" 404 796 "-" "Mozilla/5.0 (compatible; AhrefsBot/7.0; +http://ahrefs.com/robot/)"
116.204.83.81 - - [16/Mar/2026:00:38:44 +0545] "GET /ip HTTP/1.1" 404 796 "-" "Mozilla/5.0 (Macintosh; Intel Mac OS X 10_15_7) AppleWebKit/537.36 (KHTML, like Gecko) Chrome/114.0.0.0 Safari/537.36"
81.70.215.146 - - [16/Mar/2026:00:38:46 +0545] "GET /ip HTTP/1.1" 404 796 "-" "Mozilla/5.0 (Macintosh; Intel Mac OS X 10_15_7) AppleWebKit/537.36 (KHTML, like Gecko) Chrome/114.0.0.0 Safari/537.36"
140.206.236.84 - - [16/Mar/2026:00:38:47 +0545] "GET /ip HTTP/1.1" 404 796 "-" "Mozilla/5.0 (Macintosh; Intel Mac OS X 10_15_7) AppleWebKit/537.36 (KHTML, like Gecko) Chrome/114.0.0.0 Safari/537.36"
114.119.146.77 - - [16/Mar/2026:00:23:29 +0545] "GET /events/category/wow-women/list/?tribe-bar-date=2024-08-06&eventDisplay=past HTTP/1.1" 404 796 "https://www.betterchitwan.com/events/category/wow-women/list/?tribe-bar-date=2024-08-06&eventDisplay=past" "Mozilla/5.0 (Linux; Android 7.0;) AppleWebKit/537.36 (KHTML, like Gecko) Mobile Safari/537.36 (compatible; PetalBot;+https://webmaster.petalsearch.com/site/petalbot)"
114.119.128.196 - - [16/Mar/2026:00:26:00 +0545] "GET /events/category/wow-women/list/?tribe-bar-date=2024-08-02&outlook-ical=1 HTTP/1.1" 404 796 "https://www.betterchitwan.com/events/category/wow-women/list/?tribe-bar-date=2024-08-02&eventDisplay=past" "Mozilla/5.0 (Linux; Android 7.0;) AppleWebKit/537.36 (KHTML, like Gecko) Mobile Safari/537.36 (compatible; PetalBot;+https://webmaster.petalsearch.com/site/petalbot)"
114.119.136.5 - - [16/Mar/2026:00:28:46 +0545] "GET /events/category/wow-women/list/?tribe-bar-date=2024-08-01&eventDisplay=past HTTP/1.1" 404 796 "https://www.betterchitwan.com/events/category/wow-women/list/?tribe-bar-date=2024-08-01" "Mozilla/5.0 (Linux; Android 7.0;) AppleWebKit/537.36 (KHTML, like Gecko) Mobile Safari/537.36 (compatible; PetalBot;+https://webmaster.petalsearch.com/site/petalbot)"
185.76.10.69 - - [16/Mar/2026:00:29:52 +0545] "POST /xmlrpc.php HTTP/1.1" 200 3130 "-" "Mozilla/5.0 (Windows NT 10.0; Win64; x64) AppleWebKit/537.36 (KHTML, like Gecko) Chrome/139.0.0.0 Safari/537.36"
